MONTHLY CLIMATOLOGICAL SUMMARY for MAR. 2016

NAME: Stenimachos   CITY: Naousa STATE: Imathia
ELEV: 140 LAT: 040:36:00 LONG: -022:07:00

                            TEMPERATURE ( C), RAIN (mm), WIND SPEED (kmh)

                                               HEAT     COOL           AVG
      MEAN                                     DEG      DEG            WIND                       DOM
DAY   TEMP    HIGH   TIME     LOW    TIME      DAYS     DAYS    RAIN   SPEED    HIGH    TIME      DIR
----------------------------------------------------------------------------------------------------------------------------------------------------------
01    14.8    19.4   15:19    10.9   23:02     03.5     00.0    02.5   03.9     40.7    20:32      W 
03    12.8    17.8   13:26    06.2   08:04     05.5     00.0    00.3   06.3     24.1    15:55     WSW
04    10.7    15.8   14:35    06.2   00:00     07.6     00.0    00.0   06.8     29.6    05:19      W 
05    10.0    17.5   15:21    03.8   07:19     08.3     00.0    00.0   07.2     16.6    06:34     WSW
06    11.0    16.1   13:09    07.3   07:42     07.3     00.0    00.0   05.4     14.8    06:39     WSW
07    11.5    15.1   16:39    07.7   00:31     06.8     00.0    09.0   03.9     14.8    02:55      W 
08    11.4    17.5   15:16    06.6   07:45     06.9     00.0    00.3   07.4     18.5    21:24      SW
09    10.7    13.3   12:38    09.3   00:00     07.6     00.0    13.1   03.9     16.6    01:02     WSW
10    10.1    14.1   13:29    07.0   00:00     08.2     00.0    04.7   02.3     14.8    15:13     SSE
11    09.9    16.6   15:48    04.5   06:31     08.4     00.0    00.0   05.5     14.8    23:51     WSW
12    09.2    10.8   12:51    07.0   00:14     09.1     00.0    26.6   02.8     16.6    01:58      W 
13    10.1    10.9   12:06    09.3   00:00     08.2     00.0    48.0   00.6     09.3    21:40     WNW
14    09.3    12.0   15:40    08.2   11:49     09.0     00.0    13.1   03.9     27.8    21:42      W 
15    06.0    08.5   00:11    05.4   00:00     12.3     00.0    11.8   01.0     16.6    10:49      N 
16    06.1    07.6   17:00    05.2   07:59     12.2     00.0    04.8   00.6     09.3    23:53      NW
17    07.8    10.2   14:11    05.4   00:00     10.5     00.0    00.0   02.1     12.9    00:00     WSW
18    07.3    10.8   13:36    02.7   06:45     11.0     00.0    00.0   04.4     14.8    02:37     WSW
19    11.6    19.3   15:01    04.9   07:02     06.7     00.0    00.0   07.2     27.8    15:17      W 
20    11.8    19.3   15:31    05.8   07:08     06.5     00.0    00.0   08.6     20.4    03:05      SW
21    11.6    19.2   16:25    05.4   05:35     06.7     00.0    00.0   07.2     18.5    03:00     WSW
22    13.2    19.2   15:12    07.6   06:50     05.1     00.0    00.0   07.1     20.4    22:26     WSW
23    12.9    15.7   15:17    10.3   05:37     05.4     00.0    04.6   03.9     18.5    00:00     WSW
24    12.6    17.1   15:30    08.8   23:28     05.7     00.0    00.5   04.4     20.4    14:49      S 
25    08.6    13.6   16:30    04.0   00:00     09.7     00.0    00.0   04.8     24.1    08:46      W 
26    07.9    14.5   15:48    00.9   06:56     10.4     00.0    00.0   07.2     20.4    16:02      SW
27    08.5    12.7   15:47    04.0   00:00     09.8     00.0    01.4   05.2     33.3    16:20     WSW
28    08.5    16.4   17:33    02.1   07:51     09.8     00.0    00.0   07.5     25.9    15:57     WSW
29    10.4    17.7   16:03    04.4   06:10     07.9     00.0    00.0   06.6     16.6    21:23     WSW
30    14.2    22.9   15:57    06.8   07:30     04.1     00.0    00.0   07.5     22.2    17:03      SW
31    14.8    23.2   16:38    08.1   07:28     03.5     00.0    00.0   06.7     16.6    15:28     WSW
----------------------------------------------------------------------------------------------------------------------------------------------------------
10.5 (10.8)   23.2  day 31     00.9  day 26   233.7    000.0   140.9   05.1     40.7   day 01     WSW
Min <=   30: 30
Max Rain: 48.0 ON 13-03-16
Days of Rain: 14 (> .2mm) 10 (> 2mm) 2 (> 20mm)