MONTHLY CLIMATOLOGICAL SUMMARY for MAR. 2017

NAME: Stenimachos   CITY: Naousa STATE: Imathia
ELEV: 140 LAT: 040:36:00 LONG: -022:07:00

                            TEMPERATURE ( C), RAIN (mm), WIND SPEED (kmh)

                                               HEAT     COOL           AVG
      MEAN                                     DEG      DEG            WIND                       DOM
DAY   TEMP    HIGH   TIME     LOW    TIME      DAYS     DAYS    RAIN   SPEED    HIGH    TIME      DIR
----------------------------------------------------------------------------------------------------------------------------------------------------------
01    11.1    13.5   15:41    09.8   19:32     07.2     00.0    00.8   04.7     62.9    23:12      NW
02    11.8    19.3   15:26    05.1   07:34     06.5     00.0    00.0   10.6     50.0    00:16     WNW
03    10.5    18.9   16:29    03.8   07:07     07.8     00.0    00.0   08.7     20.4    20:05     WSW
04    10.4    17.5   14:52    04.6   06:22     07.9     00.0    00.0   07.3     16.6    23:19      W 
05    09.9    16.5   15:31    04.7   07:45     08.4     00.0    00.0   06.1     16.6    04:36     WSW
06    11.2    16.7   16:22    08.3   23:27     07.1     00.0    00.5   05.1     20.4    11:47     WSW
07    10.6    13.7   17:23    07.1   03:17     07.7     00.0    14.1   04.7     18.5    23:46      W 
08    10.7    12.4   12:49    09.7   15:10     07.6     00.0    87.0   05.0     27.8    11:06     NNE
09    11.3    13.1   14:34    09.9   04:34     07.0     00.0    06.6   06.6     16.6    16:04     WSW
10    09.7    11.3   10:46    07.6   00:00     08.6     00.0    11.3   06.1     20.4    13:12     SSW
11    09.3    12.9   15:41    07.0   04:29     09.0     00.0    04.8   07.1     24.1    07:25      W 
12    09.6    14.9   13:28    03.9   07:20     08.7     00.0    00.3   05.7     16.6    12:30     SSW
13    08.6    13.4   12:53    04.4   06:24     09.7     00.0    00.0   06.8     24.1    16:52     WNW
14    10.7    16.1   14:52    05.1   02:15     07.6     00.0    00.0   07.9     31.4    11:47      NW
15    11.1    15.9   15:42    06.4   00:00     07.2     00.0    00.0   06.9     22.2    21:59      W 
16    11.1    15.9   14:40    06.2   00:15     07.2     00.0    00.0   09.3     33.3    10:31      NW
17    11.9    18.3   15:16    05.8   03:29     06.4     00.0    00.0   11.8     35.1    11:46      NW
18    10.1    16.9   15:31    04.0   07:01     08.2     00.0    00.0   06.6     18.5    00:49     WSW
19    13.8    21.9   15:58    07.5   02:58     04.5     00.0    00.0   05.8     18.5    21:01      SW
20    16.0    24.3   15:09    09.7   07:00     02.3     00.0    00.0   07.6     18.5    01:24     WSW
21    14.8    23.3   15:49    08.8   05:27     03.5     00.0    00.0   06.9     18.5    05:31     WSW
22    13.9    22.7   16:22    07.1   07:17     04.4     00.0    00.0   04.8     18.5    19:44      SW
23    14.4    22.1   16:28    08.7   07:04     03.9     00.0    00.0   07.0     16.6    20:12      W 
24    14.5    23.0   16:16    07.6   06:47     03.8     00.0    00.0   06.7     18.5    01:27     WSW
25    16.6    25.5   15:31    09.0   06:15     01.7     00.0    00.0   07.2     18.5    21:41     WSW
26    17.1    25.0   14:55    10.3   06:20     01.2     00.0    00.0   07.1     31.4    19:32      W 
27    09.6    12.8   00:02    05.6   00:00     08.7     00.0    00.0   05.5     24.1    02:11     SSE
28    09.7    17.8   17:01    03.4   07:34     08.6     00.0    00.0   08.1     20.4    23:24     WSW
29    13.2    21.4   16:34    05.2   07:30     05.1     00.0    00.0   08.3     18.5    22:40     WSW
30    17.1    24.5   17:12    08.5   07:41     01.2     00.0    00.0   07.5     25.9    22:17      W 
31    15.2    20.1   13:49    10.1   00:00     03.1     00.0    00.0   06.0     24.1    16:39     WSW
----------------------------------------------------------------------------------------------------------------------------------------------------------
12.1 (12.5)   25.5  day 25     03.4  day 28   191.8    000.0   126.2   06.9     62.9   day 01      W 
Min <=   30: 31
Max Rain: 87.0 ON 8-03-17
Days of Rain: 8 (> .2mm) 5 (> 2mm) 1 (> 20mm)