MONTHLY CLIMATOLOGICAL SUMMARY for MAR. 2018 NAME: Stenimachos CITY: Naousa STATE: Imathia ELEV: 140 LAT: 040:36:00 LONG: -022:07:00 TEMPERATURE ( °C), RAIN (mm), WIND SPEED (kmh) HEAT COOL AVG MEAN DEG DEG WIND DOM DAY TEMP HIGH TIME LOW TIME DAYS DAYS RAIN SPEED HIGH TIME DIR ---------------------------------------------------------------------------------------------------------------------------------------------------------- 01 -00.4 02.8 18:35 -04.3 06:36 18.7 00.0 00.0 01.2 11.1 03:36 WSW 02 04.6 08.5 14:39 00.0 03:20 13.7 00.0 01.1 02.2 11.1 21:28 WSW 03 11.6 19.5 14:29 03.3 07:05 06.7 00.0 00.3 06.5 40.7 15:47 W 04 15.0 22.0 14:04 09.8 07:25 03.3 00.0 01.4 05.8 40.7 04:11 WSW 05 09.5 13.7 01:32 08.4 23:04 08.8 00.0 11.3 00.5 18.5 01:21 NNW 06 09.7 11.8 13:57 08.4 07:01 08.6 00.0 04.6 00.8 12.9 23:34 WNW 07 14.4 21.2 15:38 08.1 05:35 03.9 00.0 00.3 06.1 42.5 15:41 WSW 08 13.8 19.1 14:26 08.7 00:00 04.5 00.0 00.3 06.0 33.3 16:02 W 09 10.4 17.1 15:37 05.5 06:23 07.9 00.0 00.0 07.2 18.5 22:40 WSW 10 10.6 18.5 15:21 03.9 07:10 07.7 00.0 00.0 06.7 18.5 01:46 WSW 11 11.9 20.0 15:45 05.3 07:06 06.4 00.0 00.0 05.8 16.6 19:09 WSW 12 11.3 15.5 15:16 07.1 06:48 07.0 00.0 01.4 03.0 14.8 00:06 W 13 14.5 20.5 14:49 08.3 06:25 03.8 00.0 00.3 08.7 46.3 16:32 W 14 14.3 19.7 15:40 08.8 00:00 04.0 00.0 00.0 06.3 27.8 17:51 WSW 15 12.4 19.3 14:41 05.9 06:59 05.9 00.0 00.0 08.8 20.4 14:23 SW 16 11.0 14.6 15:42 08.9 02:36 07.3 00.0 00.0 04.6 20.4 00:00 W 17 12.8 18.3 15:25 07.7 06:15 05.5 00.0 00.0 05.9 20.4 04:30 W 18 14.8 19.2 17:15 11.8 20:58 03.5 00.0 00.0 04.1 22.2 10:00 W 19 12.2 14.1 13:16 09.2 00:00 06.1 00.0 04.8 02.1 16.6 04:34 W 20 13.7 19.2 14:41 08.0 04:55 04.6 00.0 00.0 07.2 40.7 23:17 W 21 10.9 13.9 00:15 08.0 06:05 07.4 00.0 01.4 05.7 29.6 17:30 WSW 22 07.0 10.0 02:17 04.9 00:00 11.3 00.0 15.5 02.5 24.1 04:51 SSE 23 06.2 08.3 17:59 04.8 00:36 12.1 00.0 04.4 01.1 14.8 22:32 WNW 24 06.8 10.9 15:19 03.5 07:54 11.5 00.0 04.2 01.8 14.8 16:57 SSE 25 06.6 07.5 19:00 06.0 07:28 11.7 00.0 21.4 00.8 14.8 23:50 WNW 26 09.8 12.6 18:52 07.0 02:13 08.5 00.0 00.4 02.2 12.9 23:03 W 27 11.2 16.4 13:30 07.3 07:36 07.1 00.0 00.5 04.7 18.5 17:23 WSW 28 11.4 16.8 16:55 06.2 07:56 06.9 00.0 00.0 05.9 22.2 18:43 W 29 11.7 19.4 16:45 04.3 07:33 06.6 00.0 00.0 07.7 20.4 06:20 WSW 30 12.1 18.8 17:11 06.5 07:45 06.2 00.0 00.0 06.2 14.8 20:34 W 31 12.2 16.1 13:59 09.2 03:41 06.1 00.0 00.0 03.0 12.9 14:29 W ---------------------------------------------------------------------------------------------------------------------------------------------------------- 10.8 (11.1) 22.0 day 04 -04.3 day 01 233.3 000.0 073.4 04.6 46.3 day 13 W Min <= 30: 31 Max Rain: 21.4 ON 25-03-18 Days of Rain: 17 (> .2mm) 7 (> 2mm) 1 (> 20mm)