MONTHLY CLIMATOLOGICAL SUMMARY for MAR. 2022 NAME: Stenimachos CITY: Naousa STATE: Imathia ELEV: 140 LAT: 040:36:00 LONG: -022:07:00 TEMPERATURE ( °C), RAIN (mm), WIND SPEED (kmh) HEAT COOL AVG MEAN DEG DEG WIND DOM DAY TEMP HIGH TIME LOW TIME DAYS DAYS RAIN SPEED HIGH TIME DIR -------------------------------------------------------------------------------------------------------- 01 02.4 03.9 00:05 00.9 07:59 15.9 00.0 26.7 00.4 09.3 02:21 W 02 04.0 08.7 15:53 01.4 00:00 14.3 00.0 03.0 05.4 22.2 22:43 W 03 05.1 11.7 16:15 00.7 07:29 13.2 00.0 00.0 08.4 27.8 11:33 W 04 06.4 11.7 14:29 01.8 07:43 11.9 00.0 01.3 04.9 18.5 19:02 WSW 05 05.4 06.0 17:17 04.9 00:00 12.9 00.0 17.5 02.9 16.6 20:45 W 06 05.0 06.3 16:50 03.7 00:00 13.3 00.0 15.4 02.5 14.8 23:39 W 07 06.3 09.7 16:11 03.5 06:54 12.0 00.0 07.1 03.4 14.8 21:57 WSW 08 03.7 05.3 14:25 01.5 00:00 14.6 00.0 09.3 01.5 20.4 11:23 WSW 09 02.9 07.8 14:27 00.9 23:47 15.4 00.0 08.1 03.3 22.2 10:42 W 10 02.7 08.9 14:33 -02.0 07:20 15.6 00.0 00.0 08.4 31.4 15:32 WNW 11 01.4 06.5 14:10 -03.3 07:16 16.9 00.0 00.0 05.7 22.2 15:38 W 12 01.4 07.1 15:37 -03.4 04:46 16.9 00.0 00.0 08.4 20.4 08:54 W 13 02.7 08.9 15:15 -03.6 07:01 15.6 00.0 00.0 06.8 20.4 14:21 WSW 14 05.0 12.3 15:36 -01.0 07:12 13.3 00.0 00.0 07.8 18.5 22:26 WSW 15 06.0 14.3 16:13 -00.8 07:00 12.3 00.0 00.0 08.3 20.4 20:52 WSW 16 07.3 13.4 15:34 02.7 00:27 11.0 00.0 00.0 05.9 20.4 20:12 WSW 17 09.2 15.1 12:40 05.3 04:26 09.1 00.0 12.3 04.8 22.2 13:39 SW 18 03.9 06.5 01:01 01.7 20:50 14.4 00.0 10.1 02.2 20.4 07:23 WNW 19 03.9 08.5 16:04 00.3 07:03 14.4 00.0 00.0 04.0 14.8 18:53 WSW 20 03.7 09.0 16:48 -01.1 06:56 14.6 00.0 00.0 05.9 18.5 23:40 W 21 04.6 11.3 15:54 -00.9 06:23 13.7 00.0 00.0 07.7 20.4 13:55 WSW 22 10.1 17.4 16:42 01.4 02:10 08.2 00.0 00.0 09.2 33.3 17:38 NW 23 10.2 17.3 16:32 03.1 06:52 08.1 00.0 00.0 06.2 20.4 06:46 WSW 24 13.5 22.0 15:53 04.4 04:36 04.8 00.0 00.0 08.1 27.8 23:40 W 25 17.3 23.7 15:09 10.2 05:01 01.0 00.0 00.0 09.5 37.0 23:31 NW 26 13.1 19.6 15:32 06.3 00:00 05.2 00.0 00.0 07.4 25.9 00:23 WSW 27 12.4 21.8 17:39 04.3 06:53 05.9 00.0 00.0 06.6 20.4 22:17 WSW 28 11.4 16.4 14:20 07.2 06:47 06.9 00.0 00.0 05.3 16.6 22:51 WSW 29 11.7 17.0 15:36 06.2 05:54 06.6 00.0 00.0 04.2 16.6 03:57 WSW 30 14.2 19.6 18:06 06.5 18:04 04.1 00.0 00.0 01.7 11.1 22:49 NNW 31 13.1 15.0 15:17 10.2 04:38 05.2 00.0 00.8 02.6 14.8 22:14 WNW -------------------------------------------------------------------------------------------------------- 07.1 (7.4) 23.7 day 25 -03.6 day 13 347.4 000.0 111.6 05.5 37.0 day 22 W Min <= 30: 31 Max Rain: 26.7 ON 1-03-22 Days of Rain: 11 (> .2mm) 9 (> 2mm) 1 (> 20mm)