MONTHLY CLIMATOLOGICAL SUMMARY for APR. 2010

NAME: Stenimachos   CITY: Naoussa STATE: Imathia
ELEV: 140 LAT: 040:36:14 LONG: 0022:07:25

                            TEMPERATURE ( C), RAIN (mm), WIND SPEED (kmh)

                                                 HEAT     COOL           AVG
      MEAN                                       DEG      DEG            WIND                        DOM
DAY   TEMP    HIGH   TIME      LOW     TIME      DAYS     DAYS   RAIN    SPEED    HIGH    TIME       DIR
----------------------------------------------------------------------------------------------------------------------------------------------------------
01    16.7    22.8   16:09    11.6   00:00     01.6     00.0    00.0   08.3     27.8    16:31     WSW
02    14.1    20.6   17:45    10.3   05:00     04.2     00.0    00.0   07.6     22.2    00:40     WSW
03    14.5    21.5   17:07    07.7   07:27     03.8     00.0    00.0   07.4     18.5    21:57     WSW
04    14.2    20.3   15:32    09.0   07:18     04.1     00.0    00.0   07.0     27.8    16:41     WNW
05    13.2    18.0   16:10    09.2   06:26     05.1     00.0    00.3   07.1     20.4    23:52     WNW
06    13.4    17.1   15:14    10.3   07:29     04.9     00.0    00.0   11.1     38.9    19:01     NNW
07    12.5    18.3   15:53    07.2   07:06     05.8     00.0    00.0   10.8     37.0    10:38     WNW
08    13.0    19.7   16:04    06.8   07:25     05.3     00.0    00.0   08.4     20.4    23:00     WSW
09    14.2    20.1   15:41    09.7   07:34     04.1     00.0    00.0   07.4     20.4    16:31     WSW
10    13.6    19.6   16:40    08.2   06:46     04.7     00.0    00.0   07.9     24.1    19:14     WSW
11    13.8    18.2   16:48    08.5   07:10     04.5     00.0    00.0   07.7     27.8    17:25     WSW
12    11.7    13.4   15:01    09.3   07:27     06.6     00.0    08.6   06.2     20.4    13:54     WNW
13    11.2    12.4   13:35    10.0   06:45     07.1     00.0    04.7   03.4     11.1    04:34      NW
14    10.8    12.8   16:37    09.3   08:03     07.5     00.0    05.7   01.4     09.3    17:37     NNE
15    12.2    14.4   16:56    10.9   05:45     06.1     00.0    01.4   02.6     14.8    21:27     WNW
16    14.8    19.5   17:21    10.2   05:07     03.5     00.0    00.0   06.0     18.5    22:57     WSW
17    16.2    19.3   17:29    13.6   08:03     02.1     00.0    00.0   04.1     16.6    00:44      W 
18    14.1    15.5   00:26    13.0   06:50     04.2     00.0    01.1   04.2     12.9    23:23      W 
19    12.2    13.3   00:03    11.1   00:00     06.1     00.0    18.3   03.4     14.8    18:26     WNW
20    14.0    20.4   15:55    09.0   07:19     04.3     00.0    00.0   07.0     31.4    18:17     WNW
21    17.7    22.2   16:57    14.7   00:00     00.6     00.0    00.0   11.6     38.9    12:20      N 
22    15.1    23.5   15:45    10.5   07:11     03.2     00.0    00.0   11.0     20.4    03:37     WSW
23    15.7    20.2   15:14    11.3   05:34     02.6     00.0    00.0   06.5     18.5    06:17      W 
24    16.1    20.1   17:29    13.5   07:53     02.2     00.0    01.0   06.7     18.5    21:48      W 
25    17.7    24.2   16:48    12.5   07:22     00.6     00.0    01.9   07.5     22.2    23:37     WSW
26    17.4    21.5   18:15    12.7   07:06     00.9     00.0    00.0   07.5     27.8    15:34      SW
27    16.2    23.0   17:28    10.8   06:45     02.1     00.0    00.0   08.5     22.2    15:01     WSW
28    13.9    22.0   17:26    08.4   07:06     04.4     00.0    00.0   08.3     16.6    06:49      W 
29    16.6    23.7   18:55    10.0   07:13     01.7     00.0    00.0   06.9     20.4    13:10      W 
30    17.1    23.7   15:55    10.3   06:59     01.2     00.0    00.0   07.5     20.4    21:22      W 
----------------------------------------------------------------------------------------------------------------------------------------------------------
14.5 (14.8)   24.2  day 25     06.8  day 08   115.0    000.0   043.0   07.0     38.9   day 21      W 
Min <=   30: 30
Max Rain: 18.3 ON 19-04-10
Days of Rain: 9 (> .2mm) 4 (> 2mm) 0 (> 20mm)