MONTHLY CLIMATOLOGICAL SUMMARY for APR. 2011

NAME: Stenimachos   CITY: Naoussa STATE: Imathia
ELEV: 140 LAT: 040:36:14 LONG: 0022:07:25

                            TEMPERATURE ( C), RAIN (mm), WIND SPEED (kmh)

                                               HEAT     COOL           AVG
      MEAN                                     DEG      DEG            WIND                       DOM
DAY   TEMP    HIGH   TIME     LOW    TIME      DAYS     DAYS    RAIN   SPEED    HIGH    TIME      DIR
----------------------------------------------------------------------------------------------------------------------------------------------------------
01    13.5    16.4   18:07    11.5   07:03     04.8     00.0    05.7   04.7     14.8    23:36      SW
02    14.3    21.4   18:21    08.2   07:20     04.0     00.0    00.0   06.9     20.4    19:45     WSW
03    14.3    20.2   16:49    08.5   02:48     04.0     00.0    00.0   08.4     24.1    14:04      NW
04    13.1    20.9   18:06    06.8   07:46     05.2     00.0    00.0   07.6     16.6    23:42      W 
05    13.1    17.1   18:36    09.2   07:02     05.2     00.0    00.0   05.2     14.8    23:19      W 
06    13.1    15.7   18:02    10.7   05:30     05.2     00.0    00.0   06.9     20.4    18:24     WNW
07    15.7    20.6   16:36    10.3   08:05     02.6     00.0    00.0   07.5     20.4    22:33      SW
08    17.7    25.7   16:29    11.0   07:37     00.6     00.0    00.0   05.6     18.5    23:40      W 
09    19.4    27.0   14:55    13.6   07:27     00.0     01.1    00.0   08.6     27.8    00:00      SW
10    16.3    20.9   15:15    10.7   07:41     02.0     00.0    00.0   08.3     27.8    00:01     WNW
11    13.5    16.2   17:39    09.8   04:49     04.8     00.0    00.0   12.7     38.9    12:09      NW
12    12.6    20.3   16:33    06.2   06:51     05.7     00.0    00.0   08.0     18.5    21:33     WSW
13    14.4    20.2   19:49    07.2   07:17     03.9     00.0    00.0   07.5     24.1    20:28      SW
14    11.1    17.7   00:12    07.0   06:52     07.2     00.0    00.5   09.6     31.4    11:28      NW
15    11.0    17.4   16:04    05.3   05:07     07.3     00.0    00.0   08.7     22.2    19:05      SW
16    10.2    13.7   12:51    07.5   00:00     08.1     00.0    02.8   05.6     18.5    14:32     WSW
17    10.5    15.1   16:31    07.4   00:04     07.8     00.0    05.2   06.1     16.6    00:10      SW
18    08.6    11.5   18:44    06.8   11:48     09.7     00.0    06.1   05.8     12.9    22:41     WSW
19    12.6    17.3   13:36    07.2   05:52     05.7     00.0    00.0   07.8     22.2    10:48     WNW
20    14.2    21.1   16:09    07.0   05:46     04.1     00.0    00.0   07.3     18.5    00:00      SW
21    14.7    19.9   17:40    08.6   07:11     03.6     00.0    00.0   06.9     22.2    00:29      NW
22    12.6    19.3   17:23    06.4   07:00     05.7     00.0    00.0   06.8     14.8    22:50      W 
23    12.0    17.6   16:13    06.9   07:23     06.3     00.0    00.0   06.5     18.5    17:06      W 
24    12.9    19.4   17:23    07.4   06:51     05.4     00.0    00.0   05.1     12.9    00:00      W 
25    13.6    18.9   15:06    07.6   06:55     04.7     00.0    00.0   06.5     14.8    04:06     WNW
26    13.0    15.5   16:41    10.8   08:00     05.3     00.0    00.0   05.4     16.6    21:57     WNW
27    10.7    11.9   17:32    09.3   09:07     07.6     00.0    11.7   03.5     22.2    03:33      W 
28    13.0    16.6   18:08    10.6   07:01     05.3     00.0    01.8   03.3     14.8    00:00      SW
29    14.2    18.3   14:09    10.7   06:48     04.1     00.0    01.7   06.8     16.6    21:50     WSW
30    15.0    21.1   15:17    09.1   06:43     03.3     00.0    03.3   07.1     16.6    06:09     WSW
----------------------------------------------------------------------------------------------------------------------------------------------------------
13.4 (13.6)   27.0  day 09     05.3  day 15   149.5    001.1   038.8   06.9     38.9   day 11      W 
Min <=   30: 30
Max Rain: 11.7 ON 27-04-11
Days of Rain: 58 (> .2mm) 55 (> 2mm) 0 (> 20mm)