MONTHLY CLIMATOLOGICAL SUMMARY for APR. 2012

NAME: Stenimachos   CITY: Naousa STATE: Imathia
ELEV: 140 LAT: 040:36:00 LONG: -022:07:00

                            TEMPERATURE ( C), RAIN (mm), WIND SPEED (kmh)

                                               HEAT     COOL           AVG
      MEAN                                     DEG      DEG            WIND                       DOM
DAY   TEMP    HIGH   TIME     LOW    TIME      DAYS     DAYS    RAIN   SPEED    HIGH    TIME      DIR
----------------------------------------------------------------------------------------------------------------------------------------------------------
01    12.5    20.4   15:15    06.9   00:00     05.8     00.0    00.0   06.1     22.2    15:25     SSW
02    07.8    15.0   17:20    03.2   07:57     10.5     00.0    00.0   08.2     16.7    13:44      SW
03    10.6    17.3   16:27    04.8   05:48     07.7     00.0    00.0   07.1     14.8    15:31     WSW
04    10.7    12.8   19:46    08.4   07:30     07.6     00.0    12.3   04.8     14.8    22:32      W 
05    12.3    14.3   14:30    10.4   08:08     06.0     00.0    12.3   02.9     09.3    16:14     ENE
06    14.2    18.6   17:45    11.9   07:59     04.1     00.0    00.3   03.8     16.7    20:32      NW
07    15.9    21.9   16:04    10.4   06:53     02.4     00.0    00.3   07.1     24.1    18:12     WSW
08    16.0    21.6   14:36    11.8   00:00     02.3     00.0    00.0   11.1     44.4    12:22      W 
09    09.0    11.8   00:21    07.0   00:00     09.3     00.0    01.0   05.9     13.0    14:36      W 
10    08.9    13.9   16:55    05.4   07:31     09.4     00.0    04.1   06.2     16.7    20:05     WSW
11    09.7    15.0   16:20    04.2   07:08     08.6     00.0    00.0   07.0     13.0    08:22      W 
12    12.2    18.5   17:34    06.4   07:18     06.1     00.0    00.0   06.7     14.8    05:53      W 
13    11.9    14.6   14:05    08.8   06:53     06.4     00.0    02.8   04.2     07.4    22:16      W 
14    13.8    16.8   14:19    12.0   00:00     04.5     00.0    00.3   03.4     16.7    14:19     WNW
15    16.3    21.9   18:16    10.6   07:21     02.0     00.0    00.0   10.7     31.5    00:00     WNW
16    15.3    19.4   14:31    11.0   07:09     03.0     00.0    01.6   09.1     31.5    05:42      W 
17    13.0    15.7   13:32    10.4   07:23     05.3     00.0    30.4   04.7     14.8    04:02      W 
18    13.2    16.6   13:35    10.4   06:43     05.1     00.0    38.7   07.2     22.2    19:21     WNW
19    16.2    21.0   14:24    09.9   05:51     02.1     00.0    00.0   08.0     31.5    18:36      SW
20    13.7    18.0   17:54    10.7   11:19     04.6     00.0    02.5   07.6     24.1    11:12      W 
21    15.8    21.1   15:42    10.7   07:23     02.5     00.0    00.0   09.7     40.7    16:45     WNW
22    15.4    21.8   14:43    09.1   06:23     02.9     00.0    00.0   09.5     18.5    21:20      SW
23    16.8    23.8   15:59    09.6   05:59     01.5     00.0    00.0   07.6     18.5    15:06      W 
24    18.1    24.4   15:28    13.0   04:16     00.2     00.0    00.0   07.1     22.2    08:28      NW
25    18.1    24.8   18:23    11.9   07:07     00.2     00.0    00.0   07.4     22.2    19:47      W 
26    17.7    25.1   18:02    10.9   05:10     00.6     00.0    00.0   09.4     20.4    23:17      SW
27    18.9    27.2   18:35    10.8   06:45     00.0     00.6    00.0   08.3     20.4    11:24      SW
28    16.7    20.4   22:45    13.7   05:57     01.6     00.0    03.6   10.0     27.8    13:22      W 
29    21.3    27.8   17:57    14.9   03:32     00.0     03.0    00.0   09.1     22.2    06:03     WSW
30    21.4    28.7   17:06    15.0   06:45     00.0     03.1    00.0   08.8     20.4    21:22     WSW
----------------------------------------------------------------------------------------------------------------------------------------------------------
14.4 (14.7)   28.7  day 30     03.2  day 02   122.2    006.6   110.2   07.3     44.4   day 08      W 
Min <=   30: 30
Max Rain: 38.7 ON 18-04-12
Days of Rain: 13 (> .2mm) 8 (> 2mm) 2 (> 20mm)