MONTHLY CLIMATOLOGICAL SUMMARY for APR. 2013

NAME: Stenimachos   CITY: Naousa STATE: Imathia
ELEV: 140 LAT: 040:36:00 LONG: -022:07:00

                            TEMPERATURE ( C), RAIN (mm), WIND SPEED (kmh)

                                               HEAT     COOL           AVG
      MEAN                                     DEG      DEG            WIND                       DOM
DAY   TEMP    HIGH   TIME     LOW    TIME      DAYS     DAYS    RAIN   SPEED    HIGH    TIME      DIR
----------------------------------------------------------------------------------------------------------------------------------------------------------
01    14.1    19.4   17:57    08.3   08:23     04.2     00.0    00.0   07.1     24.1    22:21      SW
02    12.4    14.2   02:11    10.6   07:26     05.9     00.0    02.4   05.3     18.5    00:24     WSW
03    13.8    17.9   15:35    10.6   00:00     04.5     00.0    08.7   04.9     18.5    13:15     SSW
04    14.5    21.1   16:42    08.8   05:35     03.8     00.0    00.0   08.2     27.8    17:52      W 
05    13.2    17.0   16:46    09.6   07:37     05.1     00.0    00.0   08.2     20.4    22:11      W 
06    15.4    21.4   17:02    10.0   07:31     02.9     00.0    00.0   07.3     20.4    00:25     WSW
07    13.3    14.5   04:57    11.8   00:00     05.0     00.0    38.4   05.7     20.4    16:11     WSW
08    10.9    12.4   13:34    09.4   23:26     07.4     00.0    01.3   05.9     18.5    17:17      S 
09    10.7    14.2   18:48    06.5   07:03     07.6     00.0    00.0   05.4     14.8    07:10      W 
10    11.8    16.8   18:21    07.9   06:28     06.5     00.0    00.0   06.1     18.5    23:19      W 
11    14.7    21.0   17:24    08.0   07:31     03.6     00.0    00.0   08.4     20.4    16:12      SW
12    15.1    20.7   16:37    09.5   07:34     03.2     00.0    00.0   06.3     14.8    07:37      W 
13    16.1    23.0   15:48    09.5   07:02     02.2     00.0    00.0   06.9     22.2    23:47     WSW
14    17.5    22.2   17:05    12.9   07:43     00.8     00.0    00.0   09.8     24.1    13:15      NW
15    15.0    19.0   17:11    10.3   23:09     03.3     00.0    00.8   11.3     42.5    12:18      NW
16    14.2    19.8   16:08    07.3   06:07     04.1     00.0    00.0   09.7     27.8    12:10      NW
17    15.4    21.8   17:08    08.9   06:59     02.9     00.0    00.0   07.2     18.5    23:23     WSW
18    14.6    20.3   14:16    09.1   07:12     03.7     00.0    00.0   07.6     20.4    21:13     WSW
19    14.1    19.6   15:56    07.9   06:38     04.2     00.0    00.0   07.4     20.4    04:46     WSW
20    14.5    20.6   17:12    07.7   07:31     03.8     00.0    00.0   07.8     22.2    14:01      SW
21    16.6    24.5   16:50    10.0   04:00     01.7     00.0    00.0   07.6     20.4    21:51     WSW
22    16.5    22.0   15:25    11.1   07:10     01.8     00.0    00.0   06.3     18.5    15:36     WNW
23    15.9    21.1   17:21    12.0   07:05     02.4     00.0    04.7   07.3     20.4    23:48      W 
24    18.0    26.0   18:30    11.3   03:00     00.3     00.0    00.0   07.7     20.4    05:56      SW
25    19.9    28.2   17:00    12.9   06:20     00.0     01.6    00.0   07.6     20.4    06:38      SW
26    20.8    29.1   17:18    13.4   06:53     00.0     02.5    00.0   07.3     18.5    15:35     WSW
27    19.9    27.2   16:24    14.3   06:57     00.0     01.6    00.0   07.5     16.6    04:50     WSW
28    20.9    28.6   18:12    15.3   06:10     00.0     02.6    00.0   07.1     18.5    21:31     WSW
29    21.2    30.6   16:54    13.5   06:09     00.0     02.9    00.0   08.6     18.5    04:39      SW
30    22.5    30.3   16:44    15.2   06:48     00.0     04.2    00.0   09.0     18.5    23:18     WSW
----------------------------------------------------------------------------------------------------------------------------------------------------------
15.8 (16.0)   30.6  day 29     06.5  day 09   090.8    015.5   056.3   07.4     42.6   day 15     WSW
Max >=  30: 2
Min <=   30: 30
Max Rain: 38.4 ON 7-04-13
Days of Rain: 6 (> .2mm) 4 (> 2mm) 1 (> 20mm)