MONTHLY CLIMATOLOGICAL SUMMARY for APR. 2014

NAME: Stenimachos   CITY: Naousa STATE: Imathia
ELEV: 140 LAT: 040:36:00 LONG: -022:07:00

                            TEMPERATURE ( C), RAIN (mm), WIND SPEED (kmh)

                                               HEAT     COOL           AVG
      MEAN                                     DEG      DEG            WIND                       DOM
DAY   TEMP    HIGH   TIME     LOW    TIME      DAYS     DAYS    RAIN   SPEED    HIGH    TIME      DIR
----------------------------------------------------------------------------------------------------------------------------------------------------------
01    17.2    22.9   17:41    09.4   00:27     01.1     00.0    00.0   06.9     18.5    23:28      SW
02    16.2    22.3   17:00    10.7   07:30     02.1     00.0    00.0   06.5     22.2    21:39     WSW
03    14.1    17.0   17:48    10.4   08:13     04.2     00.0    00.0   05.1     14.8    06:48      W 
04    12.7    15.6   17:44    10.1   05:51     05.6     00.0    00.0   04.2     12.9    04:04      W 
05    14.8    19.4   16:47    11.8   07:10     03.5     00.0    03.0   04.2     16.6    23:55     WSW
06    13.3    16.7   15:29    10.8   04:33     05.0     00.0    13.5   06.0     18.5    11:40      W 
07    15.2    19.8   16:05    13.0   00:00     03.1     00.0    11.4   06.6     27.8    21:02     WSW
08    15.2    20.5   18:26    10.7   07:58     03.1     00.0    00.0   06.8     16.6    16:22     WSW
09    14.7    19.9   17:02    10.5   07:05     03.6     00.0    00.0   05.7     14.8    13:08     WSW
10    12.8    15.2   17:07    08.8   00:00     05.5     00.0    00.3   08.7     33.3    09:48     NNW
11    09.7    13.8   13:15    05.8   05:31     08.6     00.0    02.7   08.7     29.6    16:51      W 
12    11.7    17.7   16:57    04.8   06:42     06.6     00.0    00.0   08.4     20.4    06:44     WSW
13    13.5    18.9   14:38    07.0   06:47     04.8     00.0    00.0   06.8     16.6    14:14     WSW
14    14.5    19.0   17:50    09.6   05:44     03.8     00.0    00.0   05.7     12.9    12:16     WSW
15    15.3    21.2   15:49    09.2   04:48     03.0     00.0    00.0   07.0     18.5    16:17      W 
16    09.4    14.2   00:06    06.5   00:00     08.9     00.0    09.6   04.0     16.6    18:23      S 
17    10.3    16.3   17:19    05.0   07:38     08.0     00.0    00.0   05.7     18.5    18:51     SSW
18    10.5    13.6   17:25    07.6   07:45     07.8     00.0    03.3   05.2     16.6    16:31     SSW
19    11.4    14.5   17:46    09.1   08:48     06.9     00.0    00.9   03.0     12.9    00:14     NNE
20    13.6    17.8   18:34    10.3   02:16     04.7     00.0    00.0   05.8     16.6    23:04     WSW
21    14.5    17.9   17:01    10.1   07:14     03.8     00.0    00.0   05.9     16.6    07:02     WSW
22    17.0    21.6   16:46    11.6   07:27     01.3     00.0    00.0   05.4     16.6    21:36      SW
23    17.2    20.4   16:47    14.3   00:00     01.1     00.0    00.3   04.2     16.6    23:57     WSW
24    17.4    21.6   17:42    14.0   00:48     00.9     00.0    02.2   07.0     18.5    22:31     WSW
25    16.9    21.6   13:36    14.2   22:51     01.4     00.0    50.0   04.7     27.8    20:26      SW
26    14.6    15.6   11:52    13.4   00:00     03.7     00.0    32.7   03.3     16.6    15:51     SSW
27    14.0    17.0   14:44    11.7   23:34     04.3     00.0    00.0   04.7     16.6    17:27      W 
28    13.5    15.9   13:51    11.0   23:52     04.8     00.0    04.2   05.2     16.6    23:57      W 
29    13.7    17.5   15:50    10.1   06:44     04.6     00.0    01.1   06.2     27.8    21:22      W 
30    14.6    20.0   18:48    10.3   07:14     03.7     00.0    00.3   05.5     20.4    02:18      SW
----------------------------------------------------------------------------------------------------------------------------------------------------------
14.0 (14.1)   22.9  day 01     04.8  day 12   129.5    000.0   135.3   05.8     33.3   day 11     WSW
Min <=   30: 30
Max Rain: 50.0 ON 25-04-14
Days of Rain: 15 (> .2mm) 10 (> 2mm) 2 (> 20mm)