MONTHLY CLIMATOLOGICAL SUMMARY for APR. 2015

NAME: Stenimachos   CITY: Naousa STATE: Imathia
ELEV: 140 LAT: 040:36:00 LONG: -022:07:00

                            TEMPERATURE ( C), RAIN (mm), WIND SPEED (kmh)

                                               HEAT     COOL           AVG
      MEAN                                     DEG      DEG            WIND                       DOM
DAY   TEMP    HIGH   TIME     LOW    TIME      DAYS     DAYS    RAIN   SPEED    HIGH    TIME      DIR
----------------------------------------------------------------------------------------------------------------------------------------------------------
01    13.7    19.9   16:43    08.2   05:22     04.6     00.0    00.0   07.7     18.5    15:43     SSW
02    10.7    15.3   18:03    05.1   07:33     07.6     00.0    00.0   08.1     24.1    11:26      W 
03    07.9    11.7   11:40    04.3   06:26     10.4     00.0    00.0   10.7     33.3    10:45     WNW
04    08.0    13.3   16:32    02.2   07:35     10.3     00.0    00.0   08.3     22.2    04:33      SW
05    07.6    08.7   15:36    06.0   06:15     10.7     00.0    05.7   04.9     14.8    00:26      W 
06    09.4    12.7   15:02    07.8   00:00     08.9     00.0    26.4   04.5     18.5    17:24      S 
07    08.0    10.1   18:11    05.7   22:53     10.3     00.0    03.0   06.4     22.2    19:11      S 
08    08.6    11.4   16:37    05.8   04:17     09.7     00.0    01.3   10.5     31.4    11:36     NNW
09    11.6    15.6   15:58    07.6   04:44     06.7     00.0    00.0   13.4     38.9    16:47     NNW
10    12.8    18.0   18:22    07.4   07:38     05.5     00.0    00.0   08.9     24.1    00:37     WSW
11    12.3    20.4   16:56    05.0   07:26     06.0     00.0    00.0   08.9     20.4    05:20      SW
12    15.2    23.5   16:20    07.3   06:17     03.1     00.0    00.0   08.1     18.5    06:50      SW
13    17.6    23.3   15:23    11.0   06:39     00.7     00.0    00.0   07.9     27.8    19:47     WSW
14    16.6    22.6   12:58    10.7   07:16     01.7     00.0    00.0   09.9     27.8    15:18     WNW
15    15.3    20.2   16:05    10.3   07:33     03.0     00.0    00.0   07.6     20.4    21:39      W 
16    14.4    22.2   16:54    07.0   07:00     03.9     00.0    00.0   06.9     16.6    06:23     WSW
17    16.5    24.6   17:10    09.1   06:45     01.8     00.0    00.0   07.2     16.6    16:30      SW
18    19.8    26.1   17:36    14.8   07:52     00.0     01.5    00.0   06.3     24.1    21:51      W 
19    13.7    18.8   00:01    09.3   07:36     04.6     00.0    00.0   06.0     16.6    18:56      S 
20    12.4    17.8   18:43    09.4   06:39     05.9     00.0    00.0   05.4     22.2    15:30      S 
21    14.5    19.0   18:13    09.6   23:50     03.8     00.0    00.0   11.5     37.0    11:54      NW
22    16.1    21.7   16:02    09.6   01:13     02.2     00.0    00.0   08.5     27.8    18:12      NW
23    13.0    17.9   15:34    08.0   07:14     05.3     00.0    00.0   07.0     27.8    01:21      NW
24    13.2    18.8   16:39    08.9   07:07     05.1     00.0    00.0   05.3     12.9    22:46      W 
25    15.1    21.7   16:24    09.8   06:57     03.2     00.0    00.0   05.5     16.6    18:53     WSW
26    14.8    20.9   17:22    10.1   06:29     03.5     00.0    00.0   05.8     12.9    13:40     WSW
27    15.4    21.1   16:24    09.6   07:03     02.9     00.0    00.0   05.4     14.8    06:03     WSW
28    17.5    22.3   19:08    12.2   07:03     00.8     00.0    00.0   05.8     27.8    20:45     WNW
29    18.0    22.1   18:36    13.6   07:30     00.3     00.0    00.0   07.0     37.0    00:48      W 
30    16.3    22.0   16:43    10.2   06:59     02.0     00.0    00.0   07.2     22.2    16:17      SW
----------------------------------------------------------------------------------------------------------------------------------------------------------
13.5 (13.7)   26.1  day 18     02.2  day 04   144.6    001.5   036.5   07.5     38.9   day 09      W 
Min <=   30: 30
Max Rain: 26.4 ON 6-04-15
Days of Rain: 4 (> .2mm) 3 (> 2mm) 1 (> 20mm)