MONTHLY CLIMATOLOGICAL SUMMARY for APR. 2016

NAME: Stenimachos   CITY: Naousa STATE: Imathia
ELEV: 140 LAT: 040:36:00 LONG: -022:07:00

                            TEMPERATURE ( C), RAIN (mm), WIND SPEED (kmh)

                                               HEAT     COOL           AVG
      MEAN                                     DEG      DEG            WIND                       DOM
DAY   TEMP    HIGH   TIME     LOW    TIME      DAYS     DAYS    RAIN   SPEED    HIGH    TIME      DIR
----------------------------------------------------------------------------------------------------------------------------------------------------------
01    15.0    23.0   16:19    09.4   04:58     03.3     00.0    00.0   02.9     12.9    06:44     WSW
02    14.5    20.5   16:24    09.9   07:02     03.8     00.0    00.0   01.4     11.1    16:17      W 
03    14.8    18.6   17:54    13.1   23:14     03.5     00.0    00.0   01.7     12.9    23:06     WNW
04    16.0    23.5   17:01    09.8   06:06     02.3     00.0    00.0   02.9     12.9    20:24      SW
05    17.0    25.8   15:39    10.4   05:55     01.3     00.0    00.0   04.3     12.9    14:08     WSW
06    18.6    28.0   16:08    11.7   07:38     00.0     00.3    00.0   04.6     14.8    06:13     WSW
07    18.7    26.9   16:07    12.5   07:43     00.0     00.4    00.0   04.0     14.8    16:43     WSW
08    16.7    23.1   14:37    12.3   07:53     01.6     00.0    05.7   03.2     22.2    18:31     WSW
09    15.5    19.5   17:42    12.2   00:00     02.8     00.0    00.0   04.0     29.6    19:06     WSW
10    14.9    20.5   12:55    10.2   07:37     03.4     00.0    01.0   05.6     29.6    14:57     WSW
11    16.1    22.4   16:19    10.5   04:39     02.2     00.0    00.3   06.6     20.4    23:24     WSW
12    17.8    26.4   16:09    10.7   07:29     00.5     00.0    00.0   07.5     20.4    13:52     WSW
13    17.6    25.8   17:15    10.2   07:17     00.7     00.0    00.0   04.8     16.6    07:00     WSW
14    19.5    26.3   16:23    14.0   08:16     00.0     01.2    00.0   02.5     38.9    21:48      W 
15    19.5    26.1   16:44    14.2   04:15     00.0     01.2    00.0   06.8     24.1    05:30     WSW
16    17.9    26.5   16:46    09.8   07:06     00.4     00.0    00.0   06.8     18.5    06:48     WSW
17    17.7    28.3   15:28    11.2   05:39     00.6     00.0    00.0   05.7     16.6    05:56     WSW
18    20.2    29.4   17:11    13.1   05:40     00.0     01.9    00.0   02.1     14.8    21:16     WSW
19    20.5    28.0   16:06    14.7   07:37     00.0     02.2    00.0   03.2     14.8    23:46     WSW
20    17.7    23.1   16:04    13.4   00:00     00.6     00.0    00.0   11.0     35.1    13:40      NW
21    14.7    21.6   16:47    06.8   06:20     03.6     00.0    00.0   07.6     27.8    01:54     WSW
22    14.3    21.2   15:04    08.0   07:02     04.0     00.0    00.0   05.4     14.8    16:31     WSW
23    16.5    24.0   15:05    12.5   05:05     01.8     00.0    01.4   04.1     16.6    21:00     WSW
24    15.7    21.1   13:02    11.6   06:12     02.6     00.0    00.8   06.1     40.7    13:48     WSW
25    16.6    21.7   17:15    10.2   07:09     01.7     00.0    00.3   04.9     35.1    23:53     WSW
26    13.5    19.4   16:17    07.8   00:00     04.8     00.0    00.5   08.7     37.0    12:32      N 
27    13.3    21.0   15:19    05.6   06:57     05.0     00.0    00.0   07.1     22.2    16:43      SW
28    15.7    23.6   15:14    08.1   06:04     02.6     00.0    00.0   07.5     20.4    17:52      SW
29    13.7    15.4   00:02    12.8   23:07     04.6     00.0    07.1   02.5     12.9    00:15     WNW
30    16.2    22.5   16:53    11.0   07:09     02.1     00.0    00.3   04.3     14.8    21:40     WSW
----------------------------------------------------------------------------------------------------------------------------------------------------------
16.6 (17.2)   29.4  day 18     05.6  day 27   059.6    007.2   017.3   05.0     40.7   day 24     WSW
Min <=   30: 30
Max Rain: 7.1 ON 29-04-16
Days of Rain: 9 (> .2mm) 2 (> 2mm) 0 (> 20mm)