MONTHLY CLIMATOLOGICAL SUMMARY for APR. 2017

NAME: Stenimachos   CITY: Naousa STATE: Imathia
ELEV: 140 LAT: 040:36:00 LONG: -022:07:00

                            TEMPERATURE ( C), RAIN (mm), WIND SPEED (kmh)

                                               HEAT     COOL           AVG
      MEAN                                     DEG      DEG            WIND                       DOM
DAY   TEMP    HIGH   TIME     LOW    TIME      DAYS     DAYS    RAIN   SPEED    HIGH    TIME      DIR
----------------------------------------------------------------------------------------------------------------------------------------------------------
01    13.4    21.6   16:32    07.0   07:43     04.9     00.0    00.0   06.6     18.5    18:25     WSW
02    12.6    21.9   16:13    05.1   07:21     05.7     00.0    00.0   08.7     22.2    15:55      SW
03    10.6    17.4   14:06    06.3   07:38     07.7     00.0    00.5   07.3     20.4    16:21     WSW
04    11.4    15.6   13:39    07.5   05:24     06.9     00.0    00.5   05.8     16.6    22:58      W 
05    13.1    19.3   14:18    08.7   07:33     05.2     00.0    00.0   06.3     22.2    15:58     WSW
06    14.0    20.9   17:44    08.9   03:26     04.3     00.0    00.0   06.5     18.5    20:13     WSW
07    11.4    15.8   15:14    07.3   07:19     06.9     00.0    00.0   07.3     29.6    15:52     WSW
08    12.4    19.7   16:40    05.8   02:04     05.9     00.0    00.0   09.6     31.4    15:50     WNW
09    16.0    22.1   16:08    09.7   00:02     02.3     00.0    00.0   06.3     24.1    00:21     WNW
10    13.9    21.3   16:45    07.8   07:27     04.4     00.0    00.0   06.5     18.5    15:59      SW
11    14.5    22.3   16:32    07.8   07:25     03.8     00.0    00.0   06.1     16.6    07:04     WSW
12    16.5    23.6   17:05    09.8   05:52     01.8     00.0    00.0   06.7     20.4    19:53     WSW
13    17.0    25.0   16:59    09.4   05:54     01.3     00.0    00.0   07.5     18.5    18:36      SW
14    17.7    24.8   13:46    10.6   05:55     00.6     00.0    00.0   06.3     22.2    06:53     WSW
15    17.3    25.1   15:54    11.3   06:51     01.0     00.0    11.2   08.0     33.3    19:30      SW
16    16.6    23.2   16:12    10.9   07:25     01.7     00.0    01.7   07.4     20.4    20:43     WSW
17    12.7    16.3   17:06    09.3   00:00     05.6     00.0    00.0   05.9     18.5    23:53      SW
18    12.1    19.2   15:32    05.4   07:03     06.2     00.0    00.3   08.7     27.8    16:54     SSW
19    12.0    14.7   20:02    09.8   07:54     06.3     00.0    00.8   03.9     14.8    23:13     WNW
20    11.9    18.4   15:45    05.6   23:52     06.4     00.0    00.0   08.4     50.0    12:59     WNW
21    08.7    13.8   14:34    03.4   07:05     09.6     00.0    00.0   10.4     35.1    15:43     NNW
22    08.1    14.9   17:05    02.1   05:16     10.2     00.0    00.0   07.3     20.4    21:51     WSW
23    13.4    22.0   16:11    05.5   06:55     04.9     00.0    00.0   08.0     22.2    14:29     WSW
24    13.1    19.8   17:36    06.6   05:12     05.2     00.0    00.0   06.8     18.5    22:06     WSW
25    12.9    17.8   16:25    08.6   03:47     05.4     00.0    00.0   05.5     14.8    23:17      W 
26    14.7    23.0   16:47    07.3   07:00     03.6     00.0    00.0   07.0     18.5    02:39     WSW
27    16.8    25.5   16:57    09.2   05:25     01.5     00.0    00.0   06.9     16.6    17:41     WSW
28    18.5    26.8   16:13    11.1   06:58     00.0     00.2    00.0   06.3     16.6    05:25     WSW
29    18.0    23.3   14:59    13.8   04:40     00.3     00.0    00.0   04.7     18.5    21:05     WSW
30    18.1    21.9   15:17    14.6   06:58     00.2     00.0    00.0   06.3     16.6    06:57      SW
----------------------------------------------------------------------------------------------------------------------------------------------------------
14.0 (14.4)   26.8  day 28     02.1  day 22   129.8    000.2   015.1   07.0     50.0   day 20     WSW
Min <=   30: 30
Max Rain: 11.2 ON 15-04-17
Days of Rain: 6 (> .2mm) 1 (> 2mm) 0 (> 20mm)