MONTHLY CLIMATOLOGICAL SUMMARY for APR. 2019 NAME: Stenimachos CITY: Naousa STATE: Imathia ELEV: 140 LAT: 040:36:00 LONG: -022:07:00 TEMPERATURE ( °C), RAIN (mm), WIND SPEED (kmh) HEAT COOL AVG MEAN DEG DEG WIND DOM DAY TEMP HIGH TIME LOW TIME DAYS DAYS RAIN SPEED HIGH TIME DIR -------------------------------------------------------------------------------------------------------- 01 14.2 22.7 16:02 06.1 07:42 04.1 00.0 00.0 07.3 18.5 20:08 WSW 02 14.3 21.7 15:33 07.6 06:05 04.0 00.0 00.0 07.5 24.1 16:32 SW 03 11.9 17.0 16:45 08.2 07:00 06.4 00.0 00.0 04.7 16.6 17:14 WNW 04 10.7 14.4 15:32 06.6 05:10 07.6 00.0 00.0 03.7 12.9 04:32 W 05 09.5 10.7 18:02 08.2 02:05 08.8 00.0 00.0 02.6 11.1 23:07 NW 06 12.2 16.0 13:28 08.4 06:16 06.1 00.0 00.0 04.6 14.8 07:36 WSW 07 14.4 18.9 15:59 10.9 07:47 03.9 00.0 00.0 04.8 12.9 18:00 W 08 12.4 14.9 15:43 10.3 00:00 05.9 00.0 08.3 03.1 12.9 02:16 WNW 09 12.9 17.5 16:45 09.0 01:50 05.4 00.0 00.5 05.8 22.2 11:41 SW 10 14.9 20.6 16:44 11.2 07:57 03.4 00.0 21.9 04.7 24.1 19:29 SW 11 15.1 22.0 15:10 08.6 06:41 03.2 00.0 00.3 06.1 24.1 14:46 SW 12 13.4 18.8 15:44 10.4 00:00 04.9 00.0 13.1 04.6 31.4 17:45 WSW 13 13.0 19.2 15:09 07.1 07:26 05.3 00.0 00.5 05.7 24.1 20:18 WSW 14 12.4 17.9 13:05 09.5 06:53 05.9 00.0 03.8 02.7 16.6 13:48 WSW 15 10.9 13.6 17:03 09.0 23:46 07.4 00.0 29.7 03.1 14.8 23:22 W 16 12.9 18.3 16:11 09.1 06:31 05.4 00.0 05.3 03.0 12.9 19:41 WSW 17 13.7 20.5 16:58 06.8 06:22 04.6 00.0 00.0 06.1 18.5 18:26 WSW 18 12.6 18.8 14:06 08.1 07:02 05.7 00.0 04.8 07.4 31.4 19:34 WSW 19 14.0 21.1 17:37 06.4 07:35 04.3 00.0 00.0 05.4 18.5 22:42 W 20 13.8 19.1 14:34 08.2 06:54 04.5 00.0 00.0 04.9 31.4 16:53 NNW 21 12.6 19.5 16:30 06.4 07:12 05.7 00.0 00.0 05.0 18.5 18:04 SW 22 13.7 20.8 16:11 07.6 06:55 04.6 00.0 00.0 04.6 16.6 15:42 WNW 23 12.4 14.6 18:48 10.7 08:32 05.9 00.0 03.7 01.9 11.1 01:08 W 24 14.8 19.1 17:47 11.5 06:05 03.5 00.0 00.0 02.3 12.9 23:18 WSW 25 15.7 22.5 15:59 09.9 07:17 02.6 00.0 00.0 04.1 16.6 05:22 WSW 26 18.3 26.5 17:17 11.5 07:06 00.0 00.0 00.0 04.4 16.6 04:26 WSW 27 16.9 23.6 14:14 12.5 07:17 01.4 00.0 01.4 04.6 18.5 17:37 W 28 16.9 24.3 16:32 09.7 04:31 01.4 00.0 00.0 07.6 22.2 05:25 WSW 29 17.3 24.3 16:32 10.0 07:06 01.0 00.0 00.0 06.1 20.4 16:44 SW 30 18.3 24.8 16:21 12.1 03:28 00.0 00.0 00.0 06.7 53.6 15:09 W -------------------------------------------------------------------------------------------------------- 13.9 (14.3) 26.5 day 26 06.1 day 01 132.6 000.1 093.3 04.8 53.7 day 30 WSW Min <= 30: 30 Max Rain: 29.7 ON 15-04-19 Days of Rain: 12 (> .2mm) 8 (> 2mm) 2 (> 20mm)