MONTHLY CLIMATOLOGICAL SUMMARY for APR. 2022 NAME: Stenimachos CITY: Naousa STATE: Imathia ELEV: 140 LAT: 040:36:00 LONG: -022:07:00 TEMPERATURE ( °C), RAIN (mm), WIND SPEED (kmh) HEAT COOL AVG MEAN DEG DEG WIND DOM DAY TEMP HIGH TIME LOW TIME DAYS DAYS RAIN SPEED HIGH TIME DIR -------------------------------------------------------------------------------------------------------- 01 15.4 18.8 19:24 12.7 05:54 02.9 00.0 03.6 04.4 66.6 19:52 W 02 14.8 20.6 13:35 10.1 07:33 03.5 00.0 00.8 13.9 59.2 20:53 W 03 12.9 18.2 16:32 08.0 07:07 05.4 00.0 00.3 11.6 55.5 16:00 WNW 04 08.6 13.2 16:03 03.8 07:38 09.7 00.0 04.9 05.3 20.4 04:26 WSW 05 09.6 14.3 17:49 07.0 06:41 08.7 00.0 00.3 03.5 18.5 23:59 W 06 12.7 20.5 16:57 05.6 07:17 05.6 00.0 00.0 06.0 18.5 18:27 WSW 07 13.2 17.8 16:30 08.1 07:19 05.1 00.0 00.3 03.7 40.7 21:27 WNW 08 17.1 25.9 16:14 08.9 07:04 01.2 00.0 00.0 04.9 31.4 00:01 SW 09 17.9 27.1 16:48 10.1 07:26 00.4 00.0 00.0 05.9 24.1 17:36 WSW 10 14.3 20.2 10:20 08.6 21:13 04.0 00.0 02.8 05.4 37.0 22:12 NW 11 12.0 16.7 16:42 07.2 00:00 06.3 00.0 00.0 15.3 44.4 05:45 N 12 11.2 19.6 17:32 04.2 07:11 07.1 00.0 00.0 09.1 20.4 22:31 WSW 13 12.2 20.2 16:35 05.4 07:04 06.1 00.0 00.0 05.5 18.5 06:28 WSW 14 13.6 21.5 16:50 07.9 04:55 04.7 00.0 00.0 04.6 18.5 17:25 WSW 15 14.7 23.3 17:38 07.2 07:15 03.6 00.0 00.0 05.8 18.5 16:22 WSW 16 15.3 21.4 17:40 08.9 06:13 03.0 00.0 00.0 05.4 16.6 06:37 WSW 17 12.0 14.3 13:02 08.8 21:50 06.3 00.0 09.1 02.1 18.5 03:20 WSW 18 08.3 09.5 16:28 06.7 00:00 10.0 00.0 08.9 01.5 14.8 22:57 WSW 19 09.1 13.0 15:38 05.2 07:43 09.2 00.0 01.0 02.5 14.8 23:50 WSW 20 10.5 16.5 18:02 05.3 02:45 07.8 00.0 00.0 04.4 16.6 20:57 W 21 09.9 13.6 16:41 06.1 07:03 08.4 00.0 00.0 04.2 16.6 05:35 WSW 22 12.0 14.5 18:13 09.3 07:47 06.3 00.0 00.0 03.6 16.6 23:24 W 23 16.5 23.7 18:56 10.1 07:19 01.8 00.0 00.0 04.5 20.4 05:57 WSW 24 17.0 26.4 16:06 10.6 07:06 01.3 00.0 00.0 05.9 20.4 16:16 WSW 25 18.4 27.0 17:24 11.6 06:49 00.0 00.1 00.0 05.8 24.1 23:49 WSW 26 19.1 27.0 16:16 11.1 06:32 00.0 00.8 00.0 06.7 22.2 06:10 WSW 27 18.9 27.1 16:39 11.8 07:15 00.0 00.6 00.0 05.8 27.8 15:26 WSW 28 19.0 26.7 17:03 12.5 06:43 00.0 00.7 00.0 05.5 18.5 02:39 WSW 29 17.8 22.9 16:35 12.2 07:07 00.5 00.0 00.0 04.6 16.6 06:42 WSW 30 16.6 20.8 17:48 13.9 07:10 01.7 00.0 01.1 02.9 22.2 22:59 W -------------------------------------------------------------------------------------------------------- 14.0 (14.4) 27.1 day 27 03.8 day 04 130.2 002.3 033.0 05.7 66.6 day 02 W Min <= 30: 30 Max Rain: 9.1 ON 17-04-22 Days of Rain: 11 (> .2mm) 5 (> 2mm) 0 (> 20mm)