MONTHLY CLIMATOLOGICAL SUMMARY for MAY. 2009

NAME: Stenimachos   CITY: Naoussa STATE: Imathia
ELEV: 140 LAT: 040:36:14 LONG: 0022:07:25

                            TEMPERATURE ( C), RAIN (mm), WIND SPEED (kmh)

                                                 HEAT     COOL           AVG
      MEAN                                       DEG      DEG            WIND                        DOM
DAY   TEMP    HIGH   TIME      LOW     TIME      DAYS     DAYS   RAIN    SPEED    HIGH    TIME       DIR
----------------------------------------------------------------------------------------------------------------------------------------------------------
03    15.1    19.8   16:18    10.9   23:23     03.2     00.0    03.1   08.0     31.5    17:01      W 
04    17.7    20.9   16:31    11.3   07:03     00.6     00.0    00.0   06.0     24.1    21:56      NW
05    17.0    22.6   17:13    11.6   06:47     01.3     00.0    00.0   08.1     20.4    17:35      W 
06    16.8    23.0   16:25    11.9   05:50     01.5     00.0    00.0   08.8     27.8    13:00      W 
07    17.9    23.3   13:06    12.2   05:43     00.4     00.0    00.0   08.0     22.2    12:59      W 
08    19.3    25.8   15:24    13.6   06:51     00.0     01.0    00.0   08.8     24.1    01:33     WSW
09    18.6    27.4   18:20    10.7   06:25     00.0     00.3    00.0   07.1     18.5    20:25     WSW
10    18.9    27.4   16:01    12.6   06:12     00.0     00.6    00.0   07.6     18.5    05:52      W 
11    19.8    28.6   15:59    12.4   06:39     00.0     01.5    00.0   07.9     18.5    20:54     WSW
12    20.4    28.4   17:50    13.3   06:15     00.0     02.1    00.0   07.2     20.4    01:26     WSW
13    22.0    30.4   15:02    14.4   06:28     00.0     03.7    00.0   07.4     20.4    04:25     WSW
14    21.4    26.7   13:49    15.4   06:20     00.0     03.1    00.0   06.1     20.4    01:12      W 
15    21.1    29.5   16:49    15.8   06:39     00.0     02.8    00.0   06.3     16.7    06:28      W 
16    21.3    29.6   15:33    16.1   06:24     00.0     03.0    00.0   06.8     20.4    22:02     WSW
17    22.5    29.1   15:29    17.1   05:54     00.0     04.2    00.0   07.4     38.9    21:47     WSW
18    21.4    28.6   17:32    16.9   06:43     00.0     03.1    02.1   07.7     27.8    10:17      W 
19    22.8    30.6   17:00    16.3   06:33     00.0     04.5    03.1   06.8     24.1    00:31      W 
20    22.9    30.1   16:54    16.8   06:17     00.0     04.6    00.0   07.0     22.2    20:44      W 
22    23.6    30.7   15:56    15.8   05:47     00.0     05.3    00.0   06.5     20.4    16:07     WSW
23    24.6    32.9   15:50    16.2   06:13     00.0     06.3    00.0   09.2     22.2    20:29     WNW
24    25.8    33.7   17:53    18.6   23:49     00.0     07.5    06.6   08.3     37.0    20:18      W 
25    23.5    31.0   17:27    16.5   05:41     00.0     05.2    00.0   08.3     29.6    18:06     WNW
28    23.3    30.6   17:10    17.1   00:00     00.0     05.0    03.1   07.2     22.2    06:27      W 
29    16.4    20.0   13:59    14.3   23:27     01.9     00.0    13.1   06.2     20.4    04:23     WSW
30    16.7    21.6   18:59    12.7   05:31     01.6     00.0    02.1   03.6     16.7    20:15      E 
31    17.9    23.7   18:03    13.3   04:03     00.4     00.0    00.0   04.9     18.5    22:08      SW
----------------------------------------------------------------------------------------------------------------------------------------------------------
20.3 (20.8)   33.7  day 24     10.7  day 09   010.9    063.7   069.0   07.2     38.9   day 17      W 
Max >=  30: 8
Min <=   30: 26
Max Rain: 13.1 ON 29-05-09
Days of Rain: 7 (> .2mm) 7 (> 2mm) 0 (> 20mm)