MONTHLY CLIMATOLOGICAL SUMMARY for MAY. 2010

NAME: Stenimachos   CITY: Naoussa STATE: Imathia
ELEV: 140 LAT: 040:36:14 LONG: 0022:07:25

                            TEMPERATURE ( C), RAIN (mm), WIND SPEED (kmh)

                                                 HEAT     COOL           AVG
      MEAN                                       DEG      DEG            WIND                        DOM
DAY   TEMP    HIGH   TIME      LOW     TIME      DAYS     DAYS   RAIN    SPEED    HIGH    TIME       DIR
----------------------------------------------------------------------------------------------------------------------------------------------------------
01    17.5    24.8   16:15    10.3   06:59     00.8     00.0    00.0   07.6     16.6    06:41     WSW
02    18.2    25.8   16:17    11.4   06:59     00.1     00.0    00.0   06.5     16.6    17:11     WSW
03    18.6    25.1   16:23    12.7   05:44     00.0     00.3    00.0   07.0     18.5    16:32      W 
04    19.3    26.5   16:06    13.9   07:41     00.0     01.0    00.0   08.0     14.8    16:40     WSW
05    19.1    23.9   16:18    14.1   06:11     00.0     00.8    00.0   05.2     14.8    20:29      W 
06    18.8    22.5   15:37    15.6   07:17     00.0     00.5    01.0   05.9     16.6    23:43     WNW
07    19.4    25.6   16:00    13.0   05:07     00.0     01.1    00.0   10.1     31.4    11:33     WNW
08    17.5    21.3   17:56    14.5   07:25     00.8     00.0    00.5   07.3     18.5    23:45     WSW
09    19.8    27.3   17:04    12.5   06:12     00.0     01.5    00.0   08.6     24.1    17:53     WSW
10    20.5    26.2   16:34    13.9   05:16     00.0     02.2    00.0   08.5     25.9    15:54      SW
11    20.2    26.9   15:16    13.6   06:37     00.0     01.9    00.0   07.4     18.5    21:02     WSW
12    21.0    27.0   16:53    15.9   03:20     00.0     02.7    00.0   06.9     16.6    23:11      W 
13    21.1    27.0   16:22    15.6   05:24     00.0     02.8    00.0   07.0     18.5    21:13     WSW
14    23.9    29.2   15:21    19.2   00:11     00.0     05.6    00.0   09.6     37.0    04:57      W 
15    18.5    21.4   19:04    15.2   11:20     00.0     00.2    27.7   08.6     50.0    22:52     WNW
16    19.2    21.7   13:01    16.7   06:27     00.0     00.9    00.8   13.9     81.4    15:11      W 
17    18.1    21.7   16:19    13.0   00:00     00.2     00.0    00.0   11.7     59.2    00:35     WNW
18    15.8    21.6   15:44    11.0   05:55     02.5     00.0    00.0   07.0     27.8    15:49     WNW
19    16.1    21.2   15:34    10.5   05:54     02.2     00.0    00.0   07.6     24.1    19:22      SW
20    14.5    18.7   15:48    11.7   02:04     03.8     00.0    01.3   06.6     22.2    17:34     WSW
21    12.6    13.7   20:23    12.0   06:35     05.7     00.0    39.1   07.2     18.5    19:09      W 
22    17.2    22.6   14:55    12.2   06:58     01.1     00.0    08.5   06.8     27.8    14:56      W 
23    17.6    22.2   16:21    13.4   06:37     00.7     00.0    01.9   08.0     20.4    15:04     WSW
24    17.7    23.5   17:48    12.5   06:21     00.6     00.0    00.5   07.7     20.4    21:59     WSW
25    19.9    27.8   17:29    13.0   06:12     00.0     01.6    00.0   08.3     20.4    20:49     WSW
26    21.4    30.6   16:45    13.9   05:47     00.0     03.1    00.0   07.7     20.4    03:08      SW
27    22.6    30.4   17:16    14.7   06:18     00.0     04.3    00.0   08.0     18.5    05:32     WSW
28    21.7    26.7   14:31    16.8   06:26     00.0     03.4    00.0   06.7     18.5    17:23      SW
29    23.2    30.3   15:20    16.8   06:30     00.0     04.9    00.0   07.5     20.4    21:54     WSW
30    21.5    26.2   18:22    17.2   06:24     00.0     03.2    00.0   06.7     18.5    06:09     WSW
31    20.6    27.0   23:54    17.9   23:54     00.0     02.3    00.0   05.5     05.5    23:54      W 
----------------------------------------------------------------------------------------------------------------------------------------------------------
20.1 (19.3)   30.6  day 26     10.3  day 01   018.4    171.8   081.3   09.0     81.4   day 16      W 
Max >=  30: 3
Min <=   30: 85
Max Rain: 39.1 ON 21-05-10
Days of Rain: 9 (> .2mm) 3 (> 2mm) 2 (> 20mm)