MONTHLY CLIMATOLOGICAL SUMMARY for MAY. 2011

NAME: Stenimachos   CITY: Naoussa STATE: Imathia
ELEV: 140 LAT: 040:36:14 LONG: 0022:07:25

                            TEMPERATURE ( C), RAIN (mm), WIND SPEED (kmh)

                                               HEAT     COOL           AVG
      MEAN                                     DEG      DEG            WIND                       DOM
DAY   TEMP    HIGH   TIME     LOW    TIME      DAYS     DAYS    RAIN   SPEED    HIGH    TIME      DIR
----------------------------------------------------------------------------------------------------------------------------------------------------------
01    13.9    15.4   17:46    11.9   04:21     04.4     00.0    02.2   04.3     12.9    01:45      W 
02    17.4    23.3   15:19    11.8   07:13     00.9     00.0    00.0   05.3     14.8    20:18     WSW
03    16.1    19.5   16:14    13.9   06:37     02.2     00.0    07.6   04.8     14.8    02:12     WSW
04    17.3    23.8   16:21    14.2   04:16     01.0     00.0    01.9   07.5     22.2    14:03     WSW
05    12.7    14.7   17:12    11.1   10:43     05.6     00.0    23.4   06.0     14.8    23:49      S 
06    14.0    19.5   17:44    08.3   06:34     04.3     00.0    00.0   08.3     20.4    21:33      W 
07    13.5    20.0   15:37    07.9   06:53     04.8     00.0    00.0   07.6     18.5    00:20      SW
08    15.3    22.1   14:51    08.4   06:37     03.0     00.0    00.0   07.8     20.4    22:36      S 
09    10.6    13.7   00:20    09.4   13:31     07.7     00.0    18.9   04.0     11.1    02:06      N 
10    14.9    20.8   17:22    09.3   04:46     03.4     00.0    00.0   07.1     18.5    23:20     WSW
11    15.9    18.9   13:53    12.4   22:06     02.4     00.0    00.3   07.7     25.9    15:19     WSW
12    15.8    22.1   15:13    10.7   06:08     02.5     00.0    00.5   09.5     37.0    16:47      W 
13    17.7    24.5   18:02    10.4   06:37     00.6     00.0    00.0   08.3     20.4    05:32      SW
14    20.5    27.8   18:30    13.0   03:42     00.0     02.2    00.0   07.3     20.4    13:11      SW
15    19.6    26.6   15:18    13.9   05:52     00.0     01.3    00.0   06.3     16.6    01:24     WSW
16    18.0    21.9   17:19    13.5   06:36     00.3     00.0    00.0   06.5     18.5    06:38      W 
17    17.1    21.7   14:14    13.0   05:46     01.2     00.0    00.5   07.8     37.0    15:10      SW
18    18.0    22.6   16:19    14.2   06:02     00.3     00.0    00.0   06.1     25.9    17:02      SW
19    15.5    17.2   00:03    14.0   09:19     02.8     00.0    15.6   07.8     16.6    22:18     WSW
20    18.9    26.0   18:40    12.2   05:22     00.0     00.6    00.0   08.6     20.4    23:12      SW
21    21.0    28.1   18:09    14.3   06:15     00.0     02.7    00.0   07.8     18.5    06:37     WSW
22    21.1    27.2   14:35    14.6   06:37     00.0     02.8    00.0   08.9     20.4    18:07      SW
23    21.6    27.6   15:54    16.7   05:16     00.0     03.3    00.0   08.0     20.4    16:36      SW
24    21.2    27.5   16:01    15.5   05:52     00.0     02.9    00.0   09.6     22.2    14:28      SW
25    22.0    29.9   17:21    16.6   05:38     00.0     03.7    00.0   07.8     29.6    17:40     WSW
26    21.8    27.2   15:39    16.7   06:36     00.0     03.5    02.8   08.1     35.1    23:52     WSW
27    20.2    25.7   16:29    15.8   06:25     00.0     01.9    14.6   06.8     29.6    00:12     SSW
28    21.0    27.4   15:18    15.5   06:38     00.0     02.7    00.0   07.0     16.6    06:16      SW
29    20.5    28.2   16:16    15.2   06:35     00.0     02.2    09.3   06.9     35.1    19:30     WSW
30    21.0    28.1   18:18    15.7   05:48     00.0     02.7    05.0   07.4     22.2    20:47      SW
31    20.8    28.1   15:46    15.4   06:33     00.0     02.5    00.5   07.6     37.0    20:09     WSW
----------------------------------------------------------------------------------------------------------------------------------------------------------
17.9 (18.3)   29.9  day 25     07.9  day 07   047.2    034.9   103.1   07.2     37.0   day 17     WSW
Min <=   30: 31
Max Rain: 23.4 ON 5-05-11
Days of Rain: 63 (> .2mm) 9 (> 2mm) 1 (> 20mm)