MONTHLY CLIMATOLOGICAL SUMMARY for MAY. 2012

NAME: Stenimachos   CITY: Naousa STATE: Imathia
ELEV: 140 LAT: 040:36:00 LONG: -022:07:00

                            TEMPERATURE ( C), RAIN (mm), WIND SPEED (kmh)

                                               HEAT     COOL           AVG
      MEAN                                     DEG      DEG            WIND                       DOM
DAY   TEMP    HIGH   TIME     LOW    TIME      DAYS     DAYS    RAIN   SPEED    HIGH    TIME      DIR
----------------------------------------------------------------------------------------------------------------------------------------------------------
01    21.2    28.9   16:20    15.1   07:09     00.0     02.9    00.0   09.4     18.5    03:29     WSW
02    21.7    29.7   16:58    15.0   06:46     00.0     03.4    00.0   08.6     20.4    22:00     WSW
03    21.1    28.0   15:32    15.7   05:14     00.0     02.8    00.0   08.3     20.4    06:21     WSW
04    19.9    26.5   12:52    15.2   06:29     00.0     01.6    02.2   09.7     29.6    17:54      W 
05    20.6    28.4   15:48    13.3   06:38     00.0     02.3    00.0   06.7     18.5    18:21      SW
06    21.1    28.4   18:03    13.6   06:27     00.0     02.8    00.0   09.1     18.5    21:52     WSW
07    22.5    28.9   15:33    13.8   06:28     00.0     04.2    00.0   09.1     40.7    20:51      SW
08    21.3    26.1   15:49    16.3   05:55     00.0     03.0    00.0   08.6     22.2    21:42     WSW
09    20.2    27.0   16:40    16.1   23:42     00.0     01.9    00.0   08.9     20.4    19:20     WSW
10    19.7    27.5   17:44    14.8   03:05     00.0     01.4    07.4   09.4     27.8    18:52     WSW
11    20.4    27.3   18:08    15.4   03:16     00.0     02.1    02.2   08.7     31.5    19:43      W 
12    22.1    30.3   14:35    17.3   23:12     00.0     03.8    00.0   10.3     40.7    17:42      W 
13    22.3    27.9   18:06    16.3   06:52     00.0     04.0    00.0   08.3     37.0    14:46      W 
14    17.1    20.1   00:01    15.5   21:24     01.2     00.0    09.3   04.1     20.4    22:40      S 
15    14.1    16.4   16:23    09.6   06:28     04.2     00.0    13.7   05.7     46.3    00:55     SSW
16    17.2    22.2   14:58    11.7   07:03     01.1     00.0    00.0   06.2     18.5    03:56      SW
17    14.6    18.5   13:12    12.1   05:59     03.7     00.0    06.3   09.0     31.5    23:37      W 
18    14.7    18.5   16:59    11.4   07:03     03.6     00.0    00.0   06.6     16.7    09:16      W 
19    18.5    24.0   16:06    11.9   06:42     00.0     00.2    00.0   07.4     16.7    15:36      SW
20    19.2    26.9   17:02    13.8   05:30     00.0     00.9    00.0   06.5     14.8    18:44      W 
21    16.8    18.3   15:30    15.0   00:00     01.5     00.0    00.0   04.8     13.0    23:12     WNW
22    16.7    20.1   16:09    14.4   04:39     01.6     00.0    01.6   06.8     24.1    16:34      SW
23    17.7    23.2   15:23    13.3   06:31     00.6     00.0    03.0   06.3     22.2    17:19      S 
24    17.2    22.2   17:50    11.6   06:14     01.1     00.0    03.0   07.2     20.4    23:38     WSW
25    18.5    24.3   13:50    12.4   06:23     00.0     00.2    00.3   07.6     20.4    16:26     WSW
26    16.2    18.8   01:18    13.9   23:41     02.1     00.0    36.2   04.2     14.8    23:22      NW
27    15.6    19.4   15:58    12.5   05:21     02.7     00.0    14.0   06.6     16.7    01:38     WSW
28    18.2    23.0   18:29    12.6   06:00     00.1     00.0    00.0   10.0     24.1    12:35     WNW
29    17.7    23.0   13:19    14.3   23:35     00.6     00.0    06.3   09.6     24.1    15:29     WSW
30    17.6    23.0   17:19    13.0   07:32     00.7     00.0    05.0   07.0     27.8    12:31     WSW
31    20.4    27.2   15:51    14.4   06:23     00.0     02.1    00.0   07.6     16.7    21:40     WSW
----------------------------------------------------------------------------------------------------------------------------------------------------------
18.8 (19.1)   30.3  day 12     09.6  day 15   024.9    039.6   110.4   07.7     46.3   day 15     WSW
Max >=  30: 1
Min <=   30: 31
Max Rain: 36.2 ON 26-05-12
Days of Rain: 14 (> .2mm) 12 (> 2mm) 1 (> 20mm)