MONTHLY CLIMATOLOGICAL SUMMARY for MAY. 2013

NAME: Stenimachos   CITY: Naousa STATE: Imathia
ELEV: 140 LAT: 040:36:00 LONG: -022:07:00

                            TEMPERATURE ( C), RAIN (mm), WIND SPEED (kmh)

                                               HEAT     COOL           AVG
      MEAN                                     DEG      DEG            WIND                       DOM
DAY   TEMP    HIGH   TIME     LOW    TIME      DAYS     DAYS    RAIN   SPEED    HIGH    TIME      DIR
----------------------------------------------------------------------------------------------------------------------------------------------------------
01    23.3    31.5   17:37    16.0   06:16     00.0     05.0    00.0   08.0     18.5    06:12     WSW
02    22.6    29.3   16:51    16.5   06:36     00.0     04.3    00.0   06.8     14.8    04:52     WSW
03    21.8    28.7   16:26    15.2   06:39     00.0     03.5    00.0   04.6     12.9    23:38     WSW
04    22.9    29.7   16:17    16.7   03:51     00.0     04.6    00.0   06.3     16.6    07:10      W 
05    22.9    29.6   16:24    17.3   06:18     00.0     04.6    00.5   08.1     44.4    20:55     WSW
06    19.2    27.2   14:30    16.7   00:00     00.0     00.9    12.3   10.7     50.0    16:54     WSW
07    20.2    25.5   17:25    16.0   04:44     00.0     01.9    00.0   07.1     20.4    16:05      SW
08    19.4    23.3   14:30    15.4   00:00     00.0     01.1    07.9   04.4     24.1    20:10      SW
09    16.3    18.9   12:14    14.5   00:00     02.0     00.0    14.2   02.2     14.8    23:49     WSW
10    19.0    25.6   17:28    13.0   06:26     00.0     00.7    00.0   08.1     20.4    22:10      SW
11    20.2    27.7   16:53    13.8   06:47     00.0     01.9    00.5   07.9     48.1    21:00     WSW
12    17.4    20.7   11:57    14.5   06:31     00.9     00.0    03.0   05.2     16.6    06:50     WSW
13    16.2    20.8   14:05    14.2   07:21     02.1     00.0    11.0   04.5     18.5    16:57     WSW
14    17.7    23.7   18:53    12.1   06:50     00.6     00.0    00.0   05.6     16.6    23:58      W 
15    18.9    26.0   17:00    12.2   06:35     00.0     00.6    00.0   05.3     18.5    00:49     WSW
16    18.6    23.3   16:16    13.8   06:05     00.0     00.3    00.0   03.4     16.6    02:28     WSW
17    19.8    25.2   18:25    14.4   06:40     00.0     01.5    00.5   04.1     16.6    06:30      W 
18    22.7    30.3   14:43    15.4   05:32     00.0     04.4    00.0   05.2     22.2    21:33     WSW
19    24.2    32.1   16:35    16.4   06:14     00.0     05.9    00.0   04.8     20.4    03:03     WSW
20    24.3    31.0   16:20    18.6   05:31     00.0     06.0    00.0   04.9     16.6    21:03     WSW
21    23.7    31.7   17:40    16.0   04:04     00.0     05.4    00.0   06.6     20.4    20:48     WSW
22    22.3    28.7   15:12    18.3   03:41     00.0     04.0    00.0   04.7     16.6    17:51      W 
23    22.4    28.2   14:46    16.8   05:50     00.0     04.1    00.0   08.4     44.4    14:08     WSW
24    22.0    26.0   18:04    18.0   06:52     00.0     03.7    00.0   11.3     48.1    01:12      W 
25    21.8    26.6   16:27    16.8   02:33     00.0     03.5    00.0   09.5     31.4    15:42      W 
26    20.6    27.1   15:09    15.3   04:26     00.0     02.3    00.0   10.7     57.4    19:04      W 
27    18.9    24.9   16:02    12.3   06:40     00.0     00.6    00.0   07.1     27.8    16:41     SSW
28    18.7    24.3   16:31    11.4   06:16     00.0     00.4    00.0   07.2     20.4    23:45     WSW
29    21.8    27.8   17:39    14.9   06:28     00.0     03.5    00.3   07.2     22.2    23:49     WSW
30    22.9    29.2   16:10    17.0   01:57     00.0     04.6    00.0   08.6     29.6    17:03     WSW
31    20.5    24.2   15:11    15.3   07:02     00.0     02.2    00.0   10.0     48.1    02:57      W 
----------------------------------------------------------------------------------------------------------------------------------------------------------
20.7 (21.0)   32.1  day 19     11.4  day 28   005.7    081.4   050.9   06.7     57.4   day 26     WSW
Max >=  30: 5
Min <=   30: 31
Max Rain: 14.2 ON 9-05-13
Days of Rain: 9 (> .2mm) 5 (> 2mm) 0 (> 20mm)