MONTHLY CLIMATOLOGICAL SUMMARY for MAY. 2014

NAME: Stenimachos   CITY: Naousa STATE: Imathia
ELEV: 140 LAT: 040:36:00 LONG: -022:07:00

                            TEMPERATURE ( C), RAIN (mm), WIND SPEED (kmh)

                                               HEAT     COOL           AVG
      MEAN                                     DEG      DEG            WIND                       DOM
DAY   TEMP    HIGH   TIME     LOW    TIME      DAYS     DAYS    RAIN   SPEED    HIGH    TIME      DIR
----------------------------------------------------------------------------------------------------------------------------------------------------------
01    15.6    20.1   16:20    10.9   06:55     02.7     00.0    01.7   07.1     24.1    19:26     WSW
02    15.7    21.0   17:51    09.9   06:37     02.6     00.0    00.0   07.4     18.5    02:23      SW
03    15.5    19.0   17:33    12.8   04:31     02.8     00.0    06.1   06.0     24.1    16:00     SSW
04    15.1    20.2   17:26    11.3   03:20     03.2     00.0    00.3   06.2     20.4    03:36     WSW
05    14.7    18.4   13:36    10.1   06:36     03.6     00.0    00.0   08.2     27.8    15:58     NNW
06    14.9    18.4   15:51    12.3   07:57     03.4     00.0    00.0   06.2     18.5    09:36     SSW
07    15.8    21.8   17:27    12.6   07:04     02.5     00.0    00.0   05.9     14.8    17:55     WSW
08    16.1    21.6   17:27    09.4   06:44     02.2     00.0    00.0   05.7     14.8    11:30     WSW
09    18.9    24.3   16:45    13.1   07:04     00.0     00.6    00.0   08.3     20.4    21:11      W 
10    19.7    25.2   17:16    12.7   06:44     00.0     01.4    00.0   08.6     31.4    16:14      NW
11    19.2    27.4   18:50    12.1   06:18     00.0     00.9    00.0   07.5     20.4    17:25     WSW
12    18.7    24.4   17:34    14.0   07:04     00.0     00.4    00.0   06.5     16.6    23:35     WSW
13    20.0    25.2   17:09    14.5   06:58     00.0     01.7    00.0   07.1     18.5    04:50     WSW
14    18.2    21.7   17:27    15.5   06:56     00.1     00.0    02.5   08.4     53.6    18:11      W 
15    16.7    19.4   11:47    13.2   07:51     01.6     00.0    00.0   10.0     40.7    19:45      W 
16    15.9    19.8   14:13    10.9   00:00     02.4     00.0    00.3   08.1     31.4    01:02      W 
17    14.6    20.3   15:54    09.0   05:29     03.7     00.0    02.4   07.8     22.2    16:23     WSW
18    16.8    22.4   18:21    09.9   06:27     01.5     00.0    00.0   08.5     22.2    00:48      SW
19    18.0    22.5   18:58    12.2   06:42     00.3     00.0    00.0   06.6     16.6    16:41      W 
20    17.9    23.3   16:52    15.0   06:24     00.4     00.0    00.0   07.2     18.5    20:43     WSW
21    17.7    27.7   18:20    14.3   05:34     00.6     00.0    00.0   09.5     16.6    22:24     WSW
22    17.2    27.9   18:58    15.3   20:35     01.1     00.0    00.0   10.0     12.9    13:56      SW
23    20.5    28.7   15:30    15.8   06:41     00.0     02.2    00.0   06.3     24.1    17:50      W 
24    21.7    26.6   17:14    15.9   06:41     00.0     03.4    00.0   05.9     18.5    00:48      W 
25    23.0    30.3   17:29    15.6   05:32     00.0     04.7    00.0   07.6     20.4    13:19      SW
26    19.8    24.1   13:09    16.9   23:44     00.0     01.5    15.8   07.5     20.4    23:26      W 
27    21.6    28.5   20:10    15.4   06:18     00.0     03.3    00.0   07.9     20.4    03:22      SW
28    22.7    28.7   19:31    14.7   06:36     00.0     04.4    00.0   09.2     22.2    05:29      SW
29    19.2    24.5   13:58    15.2   00:00     00.0     00.9    03.8   07.8     25.9    16:07     WSW
30    18.6    23.2   16:59    14.5   06:33     00.0     00.3    03.6   06.7     31.4    13:36      NW
31    19.4    24.7   17:50    14.5   05:31     00.0     01.1    00.0   07.7     20.4    12:12      W 
----------------------------------------------------------------------------------------------------------------------------------------------------------
18.0 (18.4)   30.3  day 25     09.0  day 17   034.8    026.9   036.3   07.5     53.7   day 14     WSW
Max >=  30: 1
Min <=   30: 31
Max Rain: 15.8 ON 26-05-14
Days of Rain: 9 (> .2mm) 6 (> 2mm) 0 (> 20mm)