MONTHLY CLIMATOLOGICAL SUMMARY for MAY. 2015

NAME: Stenimachos   CITY: Naousa STATE: Imathia
ELEV: 140 LAT: 040:36:00 LONG: -022:07:00

                            TEMPERATURE ( C), RAIN (mm), WIND SPEED (kmh)

                                               HEAT     COOL           AVG
      MEAN                                     DEG      DEG            WIND                       DOM
DAY   TEMP    HIGH   TIME     LOW    TIME      DAYS     DAYS    RAIN   SPEED    HIGH    TIME      DIR
----------------------------------------------------------------------------------------------------------------------------------------------------------
01    17.8    24.4   16:18    10.9   06:59     00.5     00.0    00.0   07.0     22.2    16:46     SSW
02    16.0    20.7   18:34    11.6   07:21     02.3     00.0    00.0   06.6     16.6    23:28     WSW
03    19.4    27.1   16:44    12.3   06:38     00.0     01.1    00.0   08.4     20.4    01:25      SW
04    20.1    26.3   14:55    14.1   06:57     00.0     01.8    00.0   06.5     14.8    15:11     WSW
05    21.6    29.1   16:42    15.4   06:38     00.0     03.3    00.0   05.5     14.8    20:48     WSW
06    22.4    31.0   17:25    15.0   06:51     00.0     04.1    00.0   06.6     16.6    04:34     WSW
07    21.5    28.3   17:29    16.9   05:31     00.0     03.2    00.0   07.9     29.6    20:15      W 
08    21.7    27.7   15:56    15.6   06:02     00.0     03.4    00.0   08.7     20.4    01:00      SW
09    17.9    20.2   13:20    15.1   00:00     00.4     00.0    00.0   05.4     16.6    22:29     WNW
10    17.1    23.5   16:30    14.6   07:01     01.2     00.0    00.0   07.8     35.1    16:48      W 
11    18.0    20.9   14:20    14.0   23:26     00.3     00.0    00.0   10.2     37.0    11:05      NW
12    18.0    24.1   18:18    11.9   05:28     00.3     00.0    00.0   10.0     24.1    14:16      W 
13    19.4    26.2   15:41    12.8   05:57     00.0     01.1    00.0   07.9     18.5    22:11     WSW
14    19.4    27.6   15:56    12.7   06:53     00.0     01.1    00.0   07.8     18.5    23:12      SW
15    20.9    28.0   15:26    14.1   06:39     00.0     02.6    00.0   07.3     16.6    17:14      W 
16    21.7    27.8   17:35    17.0   07:05     00.0     03.4    00.0   06.5     16.6    17:41      SW
17    21.7    28.6   16:38    15.8   06:44     00.0     03.4    00.0   07.4     24.1    12:50      SW
18    22.2    28.2   16:55    15.9   06:31     00.0     03.9    00.0   07.2     18.5    21:48      SW
19    22.1    26.9   17:04    17.0   06:46     00.0     03.8    00.0   07.8     20.4    16:47      SW
20    22.6    29.1   17:05    18.6   00:13     00.0     04.3    00.0   08.5     24.1    12:24     WSW
21    22.0    29.1   16:37    16.1   05:58     00.0     03.7    00.0   07.8     18.5    05:37     WSW
22    20.2    23.0   16:38    16.9   06:21     00.0     01.9    00.0   05.4     16.6    03:53      W 
23    21.7    28.1   17:34    15.9   06:42     00.0     03.4    00.0   07.6     18.5    06:22     WSW
24    21.2    27.2   14:42    16.4   06:29     00.0     02.9    00.0   07.6     22.2    11:34     WSW
25    20.9    26.7   17:04    15.4   05:54     00.0     02.6    00.0   07.3     25.9    19:58     WSW
26    20.5    25.9   15:17    13.2   06:01     00.0     02.2    00.0   07.5     24.1    23:17      SW
27    20.0    24.2   15:00    16.8   06:38     00.0     01.7    00.0   06.4     25.9    22:01      W 
28    16.3    18.4   17:57    13.3   07:23     02.0     00.0    00.0   05.7     20.4    21:18      W 
29    17.2    22.1   17:22    11.7   05:14     01.1     00.0    00.0   07.9     18.5    10:53      SW
30    19.1    26.0   17:24    11.4   06:24     00.0     00.8    00.0   08.3     18.5    17:20      SW
31    19.9    27.1   16:35    13.3   06:40     00.0     01.6    00.0   07.3     20.4    16:51     WSW
----------------------------------------------------------------------------------------------------------------------------------------------------------
20.0 (20.2)   31.0  day 06     10.9  day 01   008.1    061.4   007.4   07.4     37.0   day 11     WSW
Max >=  30: 1
Min <=   30: 31
Max Rain: 0.0 ON 0-05-15
Days of Rain: 0 (> .2mm) 0 (> 2mm) 0 (> 20mm)