MONTHLY CLIMATOLOGICAL SUMMARY for MAY. 2016

NAME: Stenimachos   CITY: Naousa STATE: Imathia
ELEV: 140 LAT: 040:36:00 LONG: -022:07:00

                            TEMPERATURE ( C), RAIN (mm), WIND SPEED (kmh)

                                               HEAT     COOL           AVG
      MEAN                                     DEG      DEG            WIND                       DOM
DAY   TEMP    HIGH   TIME     LOW    TIME      DAYS     DAYS    RAIN   SPEED    HIGH    TIME      DIR
----------------------------------------------------------------------------------------------------------------------------------------------------------
01    15.7    20.2   11:44    10.7   06:25     02.6     00.0    05.0   05.8     14.8    20:55      W 
02    13.9    15.5   16:36    11.4   00:00     04.4     00.0    20.3   01.0     14.8    23:51      W 
03    12.9    19.5   13:55    08.9   03:07     05.4     00.0    00.8   06.2     16.6    23:31     WSW
04    14.7    20.1   14:53    08.7   05:52     03.6     00.0    00.0   08.4     25.9    13:10     NNW
05    16.1    22.0   15:51    09.8   06:09     02.2     00.0    00.0   07.9     22.2    09:58     WNW
06    17.1    24.1   16:34    10.5   06:49     01.2     00.0    00.0   08.0     22.2    18:19     WSW
07    15.9    22.9   14:44    10.0   06:32     02.4     00.0    01.6   07.6     37.0    16:05      SW
08    15.5    20.6   18:43    11.6   03:42     02.8     00.0    03.0   07.4     20.4    17:06     WSW
09    17.3    22.5   17:01    13.5   01:00     01.0     00.0    00.3   04.6     16.6    00:00     WSW
10    18.0    24.4   17:02    11.7   06:41     00.3     00.0    00.0   04.6     16.6    05:27      W 
11    17.5    21.6   15:08    12.9   06:29     00.8     00.0    00.3   02.7     12.9    06:19      W 
12    17.5    20.6   19:35    14.0   06:17     00.8     00.0    03.6   01.6     12.9    05:17      W 
13    21.5    27.8   16:44    16.1   07:10     00.0     03.2    00.3   04.4     35.1    14:35      W 
14    20.9    28.7   14:25    13.1   06:55     00.0     02.6    00.0   08.2     48.1    17:20      W 
15    18.6    25.0   15:22    12.9   06:22     00.0     00.3    02.2   07.2     40.7    20:21     WSW
16    18.7    25.8   17:03    13.3   04:17     00.0     00.4    00.0   07.1     42.5    16:35     WSW
17    15.5    23.0   14:42    09.8   06:33     02.8     00.0    02.2   06.8     16.6    00:00      SW
18    17.0    22.7   15:16    12.4   03:25     01.3     00.0    00.0   06.3     18.5    13:08     WSW
19    17.0    23.0   14:59    10.9   05:33     01.3     00.0    00.0   04.9     16.6    02:16     WSW
20    16.5    19.2   12:16    14.0   05:22     01.8     00.0    11.4   02.8     16.6    19:05      SW
21    15.6    16.5   17:11    15.0   08:23     02.7     00.0    52.8   01.8     18.5    22:35      W 
22    17.1    23.4   18:11    14.1   08:01     01.2     00.0    03.8   04.1     16.6    00:00     WSW
23    19.5    27.0   16:10    11.8   06:27     00.0     01.2    00.0   06.0     22.2    01:28     WSW
24    19.6    26.9   16:27    14.4   06:50     00.0     01.3    00.0   05.9     31.4    18:29     WNW
25    20.5    26.8   17:09    12.5   05:02     00.0     02.2    00.0   07.6     38.9    01:55     WNW
26    22.3    28.1   15:45    16.4   04:52     00.0     04.0    00.0   08.6     27.8    07:51      NW
27    24.1    29.8   17:09    19.5   06:30     00.0     05.8    00.0   08.9     22.2    15:52      NW
28    22.1    29.9   17:04    14.6   06:29     00.0     03.8    00.0   05.4     20.4    00:11     WSW
29    21.7    28.2   17:58    16.1   06:45     00.0     03.4    00.0   02.5     11.1    20:27      W 
30    22.3    28.0   16:52    16.8   04:33     00.0     04.0    00.0   03.1     12.9    23:08     WSW
31    24.4    32.4   15:38    17.2   04:38     00.0     06.1    00.0   05.2     22.2    05:31     WSW
----------------------------------------------------------------------------------------------------------------------------------------------------------
18.3 (18.6)   32.4  day 31     08.7  day 04   038.5    038.3   107.6   05.6     48.1   day 14      W 
Max >=  30: 1
Min <=   30: 31
Max Rain: 52.8 ON 21-05-16
Days of Rain: 14 (> .2mm) 9 (> 2mm) 2 (> 20mm)