MONTHLY CLIMATOLOGICAL SUMMARY for MAY. 2017

NAME: Stenimachos   CITY: Naousa STATE: Imathia
ELEV: 140 LAT: 040:36:00 LONG: -022:07:00

                            TEMPERATURE ( C), RAIN (mm), WIND SPEED (kmh)

                                               HEAT     COOL           AVG
      MEAN                                     DEG      DEG            WIND                       DOM
DAY   TEMP    HIGH   TIME     LOW    TIME      DAYS     DAYS    RAIN   SPEED    HIGH    TIME      DIR
----------------------------------------------------------------------------------------------------------------------------------------------------------
01    18.6    25.8   17:48    12.4   06:58     00.0     00.3    00.0   07.0     16.6    21:59     WSW
02    19.4    27.1   14:08    12.8   07:01     00.0     01.1    00.0   07.5     18.5    04:28     WSW
03    20.1    28.8   15:48    12.8   06:55     00.0     01.8    00.0   08.0     22.2    17:00      SW
04    20.4    28.3   16:13    12.5   06:32     00.0     02.1    00.0   06.8     18.5    05:04      W 
05    20.7    28.7   15:36    13.1   06:39     00.0     02.4    00.0   07.9     27.8    23:05     WSW
06    20.8    26.7   16:36    14.0   06:50     00.0     02.5    00.0   09.4     31.4    12:43     WNW
07    19.8    28.8   17:01    12.5   07:02     00.0     01.5    00.0   08.5     37.0    21:37      W 
08    20.1    27.0   17:01    13.0   05:58     00.0     01.8    00.0   07.2     27.8    00:11      W 
09    17.4    21.3   18:23    14.1   11:06     00.9     00.0    06.9   05.1     22.2    10:38     WSW
10    16.6    23.0   15:06    11.7   06:32     01.7     00.0    01.7   07.0     24.1    17:49     WSW
11    16.3    21.9   14:53    10.1   06:43     02.0     00.0    00.0   05.8     18.5    01:59     WSW
12    18.1    22.1   18:56    14.9   03:40     00.2     00.0    00.0   03.6     16.6    23:45     WNW
13    22.1    31.9   18:41    15.0   05:58     00.0     03.8    00.0   06.5     25.9    20:47     WSW
14    23.9    31.0   14:43    15.8   06:04     00.0     05.6    00.0   08.4     22.2    06:31      W 
15    22.6    28.6   16:19    17.0   00:00     00.0     04.3    07.4   07.6     24.1    16:39      SW
16    17.1    19.7   18:47    15.1   00:00     01.2     00.0    14.6   05.3     20.4    14:41     WSW
17    16.9    23.5   16:39    13.5   23:46     01.4     00.0    06.3   06.9     33.3    16:59     WSW
18    18.0    24.0   16:32    13.4   01:47     00.3     00.0    00.5   07.9     24.1    00:37     WSW
19    17.9    25.5   15:22    11.0   06:39     00.4     00.0    00.0   07.7     20.4    22:37     WSW
20    18.6    25.7   15:39    11.0   06:18     00.0     00.3    00.0   06.7     16.6    02:42     WSW
21    18.2    27.7   14:34    13.4   06:33     00.1     00.0    29.8   06.6     25.9    16:24     WSW
22    19.2    26.3   18:16    13.0   06:58     00.0     00.9    00.0   06.4     27.8    16:53     WNW
23    19.7    26.0   14:34    14.7   06:41     00.0     01.4    02.3   07.1     27.8    14:20     WSW
24    17.8    23.5   16:14    14.4   07:04     00.5     00.0    09.3   06.7     20.4    18:39     WSW
25    17.1    22.9   12:11    13.9   03:55     01.2     00.0    20.7   06.4     38.9    16:36     WSW
26    16.0    18.0   17:37    14.9   04:45     02.3     00.0    04.8   04.2     14.8    22:16     WSW
27    18.5    24.8   16:37    14.1   03:34     00.0     00.2    00.0   07.1     31.4    18:32     WNW
28    17.9    22.5   15:55    14.9   06:44     00.4     00.0    00.0   05.9     16.6    16:52     WSW
29    19.5    25.8   16:59    13.4   06:41     00.0     01.2    00.0   06.2     18.5    20:35     WSW
30    20.8    28.1   17:57    13.5   05:58     00.0     02.5    00.0   06.8     20.4    21:09     WSW
31    22.6    31.2   17:40    14.7   06:31     00.0     04.3    00.0   06.9     18.5    21:45     WSW
----------------------------------------------------------------------------------------------------------------------------------------------------------
19.1 (19.6)   31.9  day 13     10.1  day 11   012.6    037.9   103.9   06.8     38.9   day 25     WSW
Max >=  30: 3
Min <=   30: 31
Max Rain: 29.8 ON 21-05-17
Days of Rain: 11 (> .2mm) 9 (> 2mm) 2 (> 20mm)