MONTHLY CLIMATOLOGICAL SUMMARY for MAY. 2018 NAME: Stenimachos CITY: Naousa STATE: Imathia ELEV: 140 LAT: 040:36:00 LONG: -022:07:00 TEMPERATURE ( °C), RAIN (mm), WIND SPEED (kmh) HEAT COOL AVG MEAN DEG DEG WIND DOM DAY TEMP HIGH TIME LOW TIME DAYS DAYS RAIN SPEED HIGH TIME DIR ---------------------------------------------------------------------------------------------------------------------------------------------------------- 01 21.0 28.8 17:26 14.1 06:55 00.0 02.7 00.0 05.9 16.6 21:30 WSW 02 20.7 27.7 15:37 14.6 06:50 00.0 02.4 00.0 06.8 27.8 16:08 SW 03 18.6 23.0 17:58 14.4 07:00 00.0 00.3 00.0 04.5 14.8 22:29 WSW 04 21.6 28.4 15:43 16.4 01:53 00.0 03.3 00.0 06.4 18.5 18:37 WSW 05 20.4 25.2 18:22 17.2 06:42 00.0 02.1 00.5 07.7 24.1 17:20 WSW 06 18.7 27.2 15:50 14.8 07:44 00.0 00.4 31.9 03.9 29.6 01:44 W 07 20.2 26.3 15:46 15.5 07:29 00.0 01.9 00.8 04.3 22.2 17:39 WSW 08 19.5 23.1 13:29 16.6 07:10 00.0 01.2 00.0 02.3 14.8 23:06 WSW 09 19.4 26.1 14:31 15.2 03:56 00.0 01.1 00.0 04.8 16.6 21:24 WSW 10 16.7 21.2 15:59 13.7 23:47 01.6 00.0 03.4 04.6 20.4 12:04 W 11 17.8 23.2 15:43 13.5 03:26 00.5 00.0 05.2 06.1 27.8 15:46 W 12 19.9 25.9 16:04 13.8 05:52 00.0 01.6 00.9 04.2 20.4 15:57 WSW 13 18.2 22.4 15:08 14.6 06:02 00.1 00.0 03.4 01.9 12.9 06:10 WNW 14 17.2 21.7 18:00 12.9 05:52 01.1 00.0 00.5 03.4 14.8 04:11 W 15 19.7 24.0 16:01 15.0 07:05 00.0 01.4 00.0 02.6 18.5 02:16 W 16 20.8 26.1 16:11 14.9 06:47 00.0 02.5 00.0 03.7 22.2 02:58 W 17 21.7 27.7 14:58 16.4 06:49 00.0 03.4 00.0 04.9 22.2 01:09 SW 18 20.0 27.7 13:15 14.9 06:05 00.0 01.7 00.9 05.2 22.2 15:06 WSW 19 19.6 24.3 17:49 15.8 03:28 00.0 01.3 00.0 03.3 16.6 23:56 W 20 21.4 27.1 17:00 16.2 06:57 00.0 03.1 03.1 04.7 22.2 17:12 WSW 21 18.9 22.5 15:45 16.3 06:06 00.0 00.6 05.8 02.6 16.6 07:12 W 22 21.0 26.2 16:38 15.4 06:45 00.0 02.7 00.0 03.6 16.6 03:32 W 23 20.1 25.6 14:01 16.3 06:52 00.0 01.8 04.1 03.3 18.5 15:38 W 24 20.4 26.9 17:15 15.7 06:16 00.0 02.1 00.0 04.5 20.4 21:32 W 25 22.0 28.6 15:08 15.9 06:47 00.0 03.7 00.0 04.8 40.7 17:54 WSW 26 23.5 30.2 15:50 16.1 04:48 00.0 05.2 00.0 05.5 18.5 11:57 W 27 23.5 30.7 17:09 16.8 06:38 00.0 05.2 00.0 05.4 18.5 21:07 W 28 22.9 29.2 14:53 17.6 06:43 00.0 04.6 00.0 02.9 14.8 04:44 WNW 29 23.3 28.6 16:46 18.0 06:39 00.0 05.0 00.0 03.7 20.4 22:20 W 30 23.4 30.4 15:19 17.6 06:36 00.0 05.1 00.0 03.5 14.8 21:17 W 31 22.6 30.6 16:30 17.2 06:50 00.0 04.3 00.0 04.2 16.6 17:46 W ---------------------------------------------------------------------------------------------------------------------------------------------------------- 20.5 (21.0) 30.7 day 27 12.9 day 14 003.2 070.6 060.5 04.4 40.7 day 25 WSW Max >= 30: 4 Min <= 30: 31 Max Rain: 31.9 ON 6-05-18 Days of Rain: 12 (> .2mm) 7 (> 2mm) 1 (> 20mm)