MONTHLY CLIMATOLOGICAL SUMMARY for MAY. 2021 NAME: Stenimachos CITY: Naousa STATE: Imathia ELEV: 140 LAT: 040:36:00 LONG: -022:07:00 TEMPERATURE ( °C), RAIN (mm), WIND SPEED (kmh) HEAT COOL AVG MEAN DEG DEG WIND DOM DAY TEMP HIGH TIME LOW TIME DAYS DAYS RAIN SPEED HIGH TIME DIR -------------------------------------------------------------------------------------------------------- 01 19.4 25.2 18:40 14.5 05:13 00.0 01.1 00.0 04.6 14.8 22:42 WSW 02 21.9 30.5 18:08 15.0 06:46 00.0 03.6 00.0 03.5 16.6 23:15 WSW 03 22.7 29.7 15:07 15.8 07:08 00.0 04.4 00.0 06.0 22.2 15:28 SW 04 19.6 25.0 14:14 14.0 06:53 00.0 01.3 00.0 06.1 22.2 15:56 WSW 05 18.9 24.5 16:30 14.2 06:32 00.0 00.6 00.0 02.6 14.8 12:09 WSW 06 20.7 28.5 16:13 12.7 06:46 00.0 02.4 00.0 05.4 20.4 16:57 SW 07 19.2 24.0 17:18 14.9 05:20 00.0 00.9 00.0 04.6 16.6 00:00 W 08 21.0 27.8 16:32 13.8 06:52 00.0 02.7 00.0 05.2 27.8 17:22 SW 09 16.9 22.8 15:04 10.5 06:39 01.4 00.0 00.0 04.6 24.1 15:13 S 10 17.4 24.3 16:32 10.4 06:38 00.9 00.0 00.0 04.4 16.6 14:00 WSW 11 18.1 25.8 16:42 11.0 06:35 00.2 00.0 00.0 04.4 14.8 16:32 WSW 12 17.5 23.9 16:48 12.2 06:45 00.8 00.0 00.0 03.2 12.9 13:50 W 13 19.5 26.3 17:26 10.8 06:47 00.0 01.2 00.0 05.4 24.1 21:20 WSW 14 20.7 26.3 17:00 13.9 07:01 00.0 02.4 00.0 05.0 27.8 22:50 WSW 15 16.0 19.9 00:50 12.4 23:55 02.3 00.0 04.1 03.7 16.6 23:10 W 16 18.3 26.5 18:02 10.7 06:41 00.0 00.0 00.0 05.4 24.1 18:59 W 17 21.0 27.8 15:24 15.1 04:47 00.0 02.7 00.0 03.6 18.5 02:35 W 18 22.1 28.7 15:25 15.9 06:45 00.0 03.8 00.0 06.5 42.5 12:20 NW 19 20.6 28.2 16:08 12.2 06:30 00.0 02.3 00.0 06.6 22.2 15:28 WSW 20 20.6 26.5 16:35 15.6 00:00 00.0 02.3 00.0 05.8 33.3 03:57 WNW 21 18.0 23.8 15:25 11.3 05:41 00.3 00.0 00.0 09.5 40.7 09:39 NNW 22 19.3 27.0 15:56 11.7 05:41 00.0 01.0 00.0 05.4 20.4 14:49 WSW 23 20.5 29.6 16:57 11.9 06:28 00.0 02.2 00.0 05.8 18.5 05:42 WSW 24 24.2 33.6 17:28 14.5 06:27 00.0 05.9 00.0 05.2 18.5 18:16 WSW 25 23.8 30.0 17:05 17.3 06:39 00.0 05.5 00.0 03.8 16.6 20:20 W 26 24.0 31.6 16:02 16.2 05:51 00.0 05.7 00.0 05.2 24.1 14:39 SSW 27 23.0 31.0 15:30 17.2 05:42 00.0 04.7 30.3 04.5 22.2 20:10 WSW 28 20.7 28.0 15:35 14.9 06:20 00.0 02.4 00.0 07.5 31.4 19:08 WNW 29 20.9 27.9 16:23 13.1 06:42 00.0 02.6 00.0 05.2 20.4 16:12 WSW 30 19.9 24.7 15:53 15.4 00:00 00.0 01.6 02.4 05.8 20.4 20:39 WSW 31 17.9 23.0 13:53 14.2 23:34 00.4 00.0 00.5 02.5 18.5 23:18 W -------------------------------------------------------------------------------------------------------- 20.1 (20.3) 33.6 day 24 10.4 day 10 006.3 063.4 037.3 05.1 42.6 day 21 W Max >= 30: 5 Min <= 30: 31 Max Rain: 30.3 ON 27-05-21 Days of Rain: 4 (> .2mm) 3 (> 2mm) 1 (> 20mm)