MONTHLY CLIMATOLOGICAL SUMMARY for JUN. 2009

NAME: Stenimachos   CITY: Naoussa STATE: Imathia
ELEV: 140 LAT: 040:36:14 LONG: 0022:07:25

                            TEMPERATURE ( C), RAIN (mm), WIND SPEED (kmh)

                                                 HEAT     COOL           AVG
      MEAN                                       DEG      DEG            WIND                        DOM
DAY   TEMP    HIGH   TIME      LOW     TIME      DAYS     DAYS   RAIN    SPEED    HIGH    TIME       DIR
----------------------------------------------------------------------------------------------------------------------------------------------------------
01    19.2    22.4   16:30    16.1   04:04     00.0     00.9    00.0   05.5     16.7    01:26     WNW
02    20.5    24.8   18:07    16.6   06:41     00.0     02.2    00.0   05.4     18.5    23:26     WNW
03    19.1    25.1   14:41    16.0   21:45     00.0     00.8    02.1   06.5     31.5    16:01     WSW
04    21.4    27.7   17:27    14.5   06:14     00.0     03.1    01.0   09.0     29.6    02:19     WNW
05    21.4    28.2   17:42    14.8   06:26     00.0     03.1    00.0   07.7     24.1    14:35      SW
06    23.0    31.3   17:42    15.6   06:38     00.0     04.7    00.0   07.2     18.5    06:27     WSW
07    24.2    31.5   17:14    17.0   06:16     00.0     05.9    00.0   06.8     20.4    06:28      W 
08    25.5    34.1   16:36    19.7   01:50     00.0     07.2    00.0   07.3     22.2    22:00      W 
09    26.2    33.2   16:50    19.5   05:33     00.0     07.9    00.0   08.1     22.2    01:59     WSW
10    26.1    35.1   17:02    19.8   06:42     00.0     07.8    00.0   07.0     18.5    17:31     WSW
11    26.5    35.2   17:32    19.3   06:22     00.0     08.2    00.0   07.0     16.7    23:13     WSW
12    24.9    29.9   15:52    19.7   23:47     00.0     06.6    00.0   09.8     27.8    11:51      NW
13    22.7    28.2   18:53    17.0   05:58     00.0     04.4    00.0   08.4     20.4    05:09      W 
14    22.8    30.5   18:02    16.4   04:21     00.0     04.5    00.0   08.4     24.1    23:06      W 
15    22.0    27.3   12:29    16.5   04:46     00.0     03.7    00.0   08.7     22.2    11:42     WSW
16    23.7    33.0   16:33    16.0   06:04     00.0     05.4    00.0   08.5     18.5    23:58     WSW
17    25.9    34.9   18:04    17.9   05:48     00.0     07.6    00.0   07.9     22.2    21:59     WSW
18    21.4    26.1   00:33    18.8   21:52     00.0     03.1    04.5   05.2     22.2    11:00      W 
19    22.6    29.0   17:54    16.8   06:06     00.0     04.3    00.0   06.9     20.4    03:08      W 
20    22.5    29.8   15:20    17.1   23:51     00.0     04.2    06.3   09.3     55.5    18:21     WSW
21    21.6    28.8   16:11    16.5   05:55     00.0     03.3    01.0   08.1     38.9    18:29     WSW
24    18.9    21.5   11:04    15.4   23:58     00.0     00.6    02.0   05.4     18.5    00:11      W 
25    19.2    24.7   19:43    14.6   02:06     00.0     00.9    01.0   07.5     20.4    22:07      W 
27    20.7    27.7   16:22    15.1   06:15     00.0     02.4    00.0   08.4     33.3    13:19     WSW
28    20.3    25.8   18:44    16.0   05:33     00.0     02.0    00.0   08.0     20.4    21:17      W 
29    22.4    28.3   17:26    17.4   06:05     00.0     04.1    00.0   06.6     20.4    00:07      W 
30    22.2    26.9   18:36    17.7   06:31     00.0     03.9    00.0   08.2     22.2    14:29      W 
----------------------------------------------------------------------------------------------------------------------------------------------------------
22.5 (22.9)   35.2  day 11     14.5  day 04   000.0    112.8   030.3   07.5     55.5   day 20      W 
Max >=  30: 9
Min <=   30: 27
Max Rain: 6.3 ON 20-06-09
Days of Rain: 7 (> .2mm) 3 (> 2mm) 0 (> 20mm)