MONTHLY CLIMATOLOGICAL SUMMARY for JUN. 2010

NAME: Stenimachos   CITY: Naoussa STATE: Imathia
ELEV: 140 LAT: 040:36:14 LONG: 0022:07:25

                            TEMPERATURE ( C), RAIN (mm), WIND SPEED (kmh)

                                                 HEAT     COOL           AVG
      MEAN                                       DEG      DEG            WIND                        DOM
DAY   TEMP    HIGH   TIME      LOW     TIME      DAYS     DAYS   RAIN    SPEED    HIGH    TIME       DIR
----------------------------------------------------------------------------------------------------------------------------------------------------------
01    20.5    24.3   06:17    15.6   00:00     00.0     02.2    00.0   07.5     22.2    11:29      SW
02    18.6    24.3   17:53    13.2   06:45     00.0     00.3    00.3   06.7     24.1    21:22     WSW
03    18.6    22.7   17:53    15.4   08:05     00.0     00.3    17.4   05.6     18.5    23:14      W 
04    19.4    24.7   16:15    14.8   05:49     00.0     01.1    30.7   06.7     31.5    21:36      W 
05    17.4    20.6   18:57    15.4   23:51     00.9     00.0    13.7   08.1     20.4    23:27     WSW
06    20.0    24.9   14:54    15.6   00:48     00.0     01.7    00.0   05.7     16.7    00:48      SW
07    20.7    27.4   17:38    14.9   06:18     00.0     02.4    00.0   08.4     20.4    21:56     WSW
08    22.0    29.4   18:08    15.3   05:00     00.0     03.7    00.0   07.7     20.4    20:53     WSW
09    23.9    30.5   17:04    18.1   06:33     00.0     05.6    00.0   06.8     22.2    21:03      W 
10    24.9    32.2   16:55    18.9   05:59     00.0     06.6    00.0   07.1     18.5    04:26     WSW
11    25.5    33.8   17:15    18.1   06:16     00.0     07.2    00.0   07.9     20.4    23:14     WSW
12    26.1    33.1   16:16    19.4   06:25     00.0     07.8    00.0   07.7     16.7    21:44     WSW
13    27.0    34.4   16:31    20.1   06:35     00.0     08.7    00.0   07.0     20.4    21:17     WSW
14    27.1    34.1   15:33    20.7   06:21     00.0     08.8    00.0   07.0     18.5    04:58     WSW
15    27.8    36.4   16:25    20.8   06:35     00.0     09.5    00.0   07.1     18.5    23:03     WSW
16    28.5    35.4   17:44    23.2   06:47     00.0     10.2    00.0   06.4     14.8    06:41     WSW
17    28.3    35.1   16:00    21.5   06:20     00.0     10.0    00.0   07.8     20.4    13:31      SW
18    24.7    31.0   14:03    18.1   00:00     00.0     06.4    11.8   07.5     27.8    14:35      W 
19    22.5    28.1   16:06    17.9   00:42     00.0     04.2    03.6   06.8     20.4    21:13     WSW
20    21.0    25.6   13:37    17.3   03:19     00.0     02.7    00.0   07.4     31.5    14:19      W 
21    19.9    25.4   11:53    16.1   06:14     00.0     01.6    01.1   08.0     75.9    14:59     WSW
22    19.5    24.9   16:06    15.9   08:11     00.0     01.2    00.5   06.7     27.8    19:05     WSW
23    20.0    23.9   14:25    14.3   06:30     00.0     01.7    00.0   10.2     31.5    15:07      NW
24    21.3    24.8   17:29    17.9   00:45     00.0     03.0    00.0   10.8     37.0    09:41     NNW
25    20.9    25.3   19:07    15.1   06:06     00.0     02.6    00.0   08.6     25.9    00:28     WNW
26    21.6    26.5   16:48    15.2   06:32     00.0     03.3    00.0   07.9     22.2    01:09      SW
27    21.4    28.0   17:12    16.2   06:48     00.0     03.1    00.5   08.8     25.9    21:13      SW
28    21.6    28.2   18:23    16.3   06:09     00.0     03.3    06.3   07.9     40.7    19:02     WSW
29    23.3    30.3   17:01    17.2   06:23     00.0     05.0    00.0   09.1     22.2    17:53      W 
30    24.3    30.0   23:52    18.8   23:52     00.0     04.6    00.0   03.7     03.7    23:52      W 
----------------------------------------------------------------------------------------------------------------------------------------------------------
22.8 (22.8)   36.4  day 15     13.2  day 02   000.9    368.5   085.9   05.9     75.8   day 21      W 
Max >=  30: 11
Min <=   30: 82
Max Rain: 30.7 ON 4-06-10
Days of Rain: 10 (> .2mm) 6 (> 2mm) 1 (> 20mm)