MONTHLY CLIMATOLOGICAL SUMMARY for JUN. 2011

NAME: Stenimachos   CITY: Naoussa STATE: Imathia
ELEV: 140 LAT: 040:36:14 LONG: 0022:07:25

                            TEMPERATURE ( C), RAIN (mm), WIND SPEED (kmh)

                                               HEAT     COOL           AVG
      MEAN                                     DEG      DEG            WIND                       DOM
DAY   TEMP    HIGH   TIME     LOW    TIME      DAYS     DAYS    RAIN   SPEED    HIGH    TIME      DIR
----------------------------------------------------------------------------------------------------------------------------------------------------------
01    20.8    27.2   16:12    14.7   06:19     00.0     02.5    00.0   07.2     18.5    01:38     WSW
02    22.1    28.8   14:22    17.2   06:21     00.0     03.8    00.0   07.2     22.2    16:20      SW
03    20.5    27.7   14:17    16.6   23:36     00.0     02.2    06.9   08.9     29.6    15:48     WSW
04    20.5    24.4   18:52    16.7   04:19     00.0     02.2    01.6   06.7     18.5    04:03     WSW
05    22.8    29.0   17:11    16.4   06:25     00.0     04.5    00.0   07.6     20.4    01:53      SW
06    22.6    29.1   15:03    17.3   05:09     00.0     04.3    00.0   07.8     18.5    16:19     WSW
07    22.4    27.5   14:10    17.1   06:13     00.0     04.1    00.0   06.2     14.8    06:23      W 
08    22.7    28.5   18:04    17.7   06:21     00.0     04.4    00.0   06.4     14.8    23:37      W 
09    24.0    32.0   16:35    16.9   06:25     00.0     05.7    00.0   07.9     24.1    23:30     WSW
10    23.1    28.6   13:51    17.7   05:40     00.0     04.8    00.0   08.5     24.1    14:12      W 
11    20.7    27.7   23:00    17.0   06:00     00.0     02.4    00.0   07.7     18.5    02:58     WSW
12    20.8    26.0   19:00    17.6   06:17     00.0     02.5    00.9   08.7     27.8    14:31      W 
13    22.2    28.0   18:39    16.3   05:09     00.0     03.9    00.0   08.9     18.5    23:33      W 
14    22.5    29.4   17:38    17.0   05:18     00.0     04.2    00.0   08.3     24.1    23:25     WSW
15    20.7    26.4   16:05    16.7   04:19     00.0     02.4    12.7   08.0     24.1    20:10     WSW
16    21.9    28.7   18:08    15.9   04:47     00.0     03.6    00.0   07.2     18.5    22:12     WSW
17    23.5    31.0   17:23    16.9   06:16     00.0     05.2    00.0   07.9     18.5    22:03      SW
18    23.8    31.2   17:01    18.8   06:00     00.0     05.5    00.0   08.2     14.8    21:48     WSW
19    26.2    31.2   17:25    18.9   06:15     00.0     07.9    00.0   06.6     18.5    16:11     WSW
20    27.6    32.0   17:12    19.2   10:00     00.0     09.3    00.0   06.6     18.5    18:49      NW
21    23.7    30.5   18:47    18.3   06:32     00.0     05.4    00.0   07.5     20.4    22:13     WSW
22    20.3    30.0   23:03    17.4   04:36     00.0     02.0    00.0   07.8     16.6    06:20     WSW
23    21.9    25.0   16:05    18.7   04:19     00.0     02.4    00.0   08.0     24.1    20:10     WSW
24    26.9    33.7   18:08    18.9   05:47     00.0     03.6    00.0   07.2     18.5    22:12     SW
25    26.2    32.0   17:11    20.4   06:25     00.0     04.5    00.0   07.6     24.4    01:53      SW
26    22.3    26.9   15:03    17.6   05:09     00.0     04.3    00.0   07.8     18.5    16:19     WSW
27    21.9    27.2   16:12    16.5   06:19     00.0     02.5    00.0   07.2     18.5    01:38     WSW
28    21.7    27.1   14:22    16.4   06:21     00.0     03.8    00.0   07.2     30.2    16:20      SW
29    22.4    26.9   16:35    18.0   06:25     00.0     05.7    00.0   07.9     24.1    23:30     WSW
30    23.1    31.1   14:51    15.2   05:40     00.0     04.8    00.0   08.5     24.1    14:12      W 
----------------------------------------------------------------------------------------------------------------------------------------------------------
22.7 (22.4)   33.7  day 24     14.7  day 01   000.0    092.6   022.1   07.6     30.2   day 28     SW
Max >=  30: 7
Min <=   30: 22
Max Rain: 12.7 ON 15-06-11
Days of Rain: 4 (> .2mm) 2 (> 2mm) 0 (> 20mm)