MONTHLY CLIMATOLOGICAL SUMMARY for JUN. 2012

NAME: Stenimachos   CITY: Naousa STATE: Imathia
ELEV: 140 LAT: 040:36:00 LONG: -022:07:00

                            TEMPERATURE ( C), RAIN (mm), WIND SPEED (kmh)

                                               HEAT     COOL           AVG
      MEAN                                     DEG      DEG            WIND                       DOM
DAY   TEMP    HIGH   TIME     LOW    TIME      DAYS     DAYS    RAIN   SPEED    HIGH    TIME      DIR
----------------------------------------------------------------------------------------------------------------------------------------------------------
01    20.3    26.1   16:42    14.4   05:55     00.0     02.0    01.7   07.0     18.5    21:18     WSW
02    20.9    28.1   17:28    15.2   06:14     00.0     02.6    00.0   08.3     18.5    05:43      SW
03    22.4    28.7   15:30    16.1   05:27     00.0     04.1    00.0   07.4     14.8    21:40     WSW
04    23.1    29.2   15:33    16.8   06:10     00.0     04.8    00.0   07.2     18.5    21:38      W 
05    20.8    24.6   10:42    17.3   05:45     00.0     02.5    01.1   07.6     16.7    05:43     WSW
06    22.1    27.8   16:12    16.4   06:42     00.0     03.8    00.0   06.3     16.7    10:46     WNW
07    22.2    29.7   16:16    15.3   05:27     00.0     03.9    00.0   07.9     16.7    13:31     WSW
08    23.3    30.6   16:46    17.2   06:01     00.0     05.0    00.0   06.6     14.8    21:18      W 
09    24.6    32.8   17:03    17.0   06:23     00.0     06.3    00.0   06.6     14.8    21:00     WSW
10    25.2    31.4   17:18    19.1   06:28     00.0     06.9    00.0   06.3     14.8    01:36     WNW
11    24.7    32.0   17:24    19.1   06:26     00.0     06.4    00.0   06.6     16.7    22:20      W 
12    26.1    33.6   16:38    19.0   05:47     00.0     07.8    00.0   08.4     20.4    04:33      SW
13    27.1    34.7   17:25    19.6   05:36     00.0     08.8    00.0   08.0     20.4    21:42     WSW
14    26.2    33.9   16:23    18.4   05:30     00.0     07.9    00.0   10.3     20.4    21:18     WSW
15    26.3    31.5   16:50    21.0   02:45     00.0     08.0    00.0   10.5     20.4    02:00     WSW
16    25.6    32.0   17:32    19.9   06:10     00.0     07.3    00.0   08.3     22.2    22:05      W 
17    25.4    31.0   16:07    20.1   05:25     00.0     07.1    00.0   08.1     18.5    21:50     WSW
18    25.1    32.5   16:40    18.7   04:46     00.0     06.8    00.0   09.3     20.4    04:40     WSW
19    26.5    34.4   16:27    19.6   04:51     00.0     08.2    00.0   09.0     22.2    22:57     WSW
20    27.8    34.6   18:09    21.2   05:36     00.0     09.5    00.0   09.1     20.4    21:44     WSW
21    27.6    34.4   17:46    21.4   04:34     00.0     09.3    00.0   09.4     20.4    22:11     WSW
22    27.9    35.2   17:27    20.6   06:15     00.0     09.6    00.0   09.7     24.1    15:37     WSW
23    29.1    36.2   16:17    22.8   03:35     00.0     10.8    00.0   08.3     22.2    21:40     WSW
24    26.3    33.5   13:16    20.8   23:57     00.0     08.0    07.5   08.5     24.1    19:11      W 
25    25.2    31.5   17:16    18.7   03:06     00.0     06.9    00.0   08.6     13.0    00:00     WSW
26    27.0    33.8   17:12    20.1   06:42     00.0     08.7    00.0   08.8     18.5    06:02     WSW
27    24.3    29.1   18:22    20.5   07:28     00.0     06.0    00.0   07.4     22.2    22:50      SW
28    24.0    30.1   16:35    18.0   04:28     00.0     05.7    00.0   08.7     20.4    02:27      SW
29    24.5    32.0   17:44    17.2   06:27     00.0     06.2    00.0   08.5     16.7    21:52     WSW
30    25.7    32.5   17:16    19.3   06:14     00.0     07.4    00.0   08.2     14.8    15:49      SW
----------------------------------------------------------------------------------------------------------------------------------------------------------
24.9 (25.1)   36.2  day 23     14.4  day 01   000.0    198.1   010.3   08.2     24.1   day 24     WSW
Max >=  30: 22
Min <=   30: 30
Max Rain: 7.5 ON 24-06-12
Days of Rain: 3 (> .2mm) 1 (> 2mm) 0 (> 20mm)