MONTHLY CLIMATOLOGICAL SUMMARY for JUN. 2013

NAME: Stenimachos   CITY: Naousa STATE: Imathia
ELEV: 140 LAT: 040:36:00 LONG: -022:07:00

                            TEMPERATURE ( C), RAIN (mm), WIND SPEED (kmh)

                                               HEAT     COOL           AVG
      MEAN                                     DEG      DEG            WIND                       DOM
DAY   TEMP    HIGH   TIME     LOW    TIME      DAYS     DAYS    RAIN   SPEED    HIGH    TIME      DIR
----------------------------------------------------------------------------------------------------------------------------------------------------------
01    19.3    24.6   16:14    12.0   05:11     00.0     01.0    00.0   07.2     29.6    00:07      W 
02    18.1    22.3   15:12    14.4   00:00     00.2     00.0    00.0   07.9     22.2    01:54     WSW
03    20.1    26.2   15:25    12.8   06:11     00.0     01.8    00.0   08.2     20.4    21:39     WSW
04    18.5    22.2   18:26    14.4   06:48     00.0     00.2    17.5   06.2     20.4    15:29      W 
05    18.1    23.3   17:27    14.1   06:51     00.2     00.0    03.2   06.8     31.4    19:31     WSW
06    20.4    26.7   16:46    14.3   05:54     00.0     02.1    00.0   06.7     22.2    04:25      W 
07    21.8    26.9   17:09    16.3   07:03     00.0     03.5    05.3   05.0     20.4    13:54      S 
08    21.1    28.0   16:37    14.9   06:26     00.0     02.8    00.0   06.0     22.2    13:17     WSW
09    22.8    29.3   17:28    17.1   06:54     00.0     04.5    00.0   05.1     16.6    17:17     WSW
10    21.2    28.8   15:17    16.5   05:56     00.0     02.9    36.7   06.1     24.1    17:56      W 
11    19.4    24.7   16:22    15.7   23:07     00.0     01.1    03.5   08.2     25.9    19:37     WSW
12    18.6    23.6   13:19    13.5   06:28     00.0     00.3    03.0   05.7     12.9    00:00      SW
13    20.6    26.8   18:39    15.7   06:43     00.0     02.3    01.3   06.9     31.4    19:31     WSW
14    23.0    29.1   17:55    17.8   01:46     00.0     04.7    00.0   06.8     16.6    05:04     WSW
15    25.3    32.2   17:23    17.8   05:06     00.0     07.0    00.0   04.7     18.5    03:37     WSW
16    26.0    33.3   18:18    18.7   05:50     00.0     07.7    00.0   05.6     22.2    21:10     WSW
17    26.4    33.8   16:18    18.7   06:01     00.0     08.1    00.0   05.6     20.4    22:35     WSW
18    27.4    34.8   16:22    20.6   06:10     00.0     09.1    00.0   06.2     20.4    22:52     WSW
19    27.9    35.9   16:53    20.8   06:33     00.0     09.6    00.0   06.6     22.2    21:55     WSW
20    27.8    34.6   16:58    21.5   06:24     00.0     09.5    00.0   04.0     14.8    17:04      W 
21    26.2    32.9   17:03    20.3   06:00     00.0     07.9    00.0   03.1     12.9    05:30     WNW
22    26.1    31.9   18:36    20.3   06:33     00.0     07.8    00.0   03.2     12.9    22:02      W 
23    26.1    32.0   13:12    20.5   06:23     00.0     07.8    00.0   03.6     18.5    23:31     WSW
24    27.0    32.9   17:10    20.9   07:14     00.0     08.7    00.0   04.7     18.5    17:40      SW
25    27.0    33.6   16:34    20.2   06:22     00.0     08.7    00.0   04.7     16.6    18:32     WSW
26    24.7    29.7   16:19    19.1   06:41     00.0     06.4    01.1   03.9     16.6    02:08      SW
27    21.2    25.3   18:01    18.4   06:47     00.0     02.9    02.8   02.6     20.4    00:21     WSW
28    22.0    28.5   17:47    16.7   06:38     00.0     03.7    00.0   05.2     16.6    21:56     WSW
29    23.0    29.0   14:15    16.9   00:00     00.0     04.7    00.5   04.0     20.4    21:43      W 
30    20.4    25.1   18:11    15.4   05:37     00.0     02.1    00.0   09.8     40.7    13:23     NNW
----------------------------------------------------------------------------------------------------------------------------------------------------------
22.9 (23.1)   35.9  day 19     12.0  day 01   000.4    138.8   074.9   05.7     40.7   day 13     WSW
Max >=  30: 11
Min <=   30: 30
Max Rain: 36.7 ON 10-06-13
Days of Rain: 10 (> .2mm) 7 (> 2mm) 1 (> 20mm)