MONTHLY CLIMATOLOGICAL SUMMARY for JUN. 2014

NAME: Stenimachos   CITY: Naousa STATE: Imathia
ELEV: 140 LAT: 040:36:00 LONG: -022:07:00

                            TEMPERATURE ( C), RAIN (mm), WIND SPEED (kmh)

                                               HEAT     COOL           AVG
      MEAN                                     DEG      DEG            WIND                       DOM
DAY   TEMP    HIGH   TIME     LOW    TIME      DAYS     DAYS    RAIN   SPEED    HIGH    TIME      DIR
----------------------------------------------------------------------------------------------------------------------------------------------------------
01    18.2    23.9   18:20    12.2   06:12     00.1     00.0    00.0   06.4     20.4    14:27      W 
02    19.1    23.3   17:44    15.0   00:00     00.0     00.8    00.0   08.0     24.1    15:06     WNW
03    17.0    21.8   14:39    11.7   05:56     01.3     00.0    02.4   06.7     18.5    12:33      SW
04    17.7    23.5   16:59    13.9   03:39     00.6     00.0    01.4   07.1     22.2    09:41     WSW
05    22.1    28.4   16:41    14.6   06:09     00.0     03.8    00.0   11.4     24.1    14:11     WNW
06    25.0    30.2   17:03    19.3   06:24     00.0     06.7    00.0   10.3     35.1    03:12      NW
07    25.5    31.5   17:40    18.2   05:08     00.0     07.2    00.0   08.6     22.2    23:30     WNW
08    23.5    30.9   14:51    18.6   21:42     00.0     05.2    08.6   10.6     46.3    15:20     WSW
09    21.8    31.1   15:38    16.7   02:16     00.0     03.5    10.7   10.5     46.3    16:23     WSW
10    25.5    31.6   17:42    18.9   00:08     00.0     07.2    00.0   08.4     22.2    21:01     WSW
11    25.4    34.1   17:09    19.2   05:53     00.0     07.1    07.7   09.2     42.5    18:44      W 
12    22.7    31.2   12:35    19.4   06:58     00.0     04.4    00.0   08.2     22.2    04:42     WSW
13    25.2    32.4   17:34    18.6   08:01     00.0     06.9    00.0   07.8     22.2    21:16     WSW
14    24.3    30.6   13:32    19.4   06:05     00.0     06.0    00.3   07.5     20.4    18:11     WSW
15    21.2    28.6   14:37    16.3   00:00     00.0     02.9    00.5   07.2     27.8    18:00     WSW
16    21.9    28.6   16:31    15.6   03:05     00.0     03.6    00.0   07.4     16.6    23:48      W 
17    22.1    27.6   17:01    17.7   04:16     00.0     03.8    00.0   06.8     20.4    18:44     WSW
18    22.9    28.6   15:36    17.8   04:33     00.0     04.6    02.2   06.7     18.5    06:44      W 
19    20.3    25.8   12:28    16.4   06:35     00.0     02.0    17.5   08.1     46.3    13:08      SW
20    22.0    27.1   17:07    16.4   06:01     00.0     03.7    00.0   10.1     29.6    15:12      NW
21    21.6    27.2   14:46    16.0   06:15     00.0     03.3    00.0   07.5     20.4    16:05     WSW
22    22.3    28.7   17:01    16.3   05:38     00.0     04.0    00.0   08.9     22.2    16:30      SW
23    23.4    30.6   17:26    15.9   06:41     00.0     05.1    00.0   07.7     18.5    05:32     WSW
24    24.2    31.2   15:46    18.2   05:36     00.0     05.9    00.0   07.5     20.4    23:56     WSW
25    24.5    31.7   17:33    19.7   06:25     00.0     06.2    00.0   06.8     20.4    22:25      W 
26    27.1    36.7   15:00    20.3   05:11     00.0     08.8    00.0   07.3     31.4    15:14      W 
27    25.9    33.3   14:20    20.0   23:50     00.0     07.6    01.6   09.7     24.1    20:31     WSW
28    23.6    29.9   17:45    17.6   06:31     00.0     05.3    00.0   08.2     22.2    03:27      SW
29    23.6    28.8   17:38    18.7   06:39     00.0     05.3    00.0   06.9     18.5    18:41      W 
30    23.6    28.9   15:23    18.0   06:32     00.0     05.3    00.0   06.8     18.5    16:54     WNW
----------------------------------------------------------------------------------------------------------------------------------------------------------
22.8 (23.2)   36.7  day 26     11.7  day 03   001.9    136.1   053.1   08.1     46.3   day 19      W 
Max >=  30: 14
Min <=   30: 30
Max Rain: 17.5 ON 19-06-14
Days of Rain: 10 (> .2mm) 6 (> 2mm) 0 (> 20mm)