MONTHLY CLIMATOLOGICAL SUMMARY for JUN. 2015

NAME: Stenimachos   CITY: Naousa STATE: Imathia
ELEV: 140 LAT: 040:36:00 LONG: -022:07:00

                            TEMPERATURE ( C), RAIN (mm), WIND SPEED (kmh)

                                               HEAT     COOL           AVG
      MEAN                                     DEG      DEG            WIND                       DOM
DAY   TEMP    HIGH   TIME     LOW    TIME      DAYS     DAYS    RAIN   SPEED    HIGH    TIME      DIR
----------------------------------------------------------------------------------------------------------------------------------------------------------
01    21.3    28.0   15:57    14.4   06:45     00.0     03.0    00.0   07.1     16.6    16:54     WSW
02    22.1    28.2   17:10    15.3   06:32     00.0     03.8    00.0   07.1     20.4    22:01     WSW
03    23.3    30.3   19:04    17.1   06:25     00.0     05.0    00.0   07.6     24.1    14:33     WSW
04    24.0    32.4   17:27    17.2   05:49     00.0     05.7    00.9   08.3     27.8    20:05      W 
05    21.1    29.7   17:22    17.5   23:12     00.0     02.8    16.4   09.4     62.9    19:08     WSW
06    23.0    29.6   16:35    17.2   05:17     00.0     04.7    00.0   08.1     22.2    21:28     WSW
07    21.7    26.3   15:21    18.9   06:50     00.0     03.4    00.0   07.6     27.8    16:05     WSW
08    19.7    23.2   18:15    16.2   06:54     00.0     01.4    03.6   05.7     18.5    04:20      SW
09    21.2    27.8   16:57    15.9   07:12     00.0     02.9    00.0   06.7     20.4    22:53      W 
10    22.8    28.0   12:19    16.3   05:22     00.0     04.5    00.0   07.4     20.4    23:32     WSW
11    23.6    30.3   16:58    17.7   06:27     00.0     05.3    01.1   08.3     27.8    21:31     WSW
12    23.6    31.2   16:55    00.0   23:36     00.0     05.3    00.0   08.0     20.4    02:10     WSW
13    24.7    31.5   17:33    18.2   06:33     00.0     06.4    06.9   09.1     42.5    20:48     WSW
14    24.7    32.4   17:33    17.6   05:46     00.0     06.4    00.0   06.9     18.5    01:22      W 
15    26.4    34.1   18:01    18.7   06:20     00.0     08.1    00.0   07.8     22.2    20:16     WSW
16    27.6    33.2   17:23    21.0   04:05     00.0     09.3    00.0   11.5     38.9    13:20     WNW
17    24.1    30.6   14:35    18.3   23:22     00.0     05.8    04.4   08.2     24.1    18:02     WSW
18    18.7    22.7   14:54    16.7   07:13     00.0     00.4    03.8   06.2     24.1    00:44      W 
19    21.0    26.5   19:22    15.4   06:08     00.0     02.7    00.3   07.7     18.5    22:09     WSW
20    20.9    27.0   15:50    16.5   06:57     00.0     02.6    08.5   07.4     24.1    22:57     WSW
21    18.6    21.4   18:14    16.7   03:13     00.0     00.3    03.3   06.4     20.4    01:13     WSW
22    20.2    25.5   18:42    15.0   06:56     00.0     01.9    00.0   06.9     16.6    22:50      W 
24    21.9    29.5   15:39    14.2   06:20     00.0     03.6    00.3   07.4     20.4    14:07      SW
25    22.0    27.1   16:32    17.3   00:00     00.0     03.7    00.0   08.2     20.4    11:56     WNW
26    20.4    25.5   15:33    14.9   06:23     00.0     02.1    00.0   09.2     27.8    21:44      NW
27    21.5    27.3   17:35    16.3   06:21     00.0     03.2    00.0   05.6     16.6    21:14     WNW
28    23.1    28.7   14:39    18.1   05:51     00.0     04.8    00.0   08.0     27.8    20:13     WSW
29    23.5    29.5   16:53    18.6   06:24     00.0     05.2    00.0   07.2     24.1    18:32     WNW
30    20.8    26.4   14:14    17.2   23:26     00.0     02.5    04.4   06.7     29.6    15:35     WSW
----------------------------------------------------------------------------------------------------------------------------------------------------------
22.3 (22.4)   34.1  day 15     00.0  day 12   000.0    116.8   053.9   07.7     62.9   day 05     WSW
Max >=  30: 9
Min <=   30: 29
Max Rain: 16.4 ON 5-06-15
Days of Rain: 12 (> .2mm) 8 (> 2mm) 0 (> 20mm)