MONTHLY CLIMATOLOGICAL SUMMARY for JUN. 2016

NAME: Stenimachos   CITY: Naousa STATE: Imathia
ELEV: 140 LAT: 040:36:00 LONG: -022:07:00

                            TEMPERATURE ( C), RAIN (mm), WIND SPEED (kmh)

                                               HEAT     COOL           AVG
      MEAN                                     DEG      DEG            WIND                       DOM
DAY   TEMP    HIGH   TIME     LOW    TIME      DAYS     DAYS    RAIN   SPEED    HIGH    TIME      DIR
----------------------------------------------------------------------------------------------------------------------------------------------------------
01    23.6    30.1   17:35    16.8   06:28     00.0     05.3    00.0   05.2     25.9    20:39     WSW
02    23.8    30.8   14:14    17.0   06:39     00.0     05.5    00.0   05.0     20.4    03:43      SW
03    23.4    30.3   16:06    16.7   06:42     00.0     05.1    00.0   05.8     20.4    15:03     WSW
04    23.1    29.6   14:54    15.5   06:27     00.0     04.8    00.0   05.5     22.2    21:51     WSW
05    21.6    29.3   16:46    16.2   05:37     00.0     03.3    08.0   06.5     53.6    18:42     WSW
06    21.8    27.7   18:34    15.5   06:42     00.0     03.5    00.3   05.3     20.4    14:43     WSW
07    21.2    27.0   15:02    17.6   00:00     00.0     02.9    00.5   06.3     22.2    21:53     WSW
08    19.2    23.7   18:44    14.9   06:16     00.0     00.9    00.0   04.2     18.5    12:23     WSW
09    19.4    25.7   17:53    14.2   05:43     00.0     01.1    02.4   03.5     18.5    20:41      W 
10    19.8    25.6   17:00    15.9   06:29     00.0     01.5    00.0   04.0     16.6    15:54      W 
11    21.9    29.7   16:57    14.6   06:16     00.0     03.6    00.0   06.7     22.2    17:14      SW
12    22.9    30.2   16:52    16.1   05:27     00.0     04.6    00.0   05.5     18.5    06:08     WSW
13    20.9    24.2   11:12    17.2   00:00     00.0     02.6    01.8   03.5     24.1    22:19      W 
14    21.1    29.2   17:14    15.6   06:19     00.0     02.8    00.0   05.5     22.2    12:30     WSW
15    24.3    32.4   16:04    16.1   05:58     00.0     06.0    00.0   07.4     25.9    23:46      W 
16    26.0    33.1   17:18    17.5   06:38     00.0     07.7    00.0   06.9     27.8    00:35     WSW
17    25.8    32.9   18:06    18.7   06:49     00.0     07.5    00.0   05.7     18.5    22:04      W 
18    27.8    36.1   16:46    20.6   05:30     00.0     09.5    00.0   04.5     18.5    01:25     WSW
19    25.7    32.9   18:01    20.5   05:06     00.0     07.4    00.0   05.1     20.4    05:16     WSW
20    27.2    33.6   15:04    22.0   06:38     00.0     08.9    00.0   05.6     18.5    04:33     WSW
21    29.4    37.0   16:58    22.8   06:57     00.0     11.1    00.0   05.3     18.5    04:34     WSW
22    29.5    36.6   16:13    23.0   05:05     00.0     11.2    00.0   05.8     16.6    21:20     WSW
23    30.3    36.6   17:03    23.7   06:55     00.0     12.0    00.0   04.5     18.5    06:24     WSW
24    29.1    36.4   16:05    22.8   06:32     00.0     10.8    00.0   04.9     22.2    14:38      W 
25    28.0    34.8   15:10    22.0   06:45     00.0     09.7    00.0   04.1     16.6    13:10     WSW
26    27.1    33.9   15:52    22.1   05:57     00.0     08.8    00.0   04.3     20.4    20:44     WSW
27    27.3    35.5   17:10    20.2   06:53     00.0     09.0    00.0   04.9     37.0    21:04     WSW
28    25.0    31.2   15:07    19.9   06:35     00.0     06.7    00.5   07.5     27.8    20:18      W 
29    25.4    31.6   16:05    18.1   05:52     00.0     07.1    00.0   07.7     24.1    12:35     WNW
30    26.5    33.2   15:59    19.1   06:40     00.0     08.2    00.0   07.5     24.1    15:48     SSW
----------------------------------------------------------------------------------------------------------------------------------------------------------
24.6 (24.9)   37.0  day 21     14.2  day 09   000.0    189.3   013.5   05.5     53.7   day 05     WSW
Max >=  30: 20
Min <=   30: 30
Max Rain: 8.0 ON 5-06-16
Days of Rain: 6 (> .2mm) 2 (> 2mm) 0 (> 20mm)