MONTHLY CLIMATOLOGICAL SUMMARY for JUN. 2017

NAME: Stenimachos   CITY: Naousa STATE: Imathia
ELEV: 140 LAT: 040:36:00 LONG: -022:07:00

                            TEMPERATURE ( C), RAIN (mm), WIND SPEED (kmh)

                                               HEAT     COOL           AVG
      MEAN                                     DEG      DEG            WIND                       DOM
DAY   TEMP    HIGH   TIME     LOW    TIME      DAYS     DAYS    RAIN   SPEED    HIGH    TIME      DIR
----------------------------------------------------------------------------------------------------------------------------------------------------------
01    24.3    32.1   15:23    17.2   06:30     00.0     06.0    00.0   06.3     18.5    21:25     WSW
02    24.6    32.2   15:57    18.8   06:12     00.0     06.3    00.0   06.2     22.2    03:13      W 
03    21.4    28.2   13:31    17.5   00:00     00.0     03.1    10.0   08.1     44.4    16:44      W 
04    22.2    28.5   16:33    16.8   05:17     00.0     03.9    00.0   06.3     24.1    12:15     WSW
05    22.7    29.7   16:08    17.3   06:47     00.0     04.4    00.0   06.5     16.6    23:34     WSW
06    22.9    29.8   16:24    16.1   06:12     00.0     04.6    00.0   06.4     18.5    17:53     WSW
07    22.9    29.5   16:20    17.3   06:33     00.0     04.6    00.9   05.8     20.4    21:26      W 
08    21.9    26.8   15:18    18.4   05:55     00.0     03.6    00.0   05.6     20.4    19:07     WSW
09    22.1    29.4   17:09    15.2   06:10     00.0     03.8    00.0   08.0     25.9    10:07      W 
10    22.8    30.0   16:43    15.6   06:26     00.0     04.5    00.0   08.3     20.4    18:15     SSW
11    19.6    24.4   17:11    17.6   21:48     00.0     01.3    10.0   05.9     24.1    17:29     WSW
12    22.9    28.9   17:37    17.5   05:39     00.0     04.6    00.0   05.8     20.4    22:22     WSW
13    24.4    32.7   16:12    16.3   05:37     00.0     06.1    00.0   08.0     22.2    22:07     WSW
14    26.4    35.0   15:55    20.0   05:59     00.0     08.1    01.7   07.7     46.3    20:03     WSW
15    23.1    29.4   15:29    18.3   05:37     00.0     04.8    06.2   06.0     31.4    20:26     WSW
16    22.7    26.8   17:35    19.8   00:00     00.0     04.4    00.3   06.0     18.5    00:27     WSW
17    21.5    27.1   15:38    18.8   07:05     00.0     03.2    10.8   06.3     31.4    17:30     WNW
18    20.1    23.6   17:07    16.0   23:57     00.0     01.8    00.0   10.4     40.7    11:43     NNW
19    21.9    27.9   17:49    15.3   02:29     00.0     03.6    00.0   07.5     20.4    11:29     WNW
20    24.6    30.9   14:38    18.2   05:41     00.0     06.3    00.0   07.1     18.5    23:57     WSW
21    25.7    32.6   16:41    17.8   06:21     00.0     07.4    00.0   08.4     22.2    12:28      SW
22    26.4    34.4   15:23    18.0   06:35     00.0     08.1    00.0   07.4     20.4    23:45     WSW
23    28.1    36.3   16:17    20.4   06:23     00.0     09.8    00.0   07.7     22.2    20:43     WSW
24    28.6    36.4   17:13    21.1   04:13     00.0     10.3    00.0   07.1     22.2    18:21     WSW
25    28.7    35.4   16:37    22.1   06:53     00.0     10.4    00.0   07.4     22.2    01:04     WSW
26    25.6    31.2   12:49    20.5   06:30     00.0     07.3    00.0   06.0     20.4    15:43     WSW
27    27.5    34.9   16:38    20.5   06:42     00.0     09.2    00.0   06.0     22.2    17:08      SW
28    27.3    34.7   16:30    20.6   06:25     00.0     09.0    00.0   06.3     31.4    15:56     WSW
29    28.0    35.7   16:26    21.0   06:22     00.0     09.7    00.0   05.2     20.4    23:58      W 
30    30.1    38.9   16:52    22.0   03:43     00.0     11.8    00.0   06.5     20.4    21:13     WSW
----------------------------------------------------------------------------------------------------------------------------------------------------------
24.4 (24.8)   38.9  day 30     15.2  day 09   000.0    182.0   039.9   06.9     46.3   day 03     WSW
Max >=  30: 15
Min <=   30: 30
Max Rain: 10.8 ON 17-06-17
Days of Rain: 7 (> .2mm) 4 (> 2mm) 0 (> 20mm)