MONTHLY CLIMATOLOGICAL SUMMARY for JUN. 2018 NAME: Stenimachos CITY: Naousa STATE: Imathia ELEV: 140 LAT: 040:36:00 LONG: -022:07:00 TEMPERATURE ( °C), RAIN (mm), WIND SPEED (kmh) HEAT COOL AVG MEAN DEG DEG WIND DOM DAY TEMP HIGH TIME LOW TIME DAYS DAYS RAIN SPEED HIGH TIME DIR ---------------------------------------------------------------------------------------------------------------------------------------------------------- 01 24.1 31.5 17:34 17.1 06:39 00.0 05.8 00.0 05.2 20.4 22:16 WSW 02 24.4 33.1 15:31 18.0 06:26 00.0 06.1 00.0 07.7 31.4 20:05 WSW 03 23.3 32.5 16:49 16.4 06:24 00.0 05.0 00.3 05.2 22.2 18:49 W 04 25.0 32.7 16:16 17.6 06:26 00.0 06.7 00.0 05.8 18.5 22:34 WSW 05 25.4 32.9 16:45 18.8 05:23 00.0 07.1 00.0 05.4 16.6 17:09 WSW 06 24.3 31.5 15:52 19.0 04:04 00.0 06.0 00.0 06.6 40.7 19:31 W 07 25.2 32.1 17:06 18.9 06:11 00.0 06.9 00.0 04.6 16.6 20:22 W 08 24.4 30.0 17:27 19.4 06:48 00.0 06.1 00.0 04.2 18.5 17:00 W 09 23.2 30.7 14:31 18.7 06:48 00.0 04.9 06.6 05.0 20.4 21:03 W 10 23.4 29.2 16:04 17.4 04:55 00.0 05.1 00.0 07.7 29.6 16:16 W 11 25.2 32.4 16:35 18.5 05:50 00.0 06.9 00.0 05.7 20.4 15:24 WSW 12 25.7 32.6 16:24 19.0 06:42 00.0 07.4 00.0 04.3 16.6 03:58 WSW 13 24.7 31.5 14:45 19.3 06:30 00.0 06.4 00.0 03.8 14.8 22:16 W 14 22.2 27.7 15:40 18.1 23:19 00.0 03.9 06.8 05.8 22.2 21:53 WSW 15 19.6 25.2 16:06 16.3 04:56 00.0 01.3 08.3 06.9 18.5 02:35 W 16 20.6 26.4 18:04 17.0 05:10 00.0 02.3 04.6 04.7 16.6 18:41 WSW 17 22.4 29.1 15:24 16.6 05:43 00.0 04.1 00.0 05.4 24.1 18:59 WSW 18 22.8 30.3 15:43 18.0 06:27 00.0 04.5 00.0 04.7 24.1 17:22 W 19 23.6 29.2 17:50 19.2 01:53 00.0 05.3 00.0 03.8 25.9 19:04 W 20 25.5 32.2 16:34 19.6 04:55 00.0 07.2 00.0 05.2 18.5 15:12 WSW 21 26.3 32.6 15:12 20.5 04:55 00.0 08.0 00.0 05.3 29.6 04:59 WSW 22 23.6 32.2 15:10 19.0 06:07 00.0 05.3 12.9 05.6 38.9 15:41 WSW 23 21.3 26.0 16:51 17.3 06:32 00.0 03.0 00.0 05.0 16.6 14:48 WSW 24 19.5 22.8 15:00 15.6 06:54 00.0 01.2 00.0 03.3 20.4 10:40 SSW 25 19.8 23.7 16:22 17.5 07:06 00.0 01.5 00.0 02.7 16.6 16:21 WSW 26 17.5 19.2 01:12 16.5 13:33 00.8 00.0 37.3 07.2 20.4 16:56 W 27 18.1 21.1 15:07 16.8 06:34 00.2 00.0 33.2 04.0 22.2 15:08 W 28 18.9 23.9 13:24 15.2 06:38 00.0 00.6 44.7 02.1 14.8 00:16 SE 29 22.0 28.9 14:10 15.3 06:09 00.0 03.7 00.0 05.6 22.2 23:58 WSW 30 24.4 30.8 18:15 17.2 06:39 00.0 06.1 00.0 05.4 18.5 06:38 W ---------------------------------------------------------------------------------------------------------------------------------------------------------- 22.9 (23.5) 33.1 day 02 15.2 day 28 001.1 138.5 152.2 05.1 40.7 day 22 WSW Max >= 30: 17 Min <= 30: 30 Max Rain: 44.7 ON 28-06-18 Days of Rain: 9 (> .2mm) 8 (> 2mm) 3 (> 20mm)