MONTHLY CLIMATOLOGICAL SUMMARY for JUN. 2020 NAME: Stenimachos CITY: Naousa STATE: Imathia ELEV: 140 LAT: 040:36:00 LONG: -022:07:00 TEMPERATURE ( °C), RAIN (mm), WIND SPEED (kmh) HEAT COOL AVG MEAN DEG DEG WIND DOM DAY TEMP HIGH TIME LOW TIME DAYS DAYS RAIN SPEED HIGH TIME DIR -------------------------------------------------------------------------------------------------------- 01 17.5 23.0 17:51 12.1 03:38 00.8 00.0 01.8 06.0 18.5 12:05 W 02 19.0 24.9 15:36 12.8 04:42 00.0 00.7 00.5 06.1 24.1 12:44 W 03 18.6 25.4 17:41 11.3 06:06 00.0 00.3 00.2 07.3 20.4 16:37 SW 04 19.9 28.3 15:14 11.6 06:11 00.0 01.6 00.0 06.6 22.2 16:50 SW 05 20.3 26.3 16:50 13.5 05:52 00.0 02.0 00.0 05.4 22.2 05:47 WSW 06 18.3 20.5 18:25 15.2 00:00 00.0 00.0 08.8 03.5 18.5 23:54 W 07 21.0 29.2 17:49 13.9 04:13 00.0 02.7 00.0 05.4 18.5 04:47 WSW 08 22.0 29.3 17:54 15.0 06:21 00.0 03.7 00.0 04.1 14.8 21:53 WSW 09 22.3 28.7 17:03 16.8 05:34 00.0 04.0 01.0 03.8 16.6 23:46 WSW 10 23.0 31.3 15:02 16.4 06:26 00.0 04.7 00.0 04.8 20.4 20:30 W 11 20.1 27.0 13:14 14.2 06:37 00.0 01.8 02.3 04.4 24.1 23:07 WSW 12 21.5 28.2 17:44 13.8 06:05 00.0 03.2 00.0 05.6 22.2 12:32 WSW 13 23.9 31.2 16:50 17.8 01:53 00.0 05.6 00.0 05.8 24.1 15:18 WNW 14 26.9 34.3 16:46 18.9 05:59 00.0 08.6 00.0 06.9 33.3 21:33 WNW 15 25.4 32.3 15:47 17.6 05:19 00.0 07.1 00.0 05.8 20.4 04:59 WSW 16 24.1 30.0 16:22 17.9 06:27 00.0 05.8 00.0 03.2 16.6 10:46 SSW 17 21.0 28.9 14:08 16.1 04:25 00.0 02.7 08.9 05.7 27.8 16:13 WSW 18 24.2 32.1 17:26 15.4 06:03 00.0 05.9 00.0 08.8 27.8 22:45 W 19 25.8 33.1 16:27 17.5 06:18 00.0 07.5 00.0 07.7 27.8 15:02 WNW 20 25.1 33.0 15:14 18.1 06:27 00.0 06.8 00.0 05.5 18.5 04:34 WSW 21 21.6 27.9 14:09 17.1 06:20 00.0 03.3 06.1 06.2 18.5 23:40 W 22 23.0 29.1 16:36 16.8 04:26 00.0 04.7 00.0 06.6 22.2 16:22 SW 23 21.9 28.3 12:53 16.8 06:01 00.0 03.6 02.0 06.1 27.8 13:38 WSW 24 24.2 29.9 16:28 18.6 05:44 00.0 05.9 00.2 06.2 27.8 10:18 W 25 25.3 31.5 16:42 20.0 07:00 00.0 07.0 00.0 03.4 20.4 16:57 WSW 26 25.9 32.6 17:11 19.3 06:22 00.0 07.6 00.0 06.4 24.1 15:16 SW 27 26.0 32.3 16:18 20.2 06:07 00.0 07.7 00.0 04.7 20.4 17:45 SW 28 26.1 33.4 16:21 18.9 06:33 00.0 07.8 00.0 05.0 16.6 17:47 WSW 29 27.0 34.7 16:34 19.2 06:33 00.0 08.7 00.0 04.2 16.6 22:04 WSW 30 28.5 36.5 16:22 19.7 06:15 00.0 10.2 00.0 04.2 14.8 16:57 WSW -------------------------------------------------------------------------------------------------------- 23.0 (23.1) 36.5 day 30 11.3 day 03 000.9 141.0 031.8 05.5 33.3 day 14 WSW Max >= 30: 14 Min <= 30: 30 Max Rain: 8.9 ON 17-06-20 Days of Rain: 10 (> .2mm) 4 (> 2mm) 0 (> 20mm)