MONTHLY CLIMATOLOGICAL SUMMARY for JUN. 2021 NAME: Stenimachos CITY: Naousa STATE: Imathia ELEV: 140 LAT: 040:36:00 LONG: -022:07:00 TEMPERATURE ( °C), RAIN (mm), WIND SPEED (kmh) HEAT COOL AVG MEAN DEG DEG WIND DOM DAY TEMP HIGH TIME LOW TIME DAYS DAYS RAIN SPEED HIGH TIME DIR -------------------------------------------------------------------------------------------------------- 01 17.0 23.2 13:03 10.9 06:03 01.3 00.0 00.0 07.5 40.7 16:14 WNW 02 19.2 25.8 16:43 11.5 06:21 00.0 00.9 00.0 05.1 20.4 05:27 W 03 20.5 28.2 16:49 11.7 06:22 00.0 02.2 01.1 05.9 33.3 23:42 W 04 20.6 27.8 16:35 13.0 06:13 00.0 02.3 01.9 06.9 35.1 00:36 W 05 21.7 29.4 16:02 15.0 07:05 00.0 03.4 00.0 05.5 22.2 16:27 WSW 06 22.8 30.9 15:53 15.9 06:35 00.0 04.5 00.0 04.0 16.6 15:36 WSW 07 21.7 29.0 13:50 17.9 00:00 00.0 03.4 09.3 03.8 24.1 14:39 WSW 08 20.7 26.6 14:53 16.2 03:34 00.0 02.4 00.0 03.1 16.6 03:15 W 09 22.0 29.5 16:22 16.2 06:13 00.0 03.7 00.0 04.5 20.4 21:08 WSW 10 21.7 30.8 16:27 16.0 00:00 00.0 03.4 00.5 04.4 27.8 17:38 W 11 20.1 28.3 13:29 14.9 05:02 00.0 01.8 01.4 06.1 22.2 17:42 WSW 12 19.2 27.6 17:18 13.9 06:25 00.0 00.9 19.0 07.3 29.6 19:33 WSW 13 19.8 30.6 15:14 14.7 04:41 00.0 01.5 00.0 07.5 24.1 17:42 WNW 14 21.0 25.4 14:20 14.6 00:00 00.0 02.7 00.0 08.5 35.1 10:17 N 15 19.1 26.5 16:48 11.3 06:25 00.0 00.8 00.0 06.1 22.2 18:18 W 16 24.4 31.5 16:37 16.8 05:29 00.0 06.1 00.0 07.3 20.4 15:45 WNW 17 24.0 31.2 14:58 19.1 00:00 00.0 05.7 00.0 05.6 29.6 15:37 W 18 24.7 31.3 15:29 17.1 06:27 00.0 06.4 00.0 04.7 18.5 21:02 W 19 25.2 32.6 15:28 20.5 06:04 00.0 06.9 01.4 06.2 40.7 16:10 WNW 20 25.1 33.1 16:26 18.7 05:16 00.0 06.8 00.0 04.7 20.4 18:24 W 21 25.2 32.1 15:02 19.4 06:17 00.0 06.9 00.0 02.7 22.2 21:12 WNW 22 25.9 33.0 17:54 19.7 06:43 00.0 07.6 00.0 02.1 20.4 00:17 W 23 29.2 38.9 17:45 20.0 06:09 00.0 10.9 00.0 04.2 18.5 05:54 W 24 30.2 39.4 17:23 22.3 06:45 00.0 11.9 00.0 04.3 18.5 04:26 WSW 25 29.3 38.4 15:12 21.8 06:34 00.0 11.0 00.5 05.2 38.9 17:30 WSW 26 31.5 40.0 16:30 24.2 07:05 00.0 13.2 00.0 06.3 24.1 16:50 W 27 28.5 35.8 17:11 21.1 06:39 00.0 10.2 00.0 05.1 20.4 16:36 WSW 28 28.5 35.6 16:37 20.9 04:50 00.0 10.2 00.0 05.3 20.4 15:17 SW 29 27.9 34.7 17:09 21.9 06:44 00.0 09.6 00.0 04.5 20.4 15:15 SW 30 28.0 35.1 16:17 20.9 06:35 00.0 09.7 00.0 03.7 16.6 15:35 WSW -------------------------------------------------------------------------------------------------------- 23.8 (24.3) 40.0 day 26 10.9 day 01 001.3 167.0 035.2 05.3 40.7 day 19 W Max >= 30: 18 Min <= 30: 30 Max Rain: 19.0 ON 12-06-21 Days of Rain: 8 (> .2mm) 2 (> 2mm) 0 (> 20mm)