MONTHLY CLIMATOLOGICAL SUMMARY for JUN. 2022 NAME: Stenimachos CITY: Naousa STATE: Imathia ELEV: 140 LAT: 040:36:00 LONG: -022:07:00 TEMPERATURE ( °C), RAIN (mm), WIND SPEED (kmh) HEAT COOL AVG MEAN DEG DEG WIND DOM DAY TEMP HIGH TIME LOW TIME DAYS DAYS RAIN SPEED HIGH TIME DIR -------------------------------------------------------------------------------------------------------- 01 24.7 33.0 17:11 17.2 05:49 00.0 06.4 00.0 06.1 20.4 14:30 WSW 02 26.2 34.4 16:58 18.5 06:00 00.0 07.9 00.0 05.7 18.5 21:04 WSW 03 28.0 34.6 17:10 21.3 03:18 00.0 09.7 00.0 05.7 22.2 06:26 W 04 27.2 34.6 16:05 21.4 06:55 00.0 08.9 00.0 04.8 20.4 22:05 W 05 28.2 36.8 16:55 20.2 05:29 00.0 09.9 00.0 06.8 22.2 23:00 W 06 26.1 35.4 15:02 20.5 00:00 00.0 07.8 01.4 06.1 29.6 16:16 W 07 23.6 29.8 16:32 16.8 04:58 00.0 05.3 00.0 04.3 20.4 10:36 SSW 08 21.6 26.9 17:24 17.3 00:00 00.0 03.3 09.0 03.3 27.8 18:45 W 09 20.4 27.8 13:47 16.3 06:12 00.0 02.1 10.4 04.9 18.5 17:19 W 10 18.7 21.8 18:13 17.2 05:52 00.0 00.4 43.9 02.5 22.2 13:34 W 11 19.9 24.0 18:03 17.3 04:09 00.0 01.6 10.4 05.1 25.9 14:59 W 12 23.5 28.6 18:15 18.1 05:59 00.0 05.2 00.0 06.2 27.8 15:07 NW 13 24.8 32.0 16:45 18.9 03:40 00.0 06.5 00.0 05.5 18.5 23:39 W 14 24.2 30.7 15:24 18.3 05:49 00.0 05.9 02.2 05.1 25.9 19:54 W 15 23.8 30.5 18:19 17.2 06:39 00.0 05.5 00.0 06.1 20.4 01:12 WSW 16 24.3 29.8 15:58 19.0 06:53 00.0 06.0 00.0 04.2 20.4 17:09 WSW 17 23.7 30.1 18:26 17.4 06:40 00.0 05.4 00.3 04.2 35.1 21:30 W 18 20.5 24.3 18:36 18.4 06:48 00.0 02.2 05.5 06.3 22.2 14:05 W 19 22.0 28.2 18:42 15.7 06:33 00.0 03.7 00.0 06.3 20.4 23:25 WSW 20 23.6 30.9 17:52 15.6 06:37 00.0 05.3 00.0 06.5 20.4 15:41 WSW 21 26.4 35.5 18:30 17.6 06:42 00.0 08.1 00.0 06.0 20.4 21:51 W 22 28.6 36.4 15:59 21.4 06:16 00.0 10.3 00.0 05.6 22.2 00:08 W 23 28.5 37.9 15:09 21.9 06:24 00.0 10.2 00.0 06.4 33.3 19:03 W 24 25.4 30.7 15:36 21.0 07:18 00.0 07.1 00.3 06.1 25.9 12:24 SSW 25 26.2 34.6 16:47 19.4 06:37 00.0 07.9 00.0 03.6 22.2 15:02 WSW 26 26.9 33.2 18:38 20.2 06:50 00.0 08.6 00.0 04.0 24.1 00:07 WNW 27 27.7 34.3 17:48 20.1 06:56 00.0 09.4 00.0 03.9 20.4 12:18 W 28 31.7 34.9 16:58 19.4 06:02 00.0 13.4 00.0 05.3 22.2 23:59 W 29 27.1 33.8 18:30 19.7 06:52 00.0 08.8 00.0 03.9 20.4 15:38 W 30 27.4 34.8 16:13 20.5 06:54 00.0 09.1 00.0 05.0 18.5 20:42 WSW -------------------------------------------------------------------------------------------------------- 25.0 (25.2) 37.9 day 23 15.6 day 20 000.0 202.0 083.4 05.2 35.2 day 06 W Max >= 30: 21 Min <= 30: 30 Max Rain: 43.9 ON 10-06-22 Days of Rain: 9 (> .2mm) 6 (> 2mm) 1 (> 20mm)