MONTHLY CLIMATOLOGICAL SUMMARY for JUL. 2009

NAME: Stenimachos   CITY: Naoussa STATE: Imathia
ELEV: 140 LAT: 040:36:14 LONG: 0022:07:25

                            TEMPERATURE ( C), RAIN (mm), WIND SPEED (kmh)

                                                 HEAT     COOL           AVG
      MEAN                                       DEG      DEG            WIND                        DOM
DAY   TEMP    HIGH   TIME      LOW     TIME      DAYS     DAYS   RAIN    SPEED    HIGH    TIME       DIR
----------------------------------------------------------------------------------------------------------------------------------------------------------
03    18.5    18.8   00:00    14.3   23:02     00.0     00.2    49.7   15.8     24.1    23:13      W 
04    24.1    31.7   16:12    18.8   00:04     00.0     05.8    00.0   07.6     25.9    00:32      W 
05    26.0    31.7   18:20    20.3   06:36     00.0     07.7    00.0   07.2     18.5    23:20     WSW
06    22.8    29.0   12:09    19.9   23:35     00.0     04.5    05.3   07.5     24.1    15:55      W 
07    23.9    30.6   15:23    18.0   06:29     00.0     05.6    00.0   07.9     22.2    16:38     WSW
08    26.7    33.8   16:11    19.9   06:24     00.0     08.4    00.0   08.4     20.4    22:31     WSW
09    27.3    34.7   15:38    20.7   06:33     00.0     09.0    00.0   07.7     24.1    22:06     WSW
10    26.4    31.8   15:27    21.0   04:56     00.0     08.1    00.0   06.6     20.4    23:12      SW
11    24.2    28.8   13:51    19.8   00:00     00.0     05.9    00.0   07.5     27.8    17:01     WSW
12    22.2    26.6   17:04    16.0   06:20     00.0     03.9    00.0   11.1     37.0    12:36     NNW
13    23.7    29.8   18:26    17.4   06:23     00.0     05.4    00.0   09.9     27.8    10:22     WNW
14    25.9    32.1   18:24    18.8   06:27     00.0     07.6    00.0   09.0     22.2    23:02     WSW
15    27.0    33.5   17:27    19.4   05:37     00.0     08.7    00.0   07.4     20.4    20:44      SW
16    27.9    34.3   17:33    20.4   06:22     00.0     09.6    00.0   07.5     22.2    21:19     WSW
17    29.2    35.0   17:18    23.3   03:58     00.0     10.9    00.0   07.5     22.2    14:52     WSW
18    28.2    34.2   15:31    21.8   06:36     00.0     09.9    00.0   06.9     16.7    16:05     WSW
19    29.5    34.8   17:47    22.5   06:17     00.0     11.2    00.0   05.8     20.4    06:03     SSE
20    25.1    30.9   17:28    19.2   06:13     00.0     06.8    00.0   07.6     20.4    23:52      SW
21    24.9    31.2   19:03    18.9   06:22     00.0     06.6    00.0   08.2     20.4    22:03     WSW
22    25.4    32.1   18:13    18.5   06:01     00.0     07.1    00.0   08.3     20.4    23:29      W 
23    26.5    34.1   17:37    19.4   06:35     00.0     08.2    00.0   08.4     22.2    23:12     WSW
24    27.7    35.4   17:01    20.9   07:00     00.0     09.4    00.0   08.0     18.5    22:44     WSW
25    29.2    37.0   17:28    21.2   07:05     00.0     10.9    00.0   07.7     24.1    23:10      W 
26    27.0    32.3   18:28    21.5   06:46     00.0     08.7    00.0   09.4     24.1    11:37     WNW
27    24.1    30.2   17:55    19.0   06:52     00.0     05.8    00.0   08.6     20.4    14:33     WSW
28    24.4    30.2   17:35    18.4   05:36     00.0     06.1    00.0   08.2     20.4    18:36     WSW
29    25.2    32.0   17:58    18.1   06:08     00.0     06.9    00.0   07.5     18.5    16:58     WSW
31    27.4    34.7   18:14    20.5   07:00     00.0     09.1    00.0   07.2     22.2    21:50      W 
----------------------------------------------------------------------------------------------------------------------------------------------------------
25.7 (25.7)   37.0  day 25     14.3  day 03   000.0    208.2   060.4   08.2     37.0   day 12     WSW
Max >=  30: 23
Min <=   30: 28
Max Rain: 49.7 ON 3-07-09
Days of Rain: 2 (> .2mm) 2 (> 2mm) 1 (> 20mm)