MONTHLY CLIMATOLOGICAL SUMMARY for JUL. 2010

NAME: Stenimachos   CITY: Naoussa STATE: Imathia
ELEV: 140 LAT: 040:36:14 LONG: 0022:07:25

                            TEMPERATURE ( C), RAIN (mm), WIND SPEED (kmh)

                                                 HEAT     COOL           AVG
      MEAN                                       DEG      DEG            WIND                        DOM
DAY   TEMP    HIGH   TIME      LOW     TIME      DAYS     DAYS   RAIN    SPEED    HIGH    TIME       DIR
----------------------------------------------------------------------------------------------------------------------------------------------------------
01    24.3    30.3   18:01    18.7   06:26     00.0     06.0    00.0   07.4     24.1    21:31      SW
02    22.8    30.2   15:23    18.6   22:17     00.0     04.5    03.9   07.6     24.1    16:23     WSW
03    22.6    28.2   17:38    17.9   06:47     00.0     04.3    00.0   08.2     20.4    14:05      SW
04    25.8    32.4   17:07    19.3   06:34     00.0     07.5    00.0   07.9     18.5    14:59      SW
05    25.8    30.7   18:04    20.8   06:57     00.0     07.5    00.0   08.4     18.5    03:38     WSW
06    26.1    32.1   17:14    19.3   06:49     00.0     07.8    00.0   08.5     20.4    23:06      SW
07    26.3    32.5   16:41    21.2   23:20     00.0     08.0    00.0   07.9     25.9    11:58     WNW
08    20.7    23.8   16:33    15.4   06:41     00.0     02.4    03.3   10.6     37.0    10:26     NNW
09    23.1    29.0   18:39    16.1   02:29     00.0     04.8    00.0   09.2     22.2    13:48     WNW
10    25.1    30.9   16:37    19.1   05:44     00.0     06.8    00.0   08.0     18.5    01:27     WSW
11    25.6    31.6   17:34    19.1   04:50     00.0     07.3    00.0   07.9     20.4    21:21      SW
12    27.3    32.9   18:15    20.8   06:38     00.0     09.0    00.0   07.5     20.4    16:11     SSW
13    27.9    33.7   17:38    20.8   06:31     00.0     09.6    00.0   07.4     18.5    15:55      SW
14    29.6    36.2   18:32    22.9   03:53     00.0     11.3    00.0   07.9     22.2    22:38     WSW
15    30.1    36.1   18:16    23.5   05:55     00.0     11.8    00.0   08.9     22.2    21:53      W 
16    28.4    34.2   17:14    22.3   06:43     00.0     10.1    00.0   08.0     20.4    13:12     WSW
17    28.3    34.2   18:11    22.5   06:38     00.0     10.0    00.0   07.6     20.4    15:37      SW
18    27.9    33.4   16:47    21.7   06:29     00.0     09.6    00.0   07.2     20.4    15:26     WSW
19    27.5    33.5   17:44    22.9   07:44     00.0     09.2    00.0   06.1     20.4    21:27      W 
20    27.1    32.4   17:38    22.0   04:59     00.0     08.8    00.0   07.8     20.4    14:54     SSW
21    27.0    32.7   16:48    21.3   23:37     00.0     08.7    25.1   07.8     38.9    23:01     WSW
22    24.7    30.3   15:42    19.6   06:12     00.0     06.4    02.3   08.9     24.1    08:53     WSW
23    28.6    35.4   16:39    22.8   04:43     00.0     10.3    00.0   08.1     18.5    21:19      SW
24    28.4    33.8   15:04    22.8   05:22     00.0     10.1    00.0   07.8     53.6    21:46      W 
25    24.5    29.6   16:00    20.0   23:33     00.0     06.2    08.8   06.9     24.1    20:30     WSW
26    21.1    23.7   14:02    18.1   00:00     00.0     02.8    00.0   07.7     22.2    16:32     SSW
27    20.9    26.3   13:56    16.3   05:33     00.0     02.6    00.0   08.0     35.1    18:02      SW
28    23.0    29.8   18:35    16.1   06:55     00.0     04.7    00.0   08.0     20.4    22:38     WSW
29    23.7    30.3   15:49    17.8   05:59     00.0     05.4    00.0   08.1     20.4    00:00      SW
30    24.3    30.4   17:47    18.6   06:45     00.0     06.0    00.0   08.4     20.4    00:02     WSW
31    22.5    30.4   23:51    19.2   23:51     00.0     04.2    00.0   11.1     12.9    23:51      SW
----------------------------------------------------------------------------------------------------------------------------------------------------------
25.6 (25.6)   36.2  day 14     15.4  day 08   000.0    456.5   043.4   08.9     53.7   day 24     WSW
Max >=  30: 24
Min <=   30: 82
Max Rain: 25.1 ON 21-07-10
Days of Rain: 5 (> .2mm) 5 (> 2mm) 1 (> 20mm)