MONTHLY CLIMATOLOGICAL SUMMARY for JUL. 2011

NAME: Stenimachos   CITY: Naousa STATE: Imathia
ELEV: 140 m LAT: 040:22:00 LONG: -022:07:00

                            TEMPERATURE ( C), RAIN (mm), WIND SPEED (kmh)

                                               HEAT     COOL           AVG
      MEAN                                     DEG      DEG            WIND                       DOM
DAY   TEMP    HIGH   TIME     LOW    TIME      DAYS     DAYS    RAIN   SPEED    HIGH    TIME      DIR
----------------------------------------------------------------------------------------------------------------------------------------------------------
01    22.0    27.3   18:25    18.0   03:37     00.0     03.7    00.0   06.7     16.6    23:06      W 
02    22.3    28.1   15:14    17.0   05:31     00.0     04.0    00.0   08.3     22.2    15:57      SW
03    21.6    27.6   15:14    17.2   05:00     00.0     03.3    00.3   07.4     20.4    18:54     SSW
04    19.8    29.7   18:09    17.1   14:04     00.0     01.5    00.0   11.5     20.4    23:43     WSW
05    23.4    30.6   15:51    16.8   06:23     00.0     05.1    01.1   08.2     22.2    21:08     WSW
06    24.9    31.1   16:09    19.0   04:27     00.0     06.6    00.0   06.9     18.5    12:25     WSW
07    26.0    31.8   17:01    18.6   06:29     00.0     07.7    00.0   08.0     20.4    03:23      SW
08    26.2    33.8   16:24    18.1   06:14     00.0     07.9    00.0   08.6     20.4    21:41      SW
09    27.1    34.9   18:16    19.7   06:21     00.0     08.8    00.0   08.7     22.2    22:21     WSW
10    28.8    35.5   18:22    22.4   06:09     00.0     10.5    00.0   08.4     20.4    23:11      SW
11    29.0    35.1   16:00    22.5   06:24     00.0     10.7    00.0   08.0     18.5    06:17      SW
12    28.2    35.1   18:43    21.6   06:30     00.0     09.9    00.0   07.3     18.5    20:47     WSW
13    28.9    34.9   17:32    22.8   06:23     00.0     10.6    00.0   07.0     16.6    15:01     WSW
14    27.7    33.8   18:49    21.4   06:38     00.0     09.4    00.0   06.9     20.4    15:26     WSW
15    28.0    34.1   16:15    21.0   06:41     00.0     09.7    00.0   07.2     16.6    14:08      SW
16    27.8    33.3   15:49    21.6   06:26     00.0     09.5    00.0   07.0     18.5    15:53      W 
17    27.6    33.7   15:34    20.9   06:28     00.0     09.3    00.0   08.2     22.2    13:33      SW
18    28.3    34.7   16:58    21.2   05:17     00.0     10.0    00.0   08.3     22.2    01:43     SSW
19    28.3    35.0   15:01    21.3   06:24     00.0     10.0    00.0   07.2     16.6    16:01     WSW
20    27.8    32.7   14:52    22.4   06:46     00.0     09.5    00.0   08.2     33.3    23:12      W 
21    26.8    32.3   17:58    19.8   06:11     00.0     08.5    00.0   11.2     42.5    12:23      NW
22    26.4    32.1   17:26    19.2   06:50     00.0     08.1    00.0   08.5     20.4    16:09     SSW
23    26.4    32.3   15:51    20.2   06:57     00.0     08.1    00.0   07.9     20.4    05:01     WSW
24    25.8    32.2   16:43    19.7   06:46     00.0     07.5    00.0   08.4     22.2    15:14      SW
25    26.0    31.4   16:03    19.6   06:30     00.0     07.7    00.0   08.8     37.0    12:24     SSW
26    25.2    30.6   19:21    19.1   07:02     00.0     06.9    00.0   07.8     20.4    21:50      SW
27    26.7    32.3   17:37    19.5   07:09     00.0     08.4    00.0   07.6     18.5    23:29      SW
28    26.6    33.2   17:01    20.0   06:55     00.0     08.3    00.0   07.9     20.4    17:19      SW
29    26.4    31.9   17:37    20.7   06:22     00.0     08.1    00.0   06.6     18.5    13:31      SW
30    26.2    31.9   17:45    19.9   06:51     00.0     07.9    00.0   08.2     24.1    14:16      SW
31    24.8    31.3   16:27    19.5   23:03     00.0     06.5    16.6   08.1     33.3    22:14     SSW
----------------------------------------------------------------------------------------------------------------------------------------------------------
26.2 (25.6)   35.5  day 10     16.8  day 05   000.0    243.7   018.0   08.0     42.6   day 21     WSW
Max >=  30: 27
Min <=   30: 31
Max Rain: 16.6 ON 31-07-11
Days of Rain: 56 (> .2mm) 54 (> 2mm) 0 (> 20mm)