MONTHLY CLIMATOLOGICAL SUMMARY for JUL. 2012

NAME: Stenimachos   CITY: Naousa STATE: Imathia
ELEV: 140 LAT: 040:36:00 LONG: -022:07:00

                            TEMPERATURE ( C), RAIN (mm), WIND SPEED (kmh)

                                               HEAT     COOL           AVG
      MEAN                                     DEG      DEG            WIND                       DOM
DAY   TEMP    HIGH   TIME     LOW    TIME      DAYS     DAYS    RAIN   SPEED    HIGH    TIME      DIR
----------------------------------------------------------------------------------------------------------------------------------------------------------
01    25.9    32.4   15:09    20.5   07:00     00.0     07.6    00.0   07.8     20.4    17:36     WSW
02    25.7    31.6   17:42    19.4   05:50     00.0     07.4    00.0   08.3     18.5    18:34      W 
03    25.1    30.9   17:03    19.1   06:31     00.0     06.8    00.0   08.7     22.2    18:51     WSW
04    25.4    32.9   16:31    18.1   05:32     00.0     07.1    00.0   09.2     18.5    23:56      SW
05    27.5    35.3   16:55    19.4   06:50     00.0     09.2    00.0   08.8     18.5    00:52      SW
06    28.4    35.3   15:06    20.7   06:42     00.0     10.1    00.0   08.1     20.4    01:51      W 
07    27.7    34.7   16:19    21.1   06:46     00.0     09.4    00.0   08.6     16.7    23:41      W 
08    29.4    36.5   16:16    21.6   06:23     00.0     11.1    00.0   08.5     18.5    20:39     WSW
09    29.9    36.8   17:09    23.3   06:00     00.0     11.6    00.0   07.8     16.7    21:47      SW
10    28.9    34.8   15:26    22.8   06:48     00.0     10.6    00.0   07.3     16.7    16:35     WNW
11    30.6    36.6   17:25    21.6   05:05     00.0     12.3    00.0   07.7     22.2    21:57     SSE
12    30.3    37.6   17:42    21.8   06:54     00.0     12.0    00.0   09.4     51.8    23:14      SW
13    28.9    34.1   16:13    23.5   06:43     00.0     10.6    00.0   08.5     31.5    00:05      SW
14    28.6    35.3   16:18    21.3   05:57     00.0     10.3    00.0   08.5     20.4    17:02      W 
15    29.0    35.6   16:58    22.1   06:43     00.0     10.7    00.0   08.2     16.7    05:12      W 
16    29.8    37.2   16:47    22.6   06:55     00.0     11.5    00.0   08.1     18.5    21:38      SW
17    25.6    30.0   19:07    19.9   06:42     00.0     07.3    00.0   07.5     16.7    22:31     WSW
18    26.1    31.3   17:04    20.2   06:13     00.0     07.8    00.0   08.6     18.5    21:34      SW
19    25.9    31.9   17:08    19.5   06:30     00.0     07.6    00.0   08.9     18.5    21:26      SW
20    26.9    34.5   18:05    19.9   06:00     00.0     08.6    00.0   09.0     16.7    23:06      SW
21    27.7    36.4   18:04    20.4   06:16     00.0     09.4    00.0   09.2     18.5    21:11      SW
22    27.3    34.3   15:51    20.1   06:28     00.0     09.0    00.0   07.1     16.7    03:27     WNW
23    27.8    35.1   16:05    20.7   06:56     00.0     09.5    01.6   07.6     22.2    01:47      SW
24    28.8    31.9   17:12    23.5   06:11     00.0     10.5    00.0   08.3     24.1    17:53      SE
25    28.0    33.2   17:49    23.1   06:48     00.0     09.7    00.0   07.1     16.7    22:38     WSW
26    29.8    35.7   18:18    24.0   06:15     00.0     11.5    00.0   07.9     16.7    20:59     WSW
27    28.8    34.1   16:36    23.7   06:11     00.0     10.5    00.3   08.7     27.8    19:37      SW
28    27.1    35.3   18:20    23.0   07:07     00.0     08.8    00.0   08.9     18.5    22:48     WSW
30    30.9    36.9   17:43    24.4   06:24     00.0     12.6    00.0   07.8     20.4    14:29     WSW
31    29.7    35.8   18:24    24.1   07:02     00.0     11.4    00.0   08.6     18.5    04:31     WSW
----------------------------------------------------------------------------------------------------------------------------------------------------------
28.1 (28.0)   37.6  day 12     18.1  day 04   000.0    292.5   001.9   08.3     51.8   day 12     WSW
Max >=  30: 30
Min <=   30: 30
Max Rain: 1.6 ON 23-07-12
Days of Rain: 2 (> .2mm) 0 (> 2mm) 0 (> 20mm)