MONTHLY CLIMATOLOGICAL SUMMARY for JUL. 2013

NAME: Stenimachos   CITY: Naousa STATE: Imathia
ELEV: 140 LAT: 040:36:00 LONG: -022:07:00

                            TEMPERATURE ( C), RAIN (mm), WIND SPEED (kmh)

                                               HEAT     COOL           AVG
      MEAN                                     DEG      DEG            WIND                       DOM
DAY   TEMP    HIGH   TIME     LOW    TIME      DAYS     DAYS    RAIN   SPEED    HIGH    TIME      DIR
----------------------------------------------------------------------------------------------------------------------------------------------------------
01    23.7    28.4   18:23    18.7   06:33     00.0     05.4    00.0   08.9     25.9    10:29      NW
02    23.0    28.8   17:02    16.8   06:43     00.0     04.7    00.0   07.6     20.4    13:17      SW
03    24.3    30.9   16:48    17.3   06:21     00.0     06.0    00.0   05.9     18.5    21:25      W 
04    23.9    30.1   16:18    17.9   06:31     00.0     05.6    00.0   04.1     16.6    06:35      W 
05    25.1    31.9   18:49    19.7   06:37     00.0     06.8    00.0   03.7     24.1    18:55      W 
06    24.7    31.9   16:38    21.2   08:37     00.0     06.4    00.5   06.6     40.7    17:51      W 
07    25.8    31.8   17:24    21.2   06:57     00.0     07.5    00.0   04.9     18.5    22:00     WSW
08    26.0    32.2   17:48    20.4   07:20     00.0     07.7    00.0   05.7     24.1    07:51     WSW
09    26.1    32.7   16:59    21.0   23:48     00.0     07.8    00.5   05.3     20.4    22:15     WSW
10    23.2    29.2   15:29    19.1   06:37     00.0     04.9    01.4   05.0     20.4    17:40     WSW
11    24.7    30.8   16:13    18.9   05:29     00.0     06.4    00.0   04.4     38.9    20:23     WSW
12    24.7    30.6   14:03    20.3   04:34     00.0     06.4    03.3   05.3     25.9    17:14     WSW
13    24.6    30.7   19:06    19.0   06:42     00.0     06.3    00.0   05.4     18.5    00:00     WSW
14    26.0    31.4   17:03    19.2   06:14     00.0     07.7    00.0   06.7     20.4    22:28     WSW
15    26.1    31.0   17:46    20.1   07:00     00.0     07.8    00.0   08.3     22.2    21:12      W 
16    25.0    30.0   16:13    19.3   05:48     00.0     06.7    00.0   07.8     22.2    16:26      W 
17    23.2    29.0   18:16    18.4   07:11     00.0     04.9    00.0   06.0     24.1    00:21     WSW
18    25.0    31.4   18:35    20.1   04:12     00.0     06.7    00.0   06.7     20.4    22:11     WSW
19    25.1    31.2   18:35    19.7   06:32     00.0     06.8    00.0   07.0     18.5    00:40     WSW
20    25.4    32.7   17:22    18.9   06:42     00.0     07.1    02.4   07.1     18.5    21:56     WSW
21    26.4    32.3   18:57    21.0   05:04     00.0     08.1    00.0   06.9     29.6    22:25     WSW
22    23.0    27.6   18:20    19.3   07:45     00.0     04.7    01.9   04.6     18.5    01:08      W 
23    24.4    31.0   17:33    17.8   06:03     00.0     06.1    00.0   06.0     16.6    16:46     WSW
24    26.6    33.7   17:23    18.4   06:40     00.0     08.3    00.0   05.9     18.5    18:35     WSW
25    28.0    34.5   18:15    20.1   06:16     00.0     09.7    00.0   07.6     20.4    20:49      SW
26    29.3    35.2   17:30    23.1   02:34     00.0     11.0    00.0   07.0     25.9    23:34     WSW
27    29.1    33.8   16:30    23.1   23:26     00.0     10.8    00.0   07.1     22.2    13:23     WSW
28    26.9    32.9   17:26    21.6   07:08     00.0     08.6    00.0   05.5     18.5    17:35     WSW
29    27.0    34.6   16:42    20.3   06:21     00.0     08.7    00.0   05.4     16.6    15:22     WSW
30    28.0    36.2   17:20    21.3   06:38     00.0     09.7    00.5   06.1     20.4    21:45     WSW
31    27.8    32.8   17:08    22.9   06:59     00.0     09.5    00.0   06.7     24.1    12:30     WNW
----------------------------------------------------------------------------------------------------------------------------------------------------------
25.6 (25.8)   36.2  day 30     16.8  day 02   000.0    224.8   010.6   06.2     40.7   day 21     WSW
Max >=  30: 26
Min <=   30: 31
Max Rain: 3.3 ON 12-07-13
Days of Rain: 7 (> .2mm) 2 (> 2mm) 0 (> 20mm)