MONTHLY CLIMATOLOGICAL SUMMARY for JUL. 2014

NAME: Stenimachos   CITY: Naousa STATE: Imathia
ELEV: 140 LAT: 040:36:00 LONG: -022:07:00

                            TEMPERATURE ( C), RAIN (mm), WIND SPEED (kmh)

                                               HEAT     COOL           AVG
      MEAN                                     DEG      DEG            WIND                       DOM
DAY   TEMP    HIGH   TIME     LOW    TIME      DAYS     DAYS    RAIN   SPEED    HIGH    TIME      DIR
----------------------------------------------------------------------------------------------------------------------------------------------------------
01    24.1    30.3   15:23    17.6   05:47     00.0     05.8    00.0   08.6     22.2    02:02      SW
02    24.3    30.3   16:16    17.8   06:23     00.0     06.0    00.0   08.4     18.5    14:11      SW
03    25.4    32.3   16:50    18.5   06:10     00.0     07.1    00.0   08.0     33.3    21:13     WNW
04    24.7    30.4   16:54    20.0   01:38     00.0     06.4    00.0   10.7     33.3    05:49      NW
05    23.5    29.4   16:53    16.7   04:43     00.0     05.2    00.0   08.3     20.4    15:51     WSW
06    24.5    30.7   16:07    18.4   06:33     00.0     06.2    00.0   08.1     18.5    16:48      W 
07    26.0    32.8   17:36    19.0   06:45     00.0     07.7    00.0   07.3     16.6    16:51     WSW
08    26.1    31.7   16:29    19.7   06:37     00.0     07.8    00.0   07.1     18.5    16:46     WNW
09    26.9    34.4   18:24    19.2   06:28     00.0     08.6    00.0   08.4     25.9    20:07     WSW
10    26.0    31.9   16:00    18.3   05:34     00.0     07.7    00.0   09.6     27.8    23:31      SW
11    25.1    29.0   14:25    20.6   00:00     00.0     06.8    00.0   09.8     33.3    19:17     WSW
12    24.7    30.7   16:23    17.6   06:18     00.0     06.4    00.0   07.8     29.6    02:26      W 
13    25.1    30.5   16:02    19.3   06:40     00.0     06.8    00.0   08.8     22.2    17:36      SW
14    25.0    30.7   17:08    19.2   05:31     00.0     06.7    00.0   07.1     20.4    05:21     WSW
15    20.3    23.9   19:31    18.0   08:33     00.0     02.0    13.3   06.0     20.4    03:22      W 
16    23.2    29.4   16:31    17.7   06:18     00.0     04.9    00.0   08.7     33.3    19:44      SW
17    24.0    30.0   15:48    17.7   06:40     00.0     05.7    00.0   07.1     20.4    21:12     WSW
18    24.7    29.8   13:14    20.5   07:06     00.0     06.4    02.2   09.3     31.4    14:13     WSW
19    26.3    31.8   16:50    20.7   03:02     00.0     08.0    00.0   08.2     20.4    00:42     WSW
20    26.9    32.0   18:27    21.1   06:44     00.0     08.6    00.0   08.2     20.4    05:17     WSW
21    26.5    32.4   15:15    20.0   06:49     00.0     08.2    00.0   07.7     20.4    16:32     WSW
22    22.6    26.6   11:34    18.0   18:12     00.0     04.3    40.5   07.6     53.6    17:54      W 
23    21.2    26.3   14:39    17.8   03:11     00.0     02.9    02.7   08.2     22.2    16:05     WSW
24    24.2    30.7   17:47    18.1   06:10     00.0     05.9    00.0   08.0     20.4    23:55     WSW
25    25.1    30.6   15:00    20.4   07:02     00.0     06.8    00.0   08.0     18.5    23:06     WSW
26    25.8    31.8   16:32    20.3   06:55     00.0     07.5    00.0   07.6     18.5    04:56      W 
27    26.0    32.1   16:02    20.5   06:37     00.0     07.7    00.5   08.0     20.4    17:01     WSW
28    25.6    31.6   17:08    21.1   06:37     00.0     07.3    00.0   07.1     16.6    23:06      W 
29    26.7    32.9   17:41    20.4   05:48     00.0     08.4    00.0   08.2     18.5    23:02     WSW
30    24.8    31.1   16:47    20.8   00:00     00.0     06.5    22.0   07.2     44.4    17:59      W 
31    24.1    29.9   16:21    20.5   01:35     00.0     05.8    00.0   04.9     16.6    05:46      W 
----------------------------------------------------------------------------------------------------------------------------------------------------------
24.8 (24.9)   34.4  day 09     16.7  day 05   000.0    202.2   081.2   08.0     53.7   day 22     WSW
Max >=  30: 23
Min <=   30: 31
Max Rain: 40.5 ON 22-07-14
Days of Rain: 6 (> .2mm) 5 (> 2mm) 2 (> 20mm)