MONTHLY CLIMATOLOGICAL SUMMARY for JUL. 2015

NAME: Stenimachos   CITY: Naousa STATE: Imathia
ELEV: 140 LAT: 040:36:00 LONG: -022:07:00

                            TEMPERATURE ( C), RAIN (mm), WIND SPEED (kmh)

                                               HEAT     COOL           AVG
      MEAN                                     DEG      DEG            WIND                       DOM
DAY   TEMP    HIGH   TIME     LOW    TIME      DAYS     DAYS    RAIN   SPEED    HIGH    TIME      DIR
----------------------------------------------------------------------------------------------------------------------------------------------------------
01    19.5    23.5   18:19    17.2   05:06     00.0     01.2    00.3   06.0     18.5    22:45      W 
02    23.4    30.1   18:40    16.3   06:19     00.0     05.1    00.0   08.3     22.2    23:03     WSW
03    25.7    32.4   17:07    20.3   06:34     00.0     07.4    00.0   08.7     20.4    14:13      SW
04    24.7    30.7   16:36    18.7   06:37     00.0     06.4    00.0   07.5     20.4    22:28      SW
05    25.1    32.2   17:21    17.7   05:56     00.0     06.8    00.0   07.1     16.6    21:00     WSW
06    26.7    34.0   18:08    18.8   06:19     00.0     08.4    00.0   07.4     20.4    23:29      W 
07    28.1    34.5   15:33    21.1   06:14     00.0     09.8    00.0   08.0     20.4    22:48      SW
08    28.0    34.6   17:00    21.3   06:41     00.0     09.7    00.0   08.9     22.2    16:33      SW
09    27.2    33.7   16:39    21.1   06:33     00.0     08.9    00.0   07.5     20.4    02:15     WSW
10    26.4    31.5   16:32    22.5   06:21     00.0     08.1    00.0   06.8     16.6    20:06      W 
11    24.6    30.5   16:36    18.7   06:20     00.0     06.3    00.0   07.7     20.4    23:59     WSW
12    25.2    31.7   18:35    18.3   05:32     00.0     06.9    00.0   09.1     20.4    13:21      SW
13    24.7    31.1   16:40    18.7   06:44     00.0     06.4    00.0   07.3     29.6    15:29      SW
14    26.2    32.5   18:12    19.5   06:10     00.0     07.9    00.0   07.1     20.4    14:16     WSW
15    27.0    32.3   18:42    20.2   06:36     00.0     08.7    00.0   09.0     20.4    23:22      SW
16    28.7    34.7   16:39    21.6   06:21     00.0     10.4    00.0   07.4     20.4    15:25     WSW
17    27.4    33.3   18:29    21.9   05:45     00.0     09.1    00.0   07.1     20.4    13:55     WSW
18    27.1    34.0   18:19    20.5   06:03     00.0     08.8    00.0   07.5     20.4    15:15     WSW
19    28.2    34.5   17:41    22.5   05:09     00.0     09.9    00.0   09.0     22.2    14:18      SW
20    27.6    35.2   17:09    21.4   04:56     00.0     09.3    00.0   07.2     18.5    04:59     WSW
21    30.2    37.5   17:31    22.9   03:16     00.0     11.9    00.0   07.0     18.5    20:24     WSW
22    28.8    33.7   18:06    24.2   05:08     00.0     10.5    00.0   07.3     20.4    16:24      SW
23    27.2    33.3   18:34    22.0   00:00     00.0     08.9    00.0   08.8     22.2    15:26     WSW
24    26.4    33.2   16:16    20.7   06:53     00.0     08.1    00.0   07.8     20.4    02:08     WSW
25    25.2    31.1   13:42    20.7   06:24     00.0     06.9    01.9   07.9     25.9    15:40     WSW
26    27.3    34.9   16:46    20.7   06:37     00.0     09.0    01.7   08.2     27.8    20:22      SW
27    28.0    34.2   16:05    21.9   04:56     00.0     09.7    00.0   07.6     22.2    16:16      SW
28    28.9    35.2   16:55    21.7   06:39     00.0     10.6    00.0   08.7     20.4    17:23      SW
29    28.9    35.6   17:23    22.7   06:36     00.0     10.6    00.0   08.1     20.4    12:30     WSW
30    29.7    35.5   18:18    23.3   06:21     00.0     11.4    00.0   06.8     16.6    06:31      W 
31    28.9    35.6   16:29    22.2   08:18     00.0     10.6    02.4   07.2     22.2    19:37     WSW
----------------------------------------------------------------------------------------------------------------------------------------------------------
26.8 (26.9)   37.5  day 21     16.3  day 02   000.0    263.6   006.3   07.7     29.6   day 26     WSW
Max >=  30: 30
Min <=   30: 31
Max Rain: 2.4 ON 31-07-15
Days of Rain: 4 (> .2mm) 1 (> 2mm) 0 (> 20mm)