MONTHLY CLIMATOLOGICAL SUMMARY for JUL. 2016

NAME: Stenimachos   CITY: Naousa STATE: Imathia
ELEV: 140 LAT: 040:36:00 LONG: -022:07:00

                            TEMPERATURE ( C), RAIN (mm), WIND SPEED (kmh)

                                               HEAT     COOL           AVG
      MEAN                                     DEG      DEG            WIND                       DOM
DAY   TEMP    HIGH   TIME     LOW    TIME      DAYS     DAYS    RAIN   SPEED    HIGH    TIME      DIR
----------------------------------------------------------------------------------------------------------------------------------------------------------
01    25.2    31.9   13:33    20.1   06:09     00.0     06.9    00.0   04.8     22.2    15:01     WSW
02    26.0    34.6   16:41    20.1   00:00     00.0     07.7    04.1   07.1     29.6    17:28     WSW
03    25.8    34.1   16:49    17.7   06:28     00.0     07.5    00.0   07.1     18.5    20:50     WSW
04    27.8    34.8   16:47    21.6   03:27     00.0     09.5    00.0   07.3     18.5    23:01      W 
05    26.2    32.3   16:11    20.3   05:50     00.0     07.9    00.0   06.8     18.5    11:57      S 
06    25.5    30.2   17:54    20.9   00:00     00.0     07.2    04.1   04.8     25.9    23:25     WNW
07    25.1    31.7   16:58    17.7   06:13     00.0     06.8    00.0   08.4     22.2    21:33     WNW
08    24.3    30.6   17:20    17.6   06:24     00.0     06.0    00.0   08.2     20.4    03:05      W 
09    25.2    33.3   16:32    16.4   06:13     00.0     06.9    00.0   08.0     22.2    22:51      SW
10    27.8    34.6   17:54    20.5   05:27     00.0     09.5    00.0   06.2     16.6    22:36      W 
11    26.2    32.0   17:00    20.7   06:45     00.0     07.9    00.0   06.8     18.5    18:13     WSW
12    26.0    33.3   17:30    19.1   06:45     00.0     07.7    00.0   06.9     18.5    17:59     WSW
13    26.6    33.8   15:59    19.3   06:47     00.0     08.3    00.0   05.9     16.6    16:27     WSW
14    27.3    35.5   16:33    21.1   06:53     00.0     09.0    00.0   04.7     22.2    15:20     WSW
15    28.2    35.1   16:50    21.6   05:21     00.0     09.9    00.0   07.9     24.1    16:27     WSW
16    27.4    32.2   17:10    21.5   06:08     00.0     09.1    00.0   05.6     31.4    21:40      W 
17    25.0    32.2   17:00    18.1   06:42     00.0     06.7    00.0   06.6     22.2    15:22     WNW
18    24.2    28.8   16:46    18.0   06:09     00.0     05.9    00.0   11.7     40.7    14:05     NNW
19    25.7    31.8   17:05    19.4   05:43     00.0     07.4    00.0   08.4     29.6    15:47      NW
20    25.2    31.2   17:29    19.8   03:43     00.0     06.9    00.0   06.8     22.2    12:52      SW
21    25.9    32.9   17:34    18.2   06:28     00.0     07.6    00.0   07.0     20.4    22:27     WSW
22    26.7    34.1   17:52    18.4   06:46     00.0     08.4    00.0   07.0     20.4    14:58     SSW
23    27.3    36.4   17:31    19.5   06:58     00.0     09.0    00.0   07.0     16.6    18:02      SW
24    28.6    36.4   17:16    21.1   06:12     00.0     10.3    00.0   06.1     18.5    15:59     SSW
25    27.2    33.7   15:29    22.0   06:57     00.0     08.9    00.0   05.7     20.4    14:13     WSW
26    25.4    30.8   15:55    21.5   00:00     00.0     07.1    00.0   06.7     27.8    13:44     WSW
27    24.7    32.1   17:31    20.3   06:28     00.0     06.4    00.0   06.6     20.4    22:53     WSW
28    27.2    34.2   15:43    19.8   06:34     00.0     08.9    00.0   06.9     24.1    15:40      SW
29    27.5    33.9   17:31    21.4   07:18     00.0     09.2    00.0   06.3     20.4    13:03     SSW
30    27.8    35.1   16:54    21.3   05:22     00.0     09.5    00.0   07.2     20.4    21:29     WSW
31    28.7    35.0   15:54    22.6   07:16     00.0     10.4    00.0   07.0     18.5    17:30      SW
----------------------------------------------------------------------------------------------------------------------------------------------------------
26.4 (26.6)   36.4  day 24     16.4  day 09   000.0    250.4   008.2   06.9     40.7   day 18      W 
Max >=  30: 30
Min <=   30: 31
Max Rain: 4.1 ON 6-07-16
Days of Rain: 2 (> .2mm) 2 (> 2mm) 0 (> 20mm)