MONTHLY CLIMATOLOGICAL SUMMARY for JUL. 2017

NAME: Stenimachos   CITY: Naousa STATE: Imathia
ELEV: 140 LAT: 040:36:00 LONG: -022:07:00

                            TEMPERATURE ( C), RAIN (mm), WIND SPEED (kmh)

                                               HEAT     COOL           AVG
      MEAN                                     DEG      DEG            WIND                       DOM
DAY   TEMP    HIGH   TIME     LOW    TIME      DAYS     DAYS    RAIN   SPEED    HIGH    TIME      DIR
----------------------------------------------------------------------------------------------------------------------------------------------------------
01    29.9    38.2   16:55    22.2   06:29     00.0     11.6    00.0   06.8     20.4    22:56     WSW
02    30.4    39.0   16:19    22.8   06:23     00.0     12.1    00.0   06.9     20.4    23:53     WSW
03    26.8    30.8   14:03    21.3   06:51     00.0     08.5    00.0   12.6     48.1    17:41     NNW
04    25.5    31.2   17:48    19.4   06:22     00.0     07.2    00.0   08.3     27.8    08:46      NW
05    25.2    31.5   16:25    18.4   05:58     00.0     06.9    00.0   07.2     20.4    22:24     WSW
06    25.5    32.9   17:01    18.1   05:55     00.0     07.2    00.0   06.9     20.4    21:54     WSW
07    28.3    36.7   15:46    19.1   06:33     00.0     10.0    00.0   06.8     24.1    15:42     WNW
08    26.4    34.8   18:05    19.8   06:37     00.0     08.1    00.0   06.3     18.5    00:41      W 
09    27.7    36.5   17:00    19.5   06:44     00.0     09.4    00.0   06.1     20.4    19:45      SW
10    28.3    35.2   15:27    21.5   06:24     00.0     10.0    00.0   07.0     24.1    16:30     WSW
11    28.1    35.5   16:08    21.2   06:24     00.0     09.8    00.0   05.5     16.6    16:34     WSW
12    28.6    37.5   16:45    20.4   06:53     00.0     10.3    00.0   05.7     20.4    20:23      SW
13    29.4    37.8   16:38    21.1   06:36     00.0     11.1    00.0   07.0     20.4    21:12     WSW
14    27.4    32.8   18:11    21.2   23:39     00.0     09.1    02.9   06.9     27.8    22:27     SSW
15    24.0    29.9   16:40    20.0   23:20     00.0     05.7    31.2   04.0     24.1    21:47     WSW
16    19.4    21.4   01:44    16.5   00:00     00.0     01.1    32.8   02.8     20.4    07:42      W 
17    17.5    19.4   16:34    15.8   04:35     00.8     00.0    30.9   06.8     20.4    23:55      W 
18    23.1    28.7   18:23    17.8   07:15     00.0     04.8    00.0   05.0     18.5    14:23      SW
19    23.8    30.5   17:23    17.3   07:00     00.0     05.5    00.0   07.7     18.5    23:00      SW
20    24.4    31.6   16:35    17.5   06:41     00.0     06.1    00.0   07.0     18.5    03:13     WSW
21    25.7    32.8   17:35    18.9   06:20     00.0     07.4    00.0   06.4     20.4    21:07      SW
22    26.4    34.7   17:45    19.4   05:19     00.0     08.1    00.0   06.6     20.4    06:27     WSW
23    26.5    33.5   17:11    20.5   06:29     00.0     08.2    00.0   05.8     16.6    05:25     WSW
24    27.2    33.7   16:39    21.1   06:58     00.0     08.9    00.0   05.5     16.6    04:48      SW
25    27.8    35.7   15:37    21.5   07:21     00.0     09.5    00.0   06.9     22.2    16:46     WSW
26    26.9    32.9   16:32    20.4   07:02     00.0     08.6    00.0   07.1     25.9    20:22      SW
27    24.6    31.5   16:18    19.9   07:31     00.0     06.3    00.0   07.8     38.9    16:56      W 
28    25.0    31.7   17:49    18.9   05:36     00.0     06.7    00.0   06.8     20.4    21:03     WSW
29    27.1    34.6   16:00    19.7   07:04     00.0     08.8    00.0   08.8     20.4    22:30      SW
30    27.2    35.0   16:23    20.3   06:36     00.0     08.9    00.0   07.7     20.4    17:16     SSW
31    26.6    34.0   17:51    20.3   07:06     00.0     08.3    00.0   05.1     16.6    05:52     WSW
----------------------------------------------------------------------------------------------------------------------------------------------------------
26.2 (26.4)   39.0  day 02     15.8  day 17   000.8    244.3   097.8   06.7     48.1   day 03     WSW
Max >=  30: 27
Min <=   30: 31
Max Rain: 32.8 ON 16-07-17
Days of Rain: 4 (> .2mm) 4 (> 2mm) 3 (> 20mm)