MONTHLY CLIMATOLOGICAL SUMMARY for JUL. 2018 NAME: Stenimachos CITY: Naousa STATE: Imathia ELEV: 140 LAT: 040:36:00 LONG: -022:07:00 TEMPERATURE ( °C), RAIN (mm), WIND SPEED (kmh) HEAT COOL AVG MEAN DEG DEG WIND DOM DAY TEMP HIGH TIME LOW TIME DAYS DAYS RAIN SPEED HIGH TIME DIR ---------------------------------------------------------------------------------------------------------------------------------------------------------- 01 25.9 31.8 15:52 19.4 06:47 00.0 07.6 00.0 06.1 18.5 04:45 WSW 02 25.3 31.7 16:13 19.4 04:26 00.0 07.0 00.0 04.8 18.5 02:30 WSW 03 25.6 32.2 17:25 19.2 06:38 00.0 07.3 00.0 04.5 14.8 23:06 W 04 25.8 32.8 16:08 20.3 06:37 00.0 07.5 04.3 04.9 20.4 17:36 WSW 05 26.8 33.3 17:14 20.0 06:45 00.0 08.5 00.0 05.1 22.2 03:09 WSW 06 27.1 32.7 17:25 20.5 06:40 00.0 08.8 12.3 04.3 25.9 23:14 WSW 07 24.1 30.8 14:15 19.9 06:49 00.0 05.8 12.6 05.8 38.9 16:01 WSW 08 23.7 30.3 15:26 18.8 05:35 00.0 05.4 00.0 05.9 24.1 15:01 W 09 20.7 26.8 12:48 15.2 00:00 00.0 02.4 05.5 06.4 25.9 15:48 W 10 21.3 28.4 17:57 14.3 06:39 00.0 03.0 00.0 06.1 20.4 14:40 WSW 11 24.6 31.1 16:29 17.7 06:31 00.0 06.3 00.0 05.8 18.5 23:33 WSW 12 26.0 33.1 16:38 18.7 06:34 00.0 07.7 00.0 05.5 16.6 23:07 WSW 13 27.1 33.6 17:00 19.9 06:37 00.0 08.8 00.0 05.2 18.5 20:46 WSW 14 27.3 32.5 16:41 21.1 07:04 00.0 09.0 00.0 07.4 24.1 22:52 WNW 15 26.8 32.2 16:31 20.7 07:03 00.0 08.5 00.0 05.6 29.6 23:57 W 16 25.8 32.3 17:17 18.6 06:28 00.0 07.5 00.0 05.9 24.1 00:07 WSW 17 25.7 33.1 16:21 20.4 06:20 00.0 07.4 00.0 04.5 24.1 16:47 W 18 26.0 31.8 17:39 20.2 04:28 00.0 07.7 00.0 06.4 22.2 13:16 NW 19 25.2 30.5 16:11 18.9 06:02 00.0 06.9 00.0 06.0 20.4 22:17 WNW 20 26.4 32.1 15:03 21.2 01:09 00.0 08.1 00.0 06.0 20.4 11:49 WNW 21 27.3 34.1 16:55 20.5 06:39 00.0 09.0 00.0 06.5 20.4 01:54 WSW 22 27.4 34.8 15:59 20.6 06:59 00.0 09.1 00.0 05.5 20.4 23:10 WSW 23 25.6 34.0 14:36 19.4 00:00 00.0 07.3 04.0 04.7 27.8 21:14 WSW 24 24.0 29.9 18:23 18.5 03:53 00.0 05.7 00.0 06.6 24.1 15:33 WNW 25 25.5 31.8 15:40 19.8 06:42 00.0 07.2 00.0 05.9 20.4 11:08 W 26 23.8 29.5 12:50 19.4 07:14 00.0 05.5 00.9 05.3 22.2 13:30 WSW 27 24.4 31.2 14:37 19.5 05:51 00.0 06.1 00.0 04.4 16.6 22:45 WSW 28 26.1 32.7 16:18 20.2 05:59 00.0 07.8 00.0 05.9 20.4 15:45 WSW 29 25.9 32.8 16:26 21.3 04:56 00.0 07.6 00.5 05.1 20.4 17:46 WSW 30 26.3 34.1 15:29 21.1 07:11 00.0 08.0 13.7 06.9 33.3 18:56 WSW 31 25.0 31.9 15:37 20.6 06:54 00.0 06.7 00.0 05.7 40.7 17:38 WSW ---------------------------------------------------------------------------------------------------------------------------------------------------------- 25.4 (25.7) 34.8 day 22 14.3 day 10 000.0 221.2 053.9 05.6 40.7 day 30 W Max >= 30: 27 Min <= 30: 31 Max Rain: 13.7 ON 30-07-18 Days of Rain: 8 (> .2mm) 6 (> 2mm) 0 (> 20mm)