MONTHLY CLIMATOLOGICAL SUMMARY for JUL. 2020 NAME: Stenimachos CITY: Naousa STATE: Imathia ELEV: 140 LAT: 040:36:00 LONG: -022:07:00 TEMPERATURE ( °C), RAIN (mm), WIND SPEED (kmh) HEAT COOL AVG MEAN DEG DEG WIND DOM DAY TEMP HIGH TIME LOW TIME DAYS DAYS RAIN SPEED HIGH TIME DIR -------------------------------------------------------------------------------------------------------- 01 29.1 36.5 16:57 22.4 06:17 00.0 10.8 00.0 04.9 16.6 13:27 SW 02 28.3 35.2 15:00 22.2 05:46 00.0 10.0 00.0 03.6 18.5 16:02 WSW 03 27.6 34.8 16:34 21.5 06:33 00.0 09.3 00.0 04.0 20.4 17:48 WSW 04 27.4 34.3 16:04 20.5 06:26 00.0 09.1 00.0 04.7 20.4 21:33 WSW 05 25.0 32.0 13:55 18.9 06:06 00.0 06.7 00.5 03.2 24.1 21:38 W 06 24.5 32.4 17:48 19.1 07:02 00.0 06.2 30.7 03.6 31.4 02:07 W 07 26.0 32.6 15:18 20.4 00:00 00.0 07.7 01.0 04.2 27.8 04:14 W 08 22.8 28.8 17:22 17.0 06:40 00.0 04.5 00.0 03.7 20.4 16:28 SW 09 23.6 30.6 16:26 17.0 06:43 00.0 05.3 00.0 05.7 20.4 17:24 WSW 10 24.6 31.4 17:39 18.6 03:13 00.0 06.3 00.0 05.3 20.4 15:26 WSW 11 25.4 32.7 16:41 18.8 06:36 00.0 07.1 00.0 04.9 16.6 17:34 WSW 12 26.1 34.9 17:09 18.8 06:36 00.0 07.8 00.0 05.1 18.5 21:43 W 13 24.0 30.1 16:35 18.3 06:37 00.0 05.7 00.0 04.2 16.6 22:25 SW 14 20.8 25.3 14:48 18.0 03:28 00.0 02.5 00.0 03.9 16.6 09:24 WSW 15 22.9 29.3 15:18 17.5 06:07 00.0 04.6 00.0 02.5 16.6 16:44 WSW 16 24.1 31.3 16:09 17.9 06:03 00.0 05.8 00.0 03.5 14.8 17:12 W 17 22.9 28.9 15:12 17.9 06:27 00.0 04.6 02.8 05.0 22.2 16:58 WSW 18 21.8 27.7 13:08 19.2 00:00 00.0 03.5 11.3 04.4 22.2 15:53 W 19 22.9 29.4 15:46 17.5 05:14 00.0 04.6 00.5 04.8 18.5 01:58 WSW 20 24.8 31.5 17:49 18.0 06:03 00.0 06.5 00.0 05.9 18.5 15:14 WSW 21 25.8 32.0 17:09 19.5 05:04 00.0 07.5 00.0 06.8 20.4 22:38 WSW 22 26.3 33.0 16:45 19.3 04:28 00.0 08.0 00.0 05.1 18.5 21:47 WSW 23 27.4 34.5 16:44 21.7 03:28 00.0 09.1 00.0 05.6 20.4 14:14 WSW 24 26.6 33.3 16:40 20.5 06:33 00.0 08.3 00.0 05.5 22.2 15:03 WSW 25 25.7 32.8 15:58 19.4 06:36 00.0 07.4 01.5 04.6 20.4 16:19 WSW 26 25.1 32.2 17:14 18.0 06:46 00.0 06.8 00.0 05.0 18.5 00:13 WSW 27 27.3 33.8 17:30 20.5 06:27 00.0 09.0 00.0 04.7 16.6 23:03 WSW 28 27.9 34.5 17:21 20.3 06:20 00.0 09.6 00.0 05.9 25.9 10:52 WSW 29 28.0 35.9 16:32 20.2 06:02 00.0 09.7 00.0 05.8 20.4 11:52 WSW 30 29.2 36.9 15:40 21.6 06:38 00.0 10.9 00.0 05.9 18.5 21:43 WSW 31 30.3 38.5 16:56 22.3 06:50 00.0 12.0 00.0 05.9 20.4 14:13 WSW -------------------------------------------------------------------------------------------------------- 25.6 (26.0) 38.5 day 31 17.0 day 09 000.0 226.8 048.3 04.8 31.5 day 06 WSW Max >= 30: 25 Min <= 30: 31 Max Rain: 30.7 ON 6-07-20 Days of Rain: 7 (> .2mm) 3 (> 2mm) 1 (> 20mm)