MONTHLY CLIMATOLOGICAL SUMMARY for JUL. 2021 NAME: Stenimachos CITY: Naousa STATE: Imathia ELEV: 140 LAT: 040:36:00 LONG: -022:07:00 TEMPERATURE ( °C), RAIN (mm), WIND SPEED (kmh) HEAT COOL AVG MEAN DEG DEG WIND DOM DAY TEMP HIGH TIME LOW TIME DAYS DAYS RAIN SPEED HIGH TIME DIR -------------------------------------------------------------------------------------------------------- 01 29.3 37.1 18:29 21.2 06:22 00.0 11.0 00.0 04.8 25.9 22:14 W 02 28.6 35.1 14:37 22.3 23:23 00.0 10.3 03.0 05.6 40.7 02:47 WNW 03 25.7 31.6 15:57 19.7 06:52 00.0 07.4 00.0 05.7 20.4 11:10 NW 04 25.9 33.0 17:29 19.2 06:27 00.0 07.6 00.0 08.0 18.5 22:14 WSW 05 26.4 33.1 16:52 20.3 06:04 00.0 08.1 00.0 05.6 16.6 22:58 WSW 06 29.1 35.3 16:29 22.0 06:39 00.0 10.8 00.0 05.6 20.4 23:10 W 07 29.2 36.2 16:37 21.0 06:04 00.0 10.9 00.0 05.8 20.4 21:29 SW 08 28.8 36.8 17:35 21.4 05:59 00.0 10.5 00.0 04.5 18.5 05:54 W 09 28.4 34.6 16:20 22.2 06:40 00.0 10.1 00.0 04.8 20.4 16:29 SSW 10 26.3 33.8 16:23 20.6 06:41 00.0 08.0 00.3 04.9 20.4 16:22 WSW 11 26.2 33.1 16:02 20.0 07:01 00.0 07.9 01.9 07.1 33.3 21:48 WSW 12 26.7 34.2 18:21 19.2 06:34 00.0 08.4 00.0 05.7 22.2 00:05 WSW 13 28.2 36.4 17:19 20.8 06:22 00.0 09.9 00.0 05.8 18.5 15:23 SW 14 28.6 35.9 15:26 21.2 06:37 00.0 10.3 00.0 04.6 20.4 17:23 WSW 15 28.8 35.6 16:30 22.7 06:50 00.0 10.5 00.0 04.3 22.2 15:59 WSW 16 28.7 35.9 16:53 21.8 06:13 00.0 10.4 00.0 06.0 27.8 17:29 S 17 28.4 35.1 17:08 21.4 06:17 00.0 10.1 00.0 05.7 18.5 18:52 SW 18 24.6 31.3 12:43 21.7 04:40 00.0 06.3 04.2 04.7 22.2 15:37 WSW 19 24.6 29.8 15:57 21.2 06:35 00.0 06.3 00.3 04.9 27.8 13:33 W 20 26.8 33.8 17:59 20.1 06:28 00.0 08.5 00.0 05.4 18.5 05:09 WSW 21 27.2 33.1 16:37 21.1 06:22 00.0 08.9 00.0 07.5 29.6 12:22 NNW 22 25.6 32.1 16:36 18.4 06:59 00.0 07.3 00.0 04.3 20.4 04:02 WSW 23 25.7 31.6 16:10 19.6 06:50 00.0 07.4 00.0 04.6 20.4 14:35 SW 24 25.1 31.7 16:41 20.2 06:02 00.0 06.8 00.0 05.3 27.8 17:54 WSW 25 25.7 33.3 16:34 18.4 06:48 00.0 07.4 00.0 05.6 18.5 16:45 WSW 26 26.5 33.3 17:09 20.4 06:56 00.0 08.2 00.0 03.5 24.1 15:06 W 27 27.9 35.8 16:46 20.6 07:00 00.0 09.6 00.0 03.5 16.6 16:27 WSW 28 29.4 37.7 15:51 21.7 06:46 00.0 11.1 00.0 04.5 29.6 18:58 W 29 30.6 40.0 15:59 22.6 07:02 00.0 12.3 00.0 04.9 18.5 04:23 WSW 30 30.0 39.6 16:09 21.6 06:54 00.0 11.7 00.0 04.4 18.5 14:49 WSW 31 30.6 39.4 18:05 22.1 07:00 00.0 12.3 00.0 05.1 22.2 21:38 WSW -------------------------------------------------------------------------------------------------------- 27.5 (27.8) 40.0 day 29 18.4 day 25 000.0 286.3 009.6 05.2 40.7 day 11 WSW Max >= 30: 30 Min <= 30: 31 Max Rain: 4.2 ON 18-07-21 Days of Rain: 5 (> .2mm) 2 (> 2mm) 0 (> 20mm)